193.47.61.15 - - [22/Feb/2023:16:01:56 -0800] "GET /wp-content/plugins/core-fork/front/front.jpeg HTTP/1.1" 404 88 "-" "Mozlila/5.0 (Linux; Android 7.0; SM-G892A Bulid/NRD90M; wv) AppleWebKit/537.36 (KHTML, like Gecko) Version/4.0 Chrome/60.0.3112.107 Moblie Safari/537.36" "cwlangley.com"
51.222.253.1 - - [22/Feb/2023:16:05:36 -0800] "GET /blog/index.php/author/administrator/ HTTP/1.1" 200 53817 "-" "Mozilla/5.0 (compatible; AhrefsBot/7.0; +http://ahrefs.com/robot/)" "cwlangley.com"
51.222.253.11 - - [22/Feb/2023:16:25:20 -0800] "GET /blog/index.php/the-intern-with-robert-deniro-my-review/ HTTP/1.1" 200 28412 "-" "Mozilla/5.0 (compatible; AhrefsBot/7.0; +http://ahrefs.com/robot/)" "cwlangley.com"
194.38.20.161 - - [22/Feb/2023:16:34:34 -0800] "GET /administrator/components/com_bt_portfolio/helpers/uploadify/uploadify.css HTTP/1.1" 404 73 "-" "ALittle Client" "cwlangley.com"
51.222.253.4 - - [22/Feb/2023:16:45:04 -0800] "GET /blog/index.php/category/movie-review/ HTTP/1.1" 200 52837 "-" "Mozilla/5.0 (compatible; AhrefsBot/7.0; +http://ahrefs.com/robot/)" "cwlangley.com"
185.220.101.168 - - [22/Feb/2023:16:54:42 -0800] "GET / HTTP/1.1" 200 10776 "https://cwlangley.com/" "Mozilla/5.0 (Windows NT 6.3) AppleWebKit/537.36 (KHTML, like Gecko) Chrome/90.0.4430.72 Safari/537.36" "cwlangley.com"
185.220.101.168 - - [22/Feb/2023:16:54:43 -0800] "GET /blog/ HTTP/1.1" 200 52594 "https://cwlangley.com/blog/" "Mozilla/5.0 (Windows NT 6.3) AppleWebKit/537.36 (KHTML, like Gecko) Chrome/90.0.4430.72 Safari/537.36" "cwlangley.com"
185.220.101.132 - - [22/Feb/2023:16:54:47 -0800] "GET /blog/index.php/been-a-busy-winter/ HTTP/1.1" 200 27022 "https://cwlangley.com/blog/been-a-busy-winter/" "Mozilla/5.0 (Windows NT 6.3) AppleWebKit/537.36 (KHTML, like Gecko) Chrome/90.0.4430.72 Safari/537.36" "cwlangley.com"
23.152.225.4 - - [22/Feb/2023:16:54:54 -0800] "GET /blog/index.php/been-a-busy-winter/ HTTP/1.1" 200 27022 "https://cwlangley.com/blog/been-a-busy-winter/" "Mozilla/5.0 (Windows NT 6.3) AppleWebKit/537.36 (KHTML, like Gecko) Chrome/90.0.4430.72 Safari/537.36" "cwlangley.com"
23.152.225.4 - - [22/Feb/2023:16:54:55 -0800] "GET /blog/index.php/the-intern-with-robert-deniro-my-review/ HTTP/1.1" 200 28452 "https://cwlangley.com/blog/the-intern-with-robert-deniro-my-review/" "Mozilla/5.0 (Windows NT 6.3) AppleWebKit/537.36 (KHTML, like Gecko) Chrome/90.0.4430.72 Safari/537.36" "cwlangley.com"
23.152.225.4 - - [22/Feb/2023:16:54:56 -0800] "GET /blog/index.php/author/administrator/ HTTP/1.1" 200 53817 "https://cwlangley.com/blog/author/administrator/" "Mozilla/5.0 (Windows NT 6.3) AppleWebKit/537.36 (KHTML, like Gecko) Chrome/90.0.4430.72 Safari/537.36" "cwlangley.com"
10.213.116.55 - - [22/Feb/2023:17:10:51 -0800] "POST /kissinbugspassion/wp-cron.php?doing_wp_cron=1677114651.5035459995269775390625 HTTP/1.1" 200 - "-" "WordPress/3.4.2; https://cwlangley.com/kissinbugspassion" "cwlangley.com"
51.222.253.18 - - [22/Feb/2023:17:10:50 -0800] "GET /kissinbugspassion/index.php/got-passion/ HTTP/1.1" 200 16039 "-" "Mozilla/5.0 (compatible; AhrefsBot/7.0; +http://ahrefs.com/robot/)" "cwlangley.com"
51.222.253.16 - - [22/Feb/2023:17:15:58 -0800] "GET /SOH/ HTTP/1.1" 200 1848 "-" "Mozilla/5.0 (compatible; AhrefsBot/7.0; +http://ahrefs.com/robot/)" "cwlangley.com"
51.222.253.11 - - [22/Feb/2023:17:15:59 -0800] "GET /SOH/SOH.jpg HTTP/1.1" 200 44681 "-" "Mozilla/5.0 (compatible; AhrefsBot/7.0; +http://ahrefs.com/robot/)" "cwlangley.com"
51.222.253.7 - - [22/Feb/2023:17:16:00 -0800] "GET /SOH/SOH72.jpg HTTP/1.1" 200 126472 "-" "Mozilla/5.0 (compatible; AhrefsBot/7.0; +http://ahrefs.com/robot/)" "cwlangley.com"
10.213.116.55 - - [22/Feb/2023:17:22:55 -0800] "POST /blog/wp-cron.php?doing_wp_cron=1677115375.1067700386047363281250 HTTP/1.1" 200 - "https://cwlangley.com/blog/wp-cron.php?doing_wp_cron=1677115375.1067700386047363281250" "WordPress/4.7.25; https://cwlangley.com/blog" "cwlangley.com"
114.119.157.143 - - [22/Feb/2023:17:22:53 -0800] "GET /blog/index.php/the-host-my-review/ HTTP/1.1" 200 28605 "https://cwlangley.com/blog/family-weekend-my-review-interviews/" "Mozilla/5.0 (Linux; Android 7.0;) AppleWebKit/537.36 (KHTML, like Gecko) Mobile Safari/537.36 (compatible; PetalBot;+https://webmaster.petalsearch.com/site/petalbot)" "cwlangley.com"
51.222.253.18 - - [22/Feb/2023:17:36:14 -0800] "GET /artwork/ HTTP/1.1" 200 696 "-" "Mozilla/5.0 (compatible; AhrefsBot/7.0; +http://ahrefs.com/robot/)" "www.cwlangley.com"
51.222.253.8 - - [22/Feb/2023:17:36:16 -0800] "GET /artwork/scripts/AC_RunActiveContent.js HTTP/1.1" 200 1061 "-" "Mozilla/5.0 (compatible; AhrefsBot/7.0; +http://ahrefs.com/robot/)" "www.cwlangley.com"
51.222.253.13 - - [22/Feb/2023:17:55:01 -0800] "GET /artwork1.html HTTP/1.1" 200 1269 "-" "Mozilla/5.0 (compatible; AhrefsBot/7.0; +http://ahrefs.com/robot/)" "www.cwlangley.com"
51.222.253.8 - - [22/Feb/2023:17:55:04 -0800] "GET /sitebuilder/images/CIMG0291-204x272.jpg HTTP/1.1" 200 12193 "-" "Mozilla/5.0 (compatible; AhrefsBot/7.0; +http://ahrefs.com/robot/)" "www.cwlangley.com"
51.222.253.3 - - [22/Feb/2023:17:55:05 -0800] "GET /sitebuilder/images/CIMG0296-272x204.jpg HTTP/1.1" 200 11643 "-" "Mozilla/5.0 (compatible; AhrefsBot/7.0; +http://ahrefs.com/robot/)" "www.cwlangley.com"
51.222.253.2 - - [22/Feb/2023:17:55:05 -0800] "GET /sitebuilder/images/art5-199x265.jpg HTTP/1.1" 200 13285 "-" "Mozilla/5.0 (compatible; AhrefsBot/7.0; +http://ahrefs.com/robot/)" "www.cwlangley.com"
192.42.116.213 - - [22/Feb/2023:18:03:36 -0800] "GET / HTTP/1.1" 200 10776 "https://cwlangley.com/" "Mozilla/5.0 (Windows NT 10.0; WOW64) AppleWebKit/537.36 (KHTML, like Gecko) Chrome/90.0.4400.8 Safari/537.36" "cwlangley.com"
192.42.116.213 - - [22/Feb/2023:18:03:40 -0800] "GET /blog/ HTTP/1.1" 200 52594 "https://cwlangley.com/blog/" "Mozilla/5.0 (Windows NT 10.0; WOW64) AppleWebKit/537.36 (KHTML, like Gecko) Chrome/90.0.4400.8 Safari/537.36" "cwlangley.com"
192.42.116.213 - - [22/Feb/2023:18:03:45 -0800] "GET /blog/index.php/been-a-busy-winter/ HTTP/1.1" 200 27022 "https://cwlangley.com/blog/been-a-busy-winter/" "Mozilla/5.0 (Windows NT 10.0; WOW64) AppleWebKit/537.36 (KHTML, like Gecko) Chrome/90.0.4400.8 Safari/537.36" "cwlangley.com"
10.213.116.55 - - [22/Feb/2023:18:03:53 -0800] "POST /blog/wp-cron.php?doing_wp_cron=1677117833.2506639957427978515625 HTTP/1.1" 200 - "https://cwlangley.com/blog/wp-cron.php?doing_wp_cron=1677117833.2506639957427978515625" "WordPress/4.7.25; https://cwlangley.com/blog" "cwlangley.com"
185.195.71.3 - - [22/Feb/2023:18:03:48 -0800] "POST /blog/wp-comments-post.php HTTP/1.1" 500 - "https://cwlangley.com/blog/been-a-busy-winter/" "Mozilla/5.0 (Windows NT 10.0; WOW64) AppleWebKit/537.36 (KHTML, like Gecko) Chrome/90.0.4400.8 Safari/537.36" "cwlangley.com"
192.42.116.181 - - [22/Feb/2023:18:03:58 -0800] "GET /blog/index.php/been-a-busy-winter/ HTTP/1.1" 200 27022 "https://cwlangley.com/blog/been-a-busy-winter/" "Mozilla/5.0 (Windows NT 10.0; WOW64) AppleWebKit/537.36 (KHTML, like Gecko) Chrome/90.0.4400.8 Safari/537.36" "cwlangley.com"
192.42.116.181 - - [22/Feb/2023:18:04:00 -0800] "GET /blog/index.php/the-intern-with-robert-deniro-my-review/ HTTP/1.1" 200 28452 "https://cwlangley.com/blog/the-intern-with-robert-deniro-my-review/" "Mozilla/5.0 (Windows NT 10.0; WOW64) AppleWebKit/537.36 (KHTML, like Gecko) Chrome/90.0.4400.8 Safari/537.36" "cwlangley.com"
192.42.116.181 - - [22/Feb/2023:18:04:01 -0800] "GET /blog/index.php/author/administrator/ HTTP/1.1" 200 53817 "https://cwlangley.com/blog/author/administrator/" "Mozilla/5.0 (Windows NT 10.0; WOW64) AppleWebKit/537.36 (KHTML, like Gecko) Chrome/90.0.4400.8 Safari/537.36" "cwlangley.com"
114.119.137.193 - - [22/Feb/2023:18:27:15 -0800] "GET /sitebuilder/images/?C=N%3BO%3DD HTTP/1.1" 200 1713 "https://www.cwlangley.com/sitebuilder/images/" "Mozilla/5.0 (Linux; Android 7.0;) AppleWebKit/537.36 (KHTML, like Gecko) Mobile Safari/537.36 (compatible; PetalBot;+https://webmaster.petalsearch.com/site/petalbot)" "www.cwlangley.com"
95.108.213.228 - - [22/Feb/2023:18:38:27 -0800] "GET /robots.txt HTTP/1.1" 200 40 "-" "Mozilla/5.0 (compatible; YandexBot/3.0; +http://yandex.com/bots)" "cwlangley.com"
95.108.213.155 - - [22/Feb/2023:18:39:30 -0800] "GET /robots.txt HTTP/1.1" 200 40 "-" "Mozilla/5.0 (compatible; YandexBot/3.0; +http://yandex.com/bots)" "cwlangley.com"
95.108.213.159 - - [22/Feb/2023:18:39:42 -0800] "GET /robots.txt HTTP/1.1" 200 40 "-" "Mozilla/5.0 (compatible; YandexBot/3.0; +http://yandex.com/bots)" "www.cwlangley.com"
213.180.203.221 - - [22/Feb/2023:18:40:42 -0800] "GET /robots.txt HTTP/1.1" 200 40 "-" "Mozilla/5.0 (compatible; YandexBot/3.0; +http://yandex.com/bots)" "www.cwlangley.com"
51.222.253.6 - - [22/Feb/2023:18:48:30 -0800] "GET /clipart/?C=N;O=A HTTP/1.1" 200 354 "-" "Mozilla/5.0 (compatible; AhrefsBot/7.0; +http://ahrefs.com/robot/)" "cwlangley.com"
47.251.11.160 - - [22/Feb/2023:19:02:38 -0800] "GET /sitebuilder/images/mycake-143x300.jpg HTTP/1.1" 200 10984 "-" "Mozilla/5.0 (X11; Ubuntu; Linux x86_64; rv:72.0) Gecko/20100101 Firefox/72.0" "cwlangley.com"
114.119.135.209 - - [22/Feb/2023:19:06:11 -0800] "GET /robots.txt HTTP/1.1" 200 56 "-" "Mozilla/5.0 (compatible;PetalBot;+https://webmaster.petalsearch.com/site/petalbot)" "www.cwlangley.com"
146.19.215.16 - - [22/Feb/2023:19:10:17 -0800] "GET / HTTP/1.1" 200 10776 "https://cwlangley.com/" "Mozilla/5.0 (Windows NT 6.1; Win64; x64) AppleWebKit/537.36 (KHTML, like Gecko) Chrome/90.0.4430.93 Safari/537.36" "cwlangley.com"
146.19.215.16 - - [22/Feb/2023:19:10:21 -0800] "GET /blog/ HTTP/1.1" 200 52594 "https://cwlangley.com/blog/" "Mozilla/5.0 (Windows NT 6.1; Win64; x64) AppleWebKit/537.36 (KHTML, like Gecko) Chrome/90.0.4430.93 Safari/537.36" "cwlangley.com"
146.19.215.16 - - [22/Feb/2023:19:10:25 -0800] "GET /blog/index.php/been-a-busy-winter/ HTTP/1.1" 200 27022 "https://cwlangley.com/blog/been-a-busy-winter/" "Mozilla/5.0 (Windows NT 6.1; Win64; x64) AppleWebKit/537.36 (KHTML, like Gecko) Chrome/90.0.4430.93 Safari/537.36" "cwlangley.com"
146.19.215.16 - - [22/Feb/2023:19:10:29 -0800] "POST /blog/wp-comments-post.php HTTP/1.1" 500 - "https://cwlangley.com/blog/been-a-busy-winter/" "Mozilla/5.0 (Windows NT 6.1; Win64; x64) AppleWebKit/537.36 (KHTML, like Gecko) Chrome/90.0.4430.93 Safari/537.36" "cwlangley.com"
10.213.116.53 - - [22/Feb/2023:19:10:31 -0800] "POST /blog/wp-cron.php?doing_wp_cron=1677121831.3698010444641113281250 HTTP/1.1" 200 - "https://cwlangley.com/blog/wp-cron.php?doing_wp_cron=1677121831.3698010444641113281250" "WordPress/4.7.25; https://cwlangley.com/blog" "cwlangley.com"
146.19.215.16 - - [22/Feb/2023:19:10:36 -0800] "GET /blog/index.php/been-a-busy-winter/ HTTP/1.1" 200 27022 "https://cwlangley.com/blog/been-a-busy-winter/" "Mozilla/5.0 (Windows NT 6.1; Win64; x64) AppleWebKit/537.36 (KHTML, like Gecko) Chrome/90.0.4430.93 Safari/537.36" "cwlangley.com"
146.19.215.16 - - [22/Feb/2023:19:10:39 -0800] "GET /blog/index.php/the-intern-with-robert-deniro-my-review/ HTTP/1.1" 200 28452 "https://cwlangley.com/blog/the-intern-with-robert-deniro-my-review/" "Mozilla/5.0 (Windows NT 6.1; Win64; x64) AppleWebKit/537.36 (KHTML, like Gecko) Chrome/90.0.4430.93 Safari/537.36" "cwlangley.com"
146.19.215.16 - - [22/Feb/2023:19:10:43 -0800] "GET /blog/index.php/author/administrator/ HTTP/1.1" 200 53817 "https://cwlangley.com/blog/author/administrator/" "Mozilla/5.0 (Windows NT 6.1; Win64; x64) AppleWebKit/537.36 (KHTML, like Gecko) Chrome/90.0.4430.93 Safari/537.36" "cwlangley.com"
114.119.157.96 - - [22/Feb/2023:19:14:52 -0800] "GET /images/ HTTP/1.1" 200 1694 "https://cwlangley.com/" "Mozilla/5.0 (Linux; Android 7.0;) AppleWebKit/537.36 (KHTML, like Gecko) Mobile Safari/537.36 (compatible; PetalBot;+https://webmaster.petalsearch.com/site/petalbot)" "cwlangley.com"
10.213.116.54 - - [22/Feb/2023:19:25:10 -0800] "POST /blog/wp-cron.php?doing_wp_cron=1677122710.1547091007232666015625 HTTP/1.1" 200 - "https://cwlangley.com/blog/wp-cron.php?doing_wp_cron=1677122710.1547091007232666015625" "WordPress/4.7.25; https://cwlangley.com/blog" "cwlangley.com"
51.222.253.15 - - [22/Feb/2023:19:25:08 -0800] "GET /blog/index.php/2013/02/ HTTP/1.1" 200 24250 "-" "Mozilla/5.0 (compatible; AhrefsBot/7.0; +http://ahrefs.com/robot/)" "cwlangley.com"
34.139.11.22 - - [22/Feb/2023:19:49:08 -0800] "GET /robots.txt HTTP/1.1" 200 56 "-" "ZoominfoBot (zoominfobot at zoominfo dot com)" "www.cwlangley.com"
34.139.11.22 - - [22/Feb/2023:19:49:08 -0800] "GET /robots.txt HTTP/1.1" 200 56 "-" "ZoominfoBot (zoominfobot at zoominfo dot com)" "www.cwlangley.com"
34.139.11.22 - - [22/Feb/2023:19:49:08 -0800] "GET / HTTP/1.1" 200 1730 "-" "ZoominfoBot (zoominfobot at zoominfo dot com)" "www.cwlangley.com"
34.139.11.22 - - [22/Feb/2023:20:03:03 -0800] "GET /robots.txt HTTP/1.1" 200 56 "-" "ZoominfoBot (zoominfobot at zoominfo dot com)" "cwlangley.com"
34.139.11.22 - - [22/Feb/2023:20:03:04 -0800] "GET /robots.txt HTTP/1.1" 200 56 "-" "ZoominfoBot (zoominfobot at zoominfo dot com)" "cwlangley.com"
34.139.11.22 - - [22/Feb/2023:20:03:04 -0800] "GET / HTTP/1.1" 200 1730 "-" "ZoominfoBot (zoominfobot at zoominfo dot com)" "cwlangley.com"
90.189.162.4 - - [22/Feb/2023:20:10:30 -0800] "GET / HTTP/1.1" 200 10776 "-" "Mozilla/5.0 (Linux; U; Android 2.2.2; ru-ru; Desire_A8181 Build/FRG83G) AppleWebKit/533.1 (KHTML, like Gecko) Version/4.0 Mobile Safari/533.1" "cwlangley.com"
90.189.162.4 - - [22/Feb/2023:20:10:42 -0800] "GET /admin/ HTTP/1.1" 404 73 "-" "Mozilla/5.0 (Windows; U; Windows NT 6.1; ru; rv:1.9.2) Gecko/20100115 MRA 5.7 (build 3757) Firefox/3.6" "cwlangley.com"
90.189.162.4 - - [22/Feb/2023:20:10:45 -0800] "GET /manager/ HTTP/1.1" 404 73 "-" "Mozilla/5.0 (Windows; U; Windows NT 5.1; ru; rv:1.9.2.26) Gecko/20120128 MRA 5.6 (build 03399) Firefox/3.6.26 ( .NET CLR 3.5.30729)" "cwlangley.com"
90.189.162.4 - - [22/Feb/2023:20:10:48 -0800] "GET /admin/content/sitetree/ HTTP/1.1" 404 73 "-" "Mozilla/5.0 (compatible; MSIE 9.0; Windows NT 6.1; WOW64; Trident/5.0; MATM)" "cwlangley.com"
90.189.162.4 - - [22/Feb/2023:20:10:51 -0800] "GET /simpla/ HTTP/1.1" 404 73 "-" "Opera/9.80 (Windows NT 5.1; U; Edition Yx; ru) Presto/2.10.229 Version/11.61" "cwlangley.com"
90.189.162.4 - - [22/Feb/2023:20:10:52 -0800] "GET /js/mage/cookies.js HTTP/1.1" 404 73 "-" "Opera/9.80 (Windows NT 6.1; U; YB/3.5.1; ru) Presto/2.6.30 Version/10.63" "cwlangley.com"
49.12.65.169 - - [22/Feb/2023:20:14:21 -0800] "GET /blog/index.php/been-a-busy-winter/ HTTP/1.1" 200 27022 "https://cwlangley.com/blog/been-a-busy-winter/" "Mozilla/5.0 (Windows NT 6.2; Win64; x64) AppleWebKit/537.36 (KHTML, like Gecko) Chrome/90.0.4430.72 Safari/537.36" "cwlangley.com"
49.12.65.169 - - [22/Feb/2023:20:14:25 -0800] "POST /blog/wp-comments-post.php HTTP/1.1" 500 - "https://cwlangley.com/blog/been-a-busy-winter/" "Mozilla/5.0 (Windows NT 6.2; Win64; x64) AppleWebKit/537.36 (KHTML, like Gecko) Chrome/90.0.4430.72 Safari/537.36" "cwlangley.com"
10.213.116.55 - - [22/Feb/2023:20:14:26 -0800] "POST /blog/wp-cron.php?doing_wp_cron=1677125666.8207130432128906250000 HTTP/1.1" 200 - "https://cwlangley.com/blog/wp-cron.php?doing_wp_cron=1677125666.8207130432128906250000" "WordPress/4.7.25; https://cwlangley.com/blog" "cwlangley.com"
51.222.253.4 - - [22/Feb/2023:20:33:58 -0800] "GET /beadman.html HTTP/1.1" 200 2723 "-" "Mozilla/5.0 (compatible; AhrefsBot/7.0; +http://ahrefs.com/robot/)" "www.cwlangley.com"
37.145.130.234 - - [22/Feb/2023:20:47:21 -0800] "GET /blog/index.php/the-intern-with-robert-deniro-my-review/ HTTP/1.1" 200 28452 "https://cwlangley.com/blog/the-intern-with-robert-deniro-my-review/" "Mozilla/5.0 (Windows NT 6.1) AppleWebKit/537.36 (KHTML, like Gecko) Chrome/90.0.4430.85 Safari/537.36" "cwlangley.com"
10.213.116.54 - - [22/Feb/2023:20:47:29 -0800] "POST /blog/wp-cron.php?doing_wp_cron=1677127649.2927899360656738281250 HTTP/1.1" 200 - "https://cwlangley.com/blog/wp-cron.php?doing_wp_cron=1677127649.2927899360656738281250" "WordPress/4.7.25; https://cwlangley.com/blog" "cwlangley.com"
37.145.130.234 - - [22/Feb/2023:20:47:25 -0800] "POST /blog/wp-comments-post.php HTTP/1.1" 500 - "https://cwlangley.com/blog/the-intern-with-robert-deniro-my-review/" "Mozilla/5.0 (Windows NT 6.1) AppleWebKit/537.36 (KHTML, like Gecko) Chrome/90.0.4430.85 Safari/537.36" "cwlangley.com"
159.253.120.64 - - [22/Feb/2023:21:00:37 -0800] "GET /blog/index.php/the-intern-with-robert-deniro-my-review/ HTTP/1.1" 200 28452 "https://cwlangley.com/blog/the-intern-with-robert-deniro-my-review/" "Mozilla/5.0 (Windows NT 6.1; Win64; x64) AppleWebKit/537.36 (KHTML, like Gecko) Chrome/90.0.4430.93 Safari/537.36" "cwlangley.com"
159.253.120.64 - - [22/Feb/2023:21:00:39 -0800] "POST /blog/wp-comments-post.php HTTP/1.1" 500 - "https://cwlangley.com/blog/the-intern-with-robert-deniro-my-review/" "Mozilla/5.0 (Windows NT 6.1; Win64; x64) AppleWebKit/537.36 (KHTML, like Gecko) Chrome/90.0.4430.93 Safari/537.36" "cwlangley.com"
10.213.116.55 - - [22/Feb/2023:21:00:42 -0800] "POST /blog/wp-cron.php?doing_wp_cron=1677128442.0704050064086914062500 HTTP/1.1" 200 - "https://cwlangley.com/blog/wp-cron.php?doing_wp_cron=1677128442.0704050064086914062500" "WordPress/4.7.25; https://cwlangley.com/blog" "cwlangley.com"
193.188.20.238 - - [22/Feb/2023:21:04:20 -0800] "GET / HTTP/1.1" 200 10776 "https://cwlangley.com/" "Mozilla/5.0 (Windows NT 10.0; WOW64) AppleWebKit/537.36 (KHTML, like Gecko) Chrome/90.0.4430.85 Safari/537.36" "cwlangley.com"
193.188.20.238 - - [22/Feb/2023:21:04:21 -0800] "GET /blog/ HTTP/1.1" 200 52594 "https://cwlangley.com/blog/" "Mozilla/5.0 (Windows NT 10.0; WOW64) AppleWebKit/537.36 (KHTML, like Gecko) Chrome/90.0.4430.85 Safari/537.36" "cwlangley.com"
10.213.116.54 - - [22/Feb/2023:21:04:25 -0800] "POST /blog/wp-cron.php?doing_wp_cron=1677128665.5516328811645507812500 HTTP/1.1" 200 - "https://cwlangley.com/blog/wp-cron.php?doing_wp_cron=1677128665.5516328811645507812500" "WordPress/4.7.25; https://cwlangley.com/blog" "cwlangley.com"
193.188.20.238 - - [22/Feb/2023:21:04:23 -0800] "GET /blog/index.php/page/2/ HTTP/1.1" 200 48741 "https://cwlangley.com/blog/page/2/" "Mozilla/5.0 (Windows NT 10.0; WOW64) AppleWebKit/537.36 (KHTML, like Gecko) Chrome/90.0.4430.85 Safari/537.36" "cwlangley.com"
10.213.116.55 - - [22/Feb/2023:21:04:30 -0800] "POST /blog/wp-cron.php?doing_wp_cron=1677128670.2734999656677246093750 HTTP/1.1" 200 - "https://cwlangley.com/blog/wp-cron.php?doing_wp_cron=1677128670.2734999656677246093750" "WordPress/4.7.25; https://cwlangley.com/blog" "cwlangley.com"
193.188.20.238 - - [22/Feb/2023:21:04:28 -0800] "GET /blog/index.php/page/3/ HTTP/1.1" 200 48416 "https://cwlangley.com/blog/page/3/" "Mozilla/5.0 (Windows NT 10.0; WOW64) AppleWebKit/537.36 (KHTML, like Gecko) Chrome/90.0.4430.85 Safari/537.36" "cwlangley.com"
193.188.20.238 - - [22/Feb/2023:21:04:33 -0800] "GET /blog/index.php/the-fantastic-four-my-review/ HTTP/1.1" 200 26388 "https://cwlangley.com/blog/the-fantastic-four-my-review/" "Mozilla/5.0 (Windows NT 10.0; WOW64) AppleWebKit/537.36 (KHTML, like Gecko) Chrome/90.0.4430.85 Safari/537.36" "cwlangley.com"
10.213.116.54 - - [22/Feb/2023:21:04:35 -0800] "POST /blog/wp-cron.php?doing_wp_cron=1677128675.2044749259948730468750 HTTP/1.1" 200 - "https://cwlangley.com/blog/wp-cron.php?doing_wp_cron=1677128675.2044749259948730468750" "WordPress/4.7.25; https://cwlangley.com/blog" "cwlangley.com"
193.188.20.238 - - [22/Feb/2023:21:04:34 -0800] "POST /blog/wp-comments-post.php HTTP/1.1" 500 - "https://cwlangley.com/blog/the-fantastic-four-my-review/" "Mozilla/5.0 (Windows NT 10.0; WOW64) AppleWebKit/537.36 (KHTML, like Gecko) Chrome/90.0.4430.85 Safari/537.36" "cwlangley.com"
193.188.20.238 - - [22/Feb/2023:21:04:37 -0800] "GET /blog/index.php/the-fantastic-four-my-review/ HTTP/1.1" 200 26388 "https://cwlangley.com/blog/the-fantastic-four-my-review/" "Mozilla/5.0 (Windows NT 10.0; WOW64) AppleWebKit/537.36 (KHTML, like Gecko) Chrome/90.0.4430.85 Safari/537.36" "cwlangley.com"
193.188.20.238 - - [22/Feb/2023:21:04:38 -0800] "GET /blog/index.php/the-fantastic-four-my-review/ HTTP/1.1" 200 26388 "https://cwlangley.com/blog/the-fantastic-four-my-review/" "Mozilla/5.0 (Windows NT 10.0; WOW64) AppleWebKit/537.36 (KHTML, like Gecko) Chrome/90.0.4430.85 Safari/537.36" "cwlangley.com"
10.213.116.53 - - [22/Feb/2023:21:04:40 -0800] "POST /blog/wp-cron.php?doing_wp_cron=1677128680.7073159217834472656250 HTTP/1.1" 200 - "https://cwlangley.com/blog/wp-cron.php?doing_wp_cron=1677128680.7073159217834472656250" "WordPress/4.7.25; https://cwlangley.com/blog" "cwlangley.com"
193.188.20.238 - - [22/Feb/2023:21:04:39 -0800] "GET /blog/index.php/magic-mike-xxl-my-review/ HTTP/1.1" 200 28436 "https://cwlangley.com/blog/magic-mike-xxl-my-review/" "Mozilla/5.0 (Windows NT 10.0; WOW64) AppleWebKit/537.36 (KHTML, like Gecko) Chrome/90.0.4430.85 Safari/537.36" "cwlangley.com"
193.188.20.238 - - [22/Feb/2023:21:04:43 -0800] "GET /blog/index.php/author/administrator/ HTTP/1.1" 200 53817 "https://cwlangley.com/blog/author/administrator/" "Mozilla/5.0 (Windows NT 10.0; WOW64) AppleWebKit/537.36 (KHTML, like Gecko) Chrome/90.0.4430.85 Safari/537.36" "cwlangley.com"
77.75.79.119 - - [22/Feb/2023:21:24:35 -0800] "GET /acting/ HTTP/1.1" 304 - "-" "Mozilla/5.0 (compatible; SeznamBot/4.0-RC1; +http://napoveda.seznam.cz/seznambot-intro/)" "cwlangley.com"
91.107.138.166 - - [22/Feb/2023:21:25:40 -0800] "GET / HTTP/1.1" 200 10776 "https://cwlangley.com/" "Mozilla/5.0 (Windows NT 10.0) AppleWebKit/537.36 (KHTML, like Gecko) Chrome/90.0.4430.93 Safari/537.36" "cwlangley.com"
91.107.138.166 - - [22/Feb/2023:21:25:42 -0800] "GET /blog/ HTTP/1.1" 200 52594 "https://cwlangley.com/blog/" "Mozilla/5.0 (Windows NT 10.0) AppleWebKit/537.36 (KHTML, like Gecko) Chrome/90.0.4430.93 Safari/537.36" "cwlangley.com"
91.107.138.166 - - [22/Feb/2023:21:25:46 -0800] "GET /blog/index.php/been-a-busy-winter/ HTTP/1.1" 200 27022 "https://cwlangley.com/blog/been-a-busy-winter/" "Mozilla/5.0 (Windows NT 10.0) AppleWebKit/537.36 (KHTML, like Gecko) Chrome/90.0.4430.93 Safari/537.36" "cwlangley.com"
10.213.116.55 - - [22/Feb/2023:21:25:50 -0800] "POST /blog/wp-cron.php?doing_wp_cron=1677129950.2963581085205078125000 HTTP/1.1" 200 - "https://cwlangley.com/blog/wp-cron.php?doing_wp_cron=1677129950.2963581085205078125000" "WordPress/4.7.25; https://cwlangley.com/blog" "cwlangley.com"
91.107.138.166 - - [22/Feb/2023:21:25:48 -0800] "POST /blog/wp-comments-post.php HTTP/1.1" 500 - "https://cwlangley.com/blog/been-a-busy-winter/" "Mozilla/5.0 (Windows NT 10.0) AppleWebKit/537.36 (KHTML, like Gecko) Chrome/90.0.4430.93 Safari/537.36" "cwlangley.com"
185.119.81.99 - - [22/Feb/2023:21:28:09 -0800] "GET /blog/wp-login.php HTTP/1.1" 200 2731 "-" "Mozilla/5.0 (Windows NT 6.1; Win64; x64) AppleWebKit/537.36 (KHTML, like Gecko) Chrome/95.0.4638.69 Safari/537.36" "cwlangley.com"
10.213.116.53 - - [22/Feb/2023:21:28:10 -0800] "POST /blog/wp-cron.php?doing_wp_cron=1677130090.1281321048736572265625 HTTP/1.1" 200 - "https://cwlangley.com/blog/wp-cron.php?doing_wp_cron=1677130090.1281321048736572265625" "WordPress/4.7.25; http://cwlangley.com/blog" "cwlangley.com"
10.213.116.54 - - [22/Feb/2023:21:28:18 -0800] "POST /blog/wp-cron.php?doing_wp_cron=1677130098.0127410888671875000000 HTTP/1.1" 200 - "https://cwlangley.com/blog/wp-cron.php?doing_wp_cron=1677130098.0127410888671875000000" "WordPress/4.7.25; http://cwlangley.com/blog" "cwlangley.com"
185.119.81.99 - - [22/Feb/2023:21:28:17 -0800] "POST /blog/wp-login.php HTTP/1.1" 200 3698 "https://cwlangley.com/blog/wp-login.php" "Mozilla/5.0 (Windows NT 6.1; Win64; x64) AppleWebKit/537.36 (KHTML, like Gecko) Chrome/95.0.4638.69 Safari/537.36" "cwlangley.com"
118.184.177.76 - - [22/Feb/2023:21:36:30 -0800] "GET / HTTP/1.1" 200 1730 "-" "Sogou web spider/4.0(+http://www.sogou.com/docs/help/webmasters.htm#07)" "www.cwlangley.com"
77.75.77.119 - - [22/Feb/2023:21:39:24 -0800] "GET /blog/index.php/my-review-life-of-pi/ HTTP/1.1" 200 28235 "-" "Mozilla/5.0 (compatible; SeznamBot/4.0-RC1; +http://napoveda.seznam.cz/seznambot-intro/)" "cwlangley.com"
10.213.116.55 - - [22/Feb/2023:21:39:26 -0800] "POST /blog/wp-cron.php?doing_wp_cron=1677130766.4003119468688964843750 HTTP/1.1" 200 - "https://cwlangley.com/blog/wp-cron.php?doing_wp_cron=1677130766.4003119468688964843750" "WordPress/4.7.25; https://cwlangley.com/blog" "cwlangley.com"
114.119.149.157 - - [22/Feb/2023:21:44:22 -0800] "GET /blog/index.php/spring-breakers-my-review HTTP/1.1" 200 28312 "https://cwlangley.com/blog/oblivion-with-tom-cruise-my-review/" "Mozilla/5.0 (Linux; Android 7.0;) AppleWebKit/537.36 (KHTML, like Gecko) Mobile Safari/537.36 (compatible; PetalBot;+https://webmaster.petalsearch.com/site/petalbot)" "cwlangley.com"
10.213.116.54 - - [22/Feb/2023:21:44:23 -0800] "POST /blog/wp-cron.php?doing_wp_cron=1677131063.9011969566345214843750 HTTP/1.1" 200 - "https://cwlangley.com/blog/wp-cron.php?doing_wp_cron=1677131063.9011969566345214843750" "WordPress/4.7.25; https://cwlangley.com/blog" "cwlangley.com"
123.125.109.118 - - [22/Feb/2023:22:11:47 -0800] "GET / HTTP/1.1" 200 1730 "-" "Sogou web spider/4.0(+http://www.sogou.com/docs/help/webmasters.htm#07)" "www.cwlangley.com"
51.222.253.13 - - [22/Feb/2023:22:38:06 -0800] "GET /blog/index.php/2012/12/ HTTP/1.1" 200 25636 "-" "Mozilla/5.0 (compatible; AhrefsBot/7.0; +http://ahrefs.com/robot/)" "cwlangley.com"
10.213.116.53 - - [22/Feb/2023:22:38:09 -0800] "POST /blog/wp-cron.php?doing_wp_cron=1677134289.1665010452270507812500 HTTP/1.1" 200 - "https://cwlangley.com/blog/wp-cron.php?doing_wp_cron=1677134289.1665010452270507812500" "WordPress/4.7.25; https://cwlangley.com/blog" "cwlangley.com"
51.222.253.6 - - [22/Feb/2023:22:38:13 -0800] "GET /blog/wp-content/plugins/counterize/counterize.js.php?ver=4.7.25 HTTP/1.1" 200 11287 "-" "Mozilla/5.0 (compatible; AhrefsBot/7.0; +http://ahrefs.com/robot/)" "cwlangley.com"
51.222.253.2 - - [22/Feb/2023:22:38:13 -0800] "GET /blog/wp-content/plugins/traffic-counter-widget/wp-wtc-ajax.js?ver=4.7.25 HTTP/1.1" 200 432 "-" "Mozilla/5.0 (compatible; AhrefsBot/7.0; +http://ahrefs.com/robot/)" "cwlangley.com"
51.222.253.18 - - [22/Feb/2023:22:38:14 -0800] "GET /blog/wp-content/themes/twentyten/style.css HTTP/1.1" 200 5937 "-" "Mozilla/5.0 (compatible; AhrefsBot/7.0; +http://ahrefs.com/robot/)" "cwlangley.com"
51.222.253.9 - - [22/Feb/2023:22:38:14 -0800] "GET /blog/wp-content/plugins/counterize/counterize.css.php?ver=4.7.25 HTTP/1.1" 200 7018 "-" "Mozilla/5.0 (compatible; AhrefsBot/7.0; +http://ahrefs.com/robot/)" "cwlangley.com"
51.222.253.20 - - [22/Feb/2023:22:38:15 -0800] "GET /blog/wp-content/plugins/traffic-counter-widget/wtc-styles.css?ver=4.7.25 HTTP/1.1" 200 165 "-" "Mozilla/5.0 (compatible; AhrefsBot/7.0; +http://ahrefs.com/robot/)" "cwlangley.com"
51.222.253.7 - - [22/Feb/2023:22:38:15 -0800] "GET /blog/wp-includes/js/wp-embed.min.js?ver=4.7.25 HTTP/1.1" 200 735 "-" "Mozilla/5.0 (compatible; AhrefsBot/7.0; +http://ahrefs.com/robot/)" "cwlangley.com"
51.222.253.17 - - [22/Feb/2023:22:38:16 -0800] "GET /blog/wp-content/plugins/share-this/css/style.css?ver=4.7.25 HTTP/1.1" 200 176 "-" "Mozilla/5.0 (compatible; AhrefsBot/7.0; +http://ahrefs.com/robot/)" "cwlangley.com"
196.196.247.169 - - [22/Feb/2023:22:42:01 -0800] "GET /blog/index.php/the-intern-with-robert-deniro-my-review/ HTTP/1.1" 200 28452 "http://cwlangley.com/blog/the-intern-with-robert-deniro-my-review/" "Mozilla/5.0 (Macintosh; Intel Mac OS X 12_5) AppleWebKit/537.36 (KHTML, like Gecko) Chrome/103.0.0.0 YaBrowser/22.7.0 Yowser/2.5 Safari/537.36" "cwlangley.com"
196.196.247.169 - - [22/Feb/2023:22:42:05 -0800] "GET /blog/wp-login.php?action=register HTTP/1.1" 200 2741 "https://cwlangley.com/" "Mozilla/5.0 (Windows NT 6.3; Win64; x64) AppleWebKit/537.36 (KHTML, like Gecko) Chrome/103.0.0.0 Safari/537.36" "cwlangley.com"
10.213.116.55 - - [22/Feb/2023:22:42:07 -0800] "POST /blog/wp-cron.php?doing_wp_cron=1677134526.9678370952606201171875 HTTP/1.1" 200 - "https://cwlangley.com/blog/wp-cron.php?doing_wp_cron=1677134526.9678370952606201171875" "WordPress/4.7.25; http://cwlangley.com/blog" "cwlangley.com"
196.196.247.169 - - [22/Feb/2023:22:42:09 -0800] "GET /blog/wp-login.php?action=register HTTP/1.1" 200 2741 "https://cwlangley.com/blog/wp-login.php?action=register" "Mozilla/5.0 (Windows NT 6.3; Win64; x64) AppleWebKit/537.36 (KHTML, like Gecko) Chrome/103.0.0.0 Safari/537.36" "cwlangley.com"
10.213.116.55 - - [22/Feb/2023:22:42:10 -0800] "POST /blog/wp-cron.php?doing_wp_cron=1677134530.3717319965362548828125 HTTP/1.1" 200 - "https://cwlangley.com/blog/wp-cron.php?doing_wp_cron=1677134530.3717319965362548828125" "WordPress/4.7.25; http://cwlangley.com/blog" "cwlangley.com"
10.213.116.53 - - [22/Feb/2023:22:42:22 -0800] "POST /blog/wp-cron.php?doing_wp_cron=1677134541.9338510036468505859375 HTTP/1.1" 200 - "https://cwlangley.com/blog/wp-cron.php?doing_wp_cron=1677134541.9338510036468505859375" "WordPress/4.7.25; http://cwlangley.com/blog" "cwlangley.com"
196.196.247.169 - - [22/Feb/2023:22:42:20 -0800] "POST /blog/wp-login.php?action=register HTTP/1.1" 302 - "https://cwlangley.com/blog/wp-login.php?action=register" "Mozilla/5.0 (Windows NT 6.3; Win64; x64) AppleWebKit/537.36 (KHTML, like Gecko) Chrome/103.0.0.0 Safari/537.36" "cwlangley.com"
10.213.116.53 - - [22/Feb/2023:22:42:25 -0800] "POST /blog/wp-cron.php?doing_wp_cron=1677134545.4180679321289062500000 HTTP/1.1" 200 - "https://cwlangley.com/blog/wp-cron.php?doing_wp_cron=1677134545.4180679321289062500000" "WordPress/4.7.25; http://cwlangley.com/blog" "cwlangley.com"
196.196.247.169 - - [22/Feb/2023:22:42:24 -0800] "GET /blog/wp-login.php?checkemail=registered HTTP/1.1" 200 2872 "https://cwlangley.com/blog/wp-login.php?action=register" "Mozilla/5.0 (Windows NT 6.3; Win64; x64) AppleWebKit/537.36 (KHTML, like Gecko) Chrome/103.0.0.0 Safari/537.36" "cwlangley.com"
190.103.178.15 - - [22/Feb/2023:23:04:00 -0800] "GET /wp-login.php HTTP/1.1" 404 88 "-" "Mozilla/5.0 (Windows NT 5.1) AppleWebKit/537.36 (KHTML, like Gecko) Chrome/36.0.1985.67 Safari/537.36" "cwlangley.com"
77.75.79.119 - - [22/Feb/2023:23:18:20 -0800] "GET /filelist.xml HTTP/1.1" 304 - "-" "Mozilla/5.0 (compatible; SeznamBot/4.0-RC1; +http://napoveda.seznam.cz/seznambot-intro/)" "cwlangley.com"
144.126.151.207 - - [22/Feb/2023:23:18:39 -0800] "HEAD /wordpress HTTP/1.1" 404 - "http://cwlangley.com/wordpress" "Mozilla/5.0 (Windows NT 10.0; Win64; x64) AppleWebKit/537.36 (KHTML, like Gecko) Chrome/74.0.3729.169 Safari/537.36" "cwlangley.com"
144.126.151.207 - - [22/Feb/2023:23:18:40 -0800] "HEAD / HTTP/1.1" 200 - "http://cwlangley.com/" "Mozilla/5.0 (Windows NT 10.0; Win64; x64) AppleWebKit/537.36 (KHTML, like Gecko) Chrome/74.0.3729.169 Safari/537.36" "cwlangley.com"
144.126.151.207 - - [22/Feb/2023:23:18:40 -0800] "HEAD /wp HTTP/1.1" 404 - "http://cwlangley.com/wp" "Mozilla/5.0 (Windows NT 10.0; Win64; x64) AppleWebKit/537.36 (KHTML, like Gecko) Chrome/74.0.3729.169 Safari/537.36" "cwlangley.com"
144.126.151.207 - - [22/Feb/2023:23:18:40 -0800] "HEAD /bc HTTP/1.1" 404 - "http://cwlangley.com/bc" "Mozilla/5.0 (Windows NT 10.0; Win64; x64) AppleWebKit/537.36 (KHTML, like Gecko) Chrome/74.0.3729.169 Safari/537.36" "cwlangley.com"
144.126.151.207 - - [22/Feb/2023:23:18:40 -0800] "HEAD /bk HTTP/1.1" 404 - "http://cwlangley.com/bk" "Mozilla/5.0 (Windows NT 10.0; Win64; x64) AppleWebKit/537.36 (KHTML, like Gecko) Chrome/74.0.3729.169 Safari/537.36" "cwlangley.com"
144.126.151.207 - - [22/Feb/2023:23:18:41 -0800] "HEAD /backup HTTP/1.1" 404 - "http://cwlangley.com/backup" "Mozilla/5.0 (Windows NT 10.0; Win64; x64) AppleWebKit/537.36 (KHTML, like Gecko) Chrome/74.0.3729.169 Safari/537.36" "cwlangley.com"
144.126.151.207 - - [22/Feb/2023:23:18:41 -0800] "HEAD /old HTTP/1.1" 404 - "http://cwlangley.com/old" "Mozilla/5.0 (Windows NT 10.0; Win64; x64) AppleWebKit/537.36 (KHTML, like Gecko) Chrome/74.0.3729.169 Safari/537.36" "cwlangley.com"
144.126.151.207 - - [22/Feb/2023:23:18:41 -0800] "HEAD /new HTTP/1.1" 404 - "http://cwlangley.com/new" "Mozilla/5.0 (Windows NT 10.0; Win64; x64) AppleWebKit/537.36 (KHTML, like Gecko) Chrome/74.0.3729.169 Safari/537.36" "cwlangley.com"
144.126.151.207 - - [22/Feb/2023:23:18:41 -0800] "HEAD /main HTTP/1.1" 404 - "http://cwlangley.com/main" "Mozilla/5.0 (Windows NT 10.0; Win64; x64) AppleWebKit/537.36 (KHTML, like Gecko) Chrome/74.0.3729.169 Safari/537.36" "cwlangley.com"
144.126.151.207 - - [22/Feb/2023:23:18:41 -0800] "HEAD /home HTTP/1.1" 404 - "http://cwlangley.com/home" "Mozilla/5.0 (Windows NT 10.0; Win64; x64) AppleWebKit/537.36 (KHTML, like Gecko) Chrome/74.0.3729.169 Safari/537.36" "cwlangley.com"
34.74.122.212 - - [22/Feb/2023:23:25:17 -0800] "GET /robots.txt HTTP/1.1" 200 56 "-" "ZoominfoBot (zoominfobot at zoominfo dot com)" "www.cwlangley.com"
34.74.122.212 - - [22/Feb/2023:23:25:17 -0800] "GET /Artwork/ HTTP/1.1" 200 692 "-" "ZoominfoBot (zoominfobot at zoominfo dot com)" "www.cwlangley.com"
34.74.122.212 - - [22/Feb/2023:23:44:35 -0800] "GET /robots.txt HTTP/1.1" 200 56 "-" "ZoominfoBot (zoominfobot at zoominfo dot com)" "cwlangley.com"
34.74.122.212 - - [22/Feb/2023:23:44:36 -0800] "GET /acting/ HTTP/1.1" 200 3154 "-" "ZoominfoBot (zoominfobot at zoominfo dot com)" "cwlangley.com"
51.222.253.14 - - [22/Feb/2023:23:48:49 -0800] "GET /blog/index.php/2015/01/ HTTP/1.1" 200 18709 "-" "Mozilla/5.0 (compatible; AhrefsBot/7.0; +http://ahrefs.com/robot/)" "cwlangley.com"
34.74.122.212 - - [22/Feb/2023:23:52:37 -0800] "GET /artwork/ HTTP/1.1" 200 696 "-" "ZoominfoBot (zoominfobot at zoominfo dot com)" "www.cwlangley.com"
34.74.122.212 - - [22/Feb/2023:23:55:23 -0800] "GET /artwork/ HTTP/1.1" 200 696 "-" "ZoominfoBot (zoominfobot at zoominfo dot com)" "cwlangley.com"
34.74.122.212 - - [22/Feb/2023:23:55:58 -0800] "GET /clipart/ HTTP/1.1" 200 354 "-" "ZoominfoBot (zoominfobot at zoominfo dot com)" "www.cwlangley.com"
34.74.122.212 - - [23/Feb/2023:00:14:55 -0800] "GET /clipart/ HTTP/1.1" 200 354 "-" "ZoominfoBot (zoominfobot at zoominfo dot com)" "cwlangley.com"
34.74.122.212 - - [23/Feb/2023:00:16:52 -0800] "GET /Iog/ HTTP/1.1" 200 390 "-" "ZoominfoBot (zoominfobot at zoominfo dot com)" "cwlangley.com"
185.196.220.26 - - [23/Feb/2023:00:36:21 -0800] "GET /wp-content/plugins/access-demo-importer/readme.txt HTTP/1.1" 404 88 "-" "Mozilla/5.0 (Macintosh; Intel Mac OS X 13_1) AppleWebKit/537.36 (KHTML, like Gecko) Chrome/109.0.0.0 Safari/537.36" "cwlangley.com"
34.74.122.212 - - [23/Feb/2023:00:40:44 -0800] "GET /SOH/ HTTP/1.1" 200 1848 "-" "ZoominfoBot (zoominfobot at zoominfo dot com)" "cwlangley.com"
34.74.122.212 - - [23/Feb/2023:00:41:34 -0800] "GET /art4sale/ HTTP/1.1" 200 2210 "-" "ZoominfoBot (zoominfobot at zoominfo dot com)" "www.cwlangley.com"
185.119.81.99 - - [23/Feb/2023:00:41:38 -0800] "GET /blog/wp-login.php HTTP/1.1" 200 2731 "-" "Mozilla/5.0 (Windows NT 6.3; Win64; x64) AppleWebKit/537.36 (KHTML, like Gecko) Chrome/99.0.4844.51 Safari/537.36" "cwlangley.com"
185.119.81.99 - - [23/Feb/2023:00:41:44 -0800] "POST /blog/wp-login.php HTTP/1.1" 200 3698 "https://cwlangley.com/blog/wp-login.php" "Mozilla/5.0 (Windows NT 6.3; Win64; x64) AppleWebKit/537.36 (KHTML, like Gecko) Chrome/99.0.4844.51 Safari/537.36" "cwlangley.com"
10.213.116.53 - - [23/Feb/2023:00:41:42 -0800] "POST /blog/wp-cron.php?doing_wp_cron=1677141701.3076269626617431640625 HTTP/1.1" 200 - "https://cwlangley.com/blog/wp-cron.php?doing_wp_cron=1677141701.3076269626617431640625" "WordPress/4.7.25; http://cwlangley.com/blog" "cwlangley.com"
34.74.122.212 - - [23/Feb/2023:00:51:11 -0800] "GET /acting/ HTTP/1.1" 200 3154 "-" "ZoominfoBot (zoominfobot at zoominfo dot com)" "www.cwlangley.com"
34.74.122.212 - - [23/Feb/2023:00:51:11 -0800] "GET /?C=M;O=A HTTP/1.1" 200 1718 "-" "ZoominfoBot (zoominfobot at zoominfo dot com)" "www.cwlangley.com"
34.74.122.212 - - [23/Feb/2023:00:52:27 -0800] "GET /?C=D;O=A HTTP/1.1" 200 1732 "-" "ZoominfoBot (zoominfobot at zoominfo dot com)" "cwlangley.com"
34.74.122.212 - - [23/Feb/2023:00:56:22 -0800] "GET /?C=M;O=A HTTP/1.1" 200 1718 "-" "ZoominfoBot (zoominfobot at zoominfo dot com)" "cwlangley.com"
34.74.122.212 - - [23/Feb/2023:01:00:33 -0800] "GET /images/ HTTP/1.1" 200 1694 "-" "ZoominfoBot (zoominfobot at zoominfo dot com)" "www.cwlangley.com"
34.74.122.212 - - [23/Feb/2023:01:00:53 -0800] "GET /beadman/ HTTP/1.1" 200 4047 "-" "ZoominfoBot (zoominfobot at zoominfo dot com)" "cwlangley.com"
167.235.244.235 - - [23/Feb/2023:01:14:50 -0800] "GET /blog/index.php/been-a-busy-winter/ HTTP/1.1" 200 27022 "https://cwlangley.com/blog/been-a-busy-winter/" "Mozilla/5.0 (Windows NT 10.0; Win64; x64) AppleWebKit/537.36 (KHTML, like Gecko) Chrome/90.0.4430.72 Safari/537.36" "cwlangley.com"
167.235.244.235 - - [23/Feb/2023:01:14:52 -0800] "POST /blog/wp-comments-post.php HTTP/1.1" 500 - "https://cwlangley.com/blog/been-a-busy-winter/" "Mozilla/5.0 (Windows NT 10.0; Win64; x64) AppleWebKit/537.36 (KHTML, like Gecko) Chrome/90.0.4430.72 Safari/537.36" "cwlangley.com"
172.104.163.102 - - [23/Feb/2023:01:15:01 -0800] "GET /blog/index.php/been-a-busy-winter/ HTTP/1.1" 200 27022 "https://cwlangley.com/blog/been-a-busy-winter/" "Mozilla/5.0 (Windows NT 10.0; Win64; x64) AppleWebKit/537.36 (KHTML, like Gecko) Chrome/90.0.4430.72 Safari/537.36" "cwlangley.com"
172.104.163.102 - - [23/Feb/2023:01:15:18 -0800] "POST /blog/wp-comments-post.php HTTP/1.1" 500 - "https://cwlangley.com/blog/been-a-busy-winter/" "Mozilla/5.0 (Windows NT 10.0; Win64; x64) AppleWebKit/537.36 (KHTML, like Gecko) Chrome/90.0.4430.72 Safari/537.36" "cwlangley.com"
34.74.122.212 - - [23/Feb/2023:01:34:29 -0800] "GET /art4sale/ HTTP/1.1" 200 2210 "-" "ZoominfoBot (zoominfobot at zoominfo dot com)" "cwlangley.com"
34.74.122.212 - - [23/Feb/2023:01:38:32 -0800] "GET /cakery/ HTTP/1.1" 200 871 "-" "ZoominfoBot (zoominfobot at zoominfo dot com)" "www.cwlangley.com"
34.74.122.212 - - [23/Feb/2023:01:38:52 -0800] "GET /GCHS/ HTTP/1.1" 200 813 "-" "ZoominfoBot (zoominfobot at zoominfo dot com)" "www.cwlangley.com"
185.196.220.26 - - [23/Feb/2023:01:47:06 -0800] "GET /blog/wp-content/plugins/access-demo-importer/readme.txt HTTP/1.1" 404 88 "-" "Mozilla/5.0 (Macintosh; Intel Mac OS X 13_1) AppleWebKit/537.36 (KHTML, like Gecko) Chrome/109.0.0.0 Safari/537.36" "cwlangley.com"
51.222.253.3 - - [23/Feb/2023:01:52:18 -0800] "GET /blog/index.php/2016/05/ HTTP/1.1" 200 18696 "-" "Mozilla/5.0 (compatible; AhrefsBot/7.0; +http://ahrefs.com/robot/)" "cwlangley.com"
34.74.122.212 - - [23/Feb/2023:02:01:38 -0800] "GET /?C=D;O=A HTTP/1.1" 200 1732 "-" "ZoominfoBot (zoominfobot at zoominfo dot com)" "www.cwlangley.com"
34.74.122.212 - - [23/Feb/2023:02:04:15 -0800] "GET /Artwork/ HTTP/1.1" 200 692 "-" "ZoominfoBot (zoominfobot at zoominfo dot com)" "cwlangley.com"
34.74.122.212 - - [23/Feb/2023:02:07:51 -0800] "GET /?C=N;O=D HTTP/1.1" 200 1734 "-" "ZoominfoBot (zoominfobot at zoominfo dot com)" "www.cwlangley.com"
34.74.122.212 - - [23/Feb/2023:02:11:20 -0800] "GET /beadman/ HTTP/1.1" 200 4047 "-" "ZoominfoBot (zoominfobot at zoominfo dot com)" "www.cwlangley.com"
10.213.116.54 - - [23/Feb/2023:02:13:08 -0800] "POST /blog/wp-cron.php?doing_wp_cron=1677147188.6790690422058105468750 HTTP/1.1" 200 - "https://cwlangley.com/blog/wp-cron.php?doing_wp_cron=1677147188.6790690422058105468750" "WordPress/4.7.25; http://cwlangley.com/blog" "cwlangley.com"
185.119.81.104 - - [23/Feb/2023:02:13:06 -0800] "GET /blog/wp-login.php HTTP/1.1" 200 2731 "-" "Mozilla/5.0 (Windows NT 6.1) AppleWebKit/537.36 (KHTML, like Gecko) Chrome/56.0.2924.76 Safari/537.36" "cwlangley.com"
185.119.81.104 - - [23/Feb/2023:02:13:10 -0800] "POST /blog/wp-login.php HTTP/1.1" 200 3698 "https://cwlangley.com/blog/wp-login.php" "Mozilla/5.0 (Windows NT 6.1) AppleWebKit/537.36 (KHTML, like Gecko) Chrome/56.0.2924.76 Safari/537.36" "cwlangley.com"
10.213.116.53 - - [23/Feb/2023:02:13:12 -0800] "POST /blog/wp-cron.php?doing_wp_cron=1677147192.0140929222106933593750 HTTP/1.1" 200 - "https://cwlangley.com/blog/wp-cron.php?doing_wp_cron=1677147192.0140929222106933593750" "WordPress/4.7.25; http://cwlangley.com/blog" "cwlangley.com"
34.74.122.212 - - [23/Feb/2023:02:23:24 -0800] "GET /Iog/ HTTP/1.1" 200 390 "-" "ZoominfoBot (zoominfobot at zoominfo dot com)" "www.cwlangley.com"
34.74.122.212 - - [23/Feb/2023:02:28:02 -0800] "GET /?C=S;O=A HTTP/1.1" 200 1672 "-" "ZoominfoBot (zoominfobot at zoominfo dot com)" "cwlangley.com"
34.74.122.212 - - [23/Feb/2023:02:30:56 -0800] "GET /cakery/ HTTP/1.1" 200 871 "-" "ZoominfoBot (zoominfobot at zoominfo dot com)" "cwlangley.com"
34.74.122.212 - - [23/Feb/2023:02:48:28 -0800] "GET /GCHS/ HTTP/1.1" 200 813 "-" "ZoominfoBot (zoominfobot at zoominfo dot com)" "cwlangley.com"
34.74.122.212 - - [23/Feb/2023:03:01:02 -0800] "GET /?C=N;O=D HTTP/1.1" 200 1734 "-" "ZoominfoBot (zoominfobot at zoominfo dot com)" "cwlangley.com"
34.74.122.212 - - [23/Feb/2023:03:01:14 -0800] "GET /?C=S;O=A HTTP/1.1" 200 1672 "-" "ZoominfoBot (zoominfobot at zoominfo dot com)" "www.cwlangley.com"
34.74.122.212 - - [23/Feb/2023:03:05:48 -0800] "GET /SOH/ HTTP/1.1" 200 1848 "-" "ZoominfoBot (zoominfobot at zoominfo dot com)" "www.cwlangley.com"
37.139.53.14 - - [23/Feb/2023:03:13:28 -0800] "GET /blog/index.php/the-intern-with-robert-deniro-my-review/ HTTP/1.1" 200 28452 "https://cwlangley.com/blog/the-intern-with-robert-deniro-my-review/" "Mozilla/5.0 (Windows NT 10.0) AppleWebKit/537.36 (KHTML, like Gecko) Chrome/90.0.4430.85 Safari/537.36" "cwlangley.com"
37.139.53.14 - - [23/Feb/2023:03:13:29 -0800] "POST /blog/wp-comments-post.php HTTP/1.1" 500 - "https://cwlangley.com/blog/the-intern-with-robert-deniro-my-review/" "Mozilla/5.0 (Windows NT 10.0) AppleWebKit/537.36 (KHTML, like Gecko) Chrome/90.0.4430.85 Safari/537.36" "cwlangley.com"
10.213.116.54 - - [23/Feb/2023:03:13:32 -0800] "POST /blog/wp-cron.php?doing_wp_cron=1677150811.8925468921661376953125 HTTP/1.1" 200 - "https://cwlangley.com/blog/wp-cron.php?doing_wp_cron=1677150811.8925468921661376953125" "WordPress/4.7.25; https://cwlangley.com/blog" "cwlangley.com"
146.59.152.52 - - [23/Feb/2023:03:21:16 -0800] "GET /blog/index.php/been-a-busy-winter/ HTTP/1.1" 200 27022 "https://cwlangley.com/blog/been-a-busy-winter/" "Mozilla/5.0 (Windows NT 6.1; Win64; x64) AppleWebKit/537.36 (KHTML, like Gecko) Chrome/90.0.4430.72 Safari/537.36" "cwlangley.com"
10.213.116.53 - - [23/Feb/2023:03:21:19 -0800] "POST /blog/wp-cron.php?doing_wp_cron=1677151279.8548870086669921875000 HTTP/1.1" 200 - "https://cwlangley.com/blog/wp-cron.php?doing_wp_cron=1677151279.8548870086669921875000" "WordPress/4.7.25; https://cwlangley.com/blog" "cwlangley.com"
146.59.152.52 - - [23/Feb/2023:03:21:18 -0800] "POST /blog/wp-comments-post.php HTTP/1.1" 500 - "https://cwlangley.com/blog/been-a-busy-winter/" "Mozilla/5.0 (Windows NT 6.1; Win64; x64) AppleWebKit/537.36 (KHTML, like Gecko) Chrome/90.0.4430.72 Safari/537.36" "cwlangley.com"
51.222.253.17 - - [23/Feb/2023:03:56:35 -0800] "GET /robots.txt HTTP/1.1" 200 56 "-" "Mozilla/5.0 (compatible; AhrefsBot/7.0; +http://ahrefs.com/robot/)" "cwlangley.com"
51.222.253.17 - - [23/Feb/2023:03:56:39 -0800] "GET /blog/index.php/2012/07/ HTTP/1.1" 200 19492 "-" "Mozilla/5.0 (compatible; AhrefsBot/7.0; +http://ahrefs.com/robot/)" "cwlangley.com"
10.213.116.54 - - [23/Feb/2023:03:56:41 -0800] "POST /blog/wp-cron.php?doing_wp_cron=1677153401.0936219692230224609375 HTTP/1.1" 200 - "https://cwlangley.com/blog/wp-cron.php?doing_wp_cron=1677153401.0936219692230224609375" "WordPress/4.7.25; https://cwlangley.com/blog" "cwlangley.com"
157.55.39.225 - - [23/Feb/2023:03:59:22 -0800] "GET /robots.txt HTTP/1.1" 200 56 "-" "Mozilla/5.0 AppleWebKit/537.36 (KHTML, like Gecko; compatible; bingbot/2.0; +http://www.bing.com/bingbot.htm) Chrome/103.0.5060.134 Safari/537.36" "www.cwlangley.com"
207.46.13.213 - - [23/Feb/2023:03:59:25 -0800] "GET /sitebuilder/images/Image15-246x164.jpg HTTP/1.1" 200 10304 "-" "Mozilla/5.0 AppleWebKit/537.36 (KHTML, like Gecko; compatible; bingbot/2.0; +http://www.bing.com/bingbot.htm) Chrome/103.0.5060.134 Safari/537.36" "www.cwlangley.com"
66.249.68.72 - - [23/Feb/2023:04:28:06 -0800] "GET /ads.txt HTTP/1.1" 404 88 "-" "Mozilla/5.0 (compatible; Googlebot/2.1; +http://www.google.com/bot.html)" "cwlangley.com"
199.244.88.223 - - [23/Feb/2023:04:37:47 -0800] "GET / HTTP/1.1" 200 1732 "http://cwlangley.com" "Mozilla/5.0 (X11; Linux x86_64) AppleWebKit/537.36 (KHTML, like Gecko) Chrome/105.0.0.0 Safari/537.36" "cwlangley.com"
199.244.88.221 - - [23/Feb/2023:04:38:11 -0800] "GET / HTTP/1.1" 200 1732 "http://cwlangley.com" "Mozilla/5.0 (X11; Linux x86_64) AppleWebKit/537.36 (KHTML, like Gecko) Chrome/105.0.0.0 Safari/537.36" "cwlangley.com"
51.222.253.14 - - [23/Feb/2023:04:46:48 -0800] "GET /blog/index.php/2013/04/ HTTP/1.1" 200 17868 "-" "Mozilla/5.0 (compatible; AhrefsBot/7.0; +http://ahrefs.com/robot/)" "cwlangley.com"
114.119.159.233 - - [23/Feb/2023:05:19:28 -0800] "GET /?C=M%3BO%3DA HTTP/1.1" 200 1732 "https://www.cwlangley.com/?C=S%3BO%3DA" "Mozilla/5.0 (Linux; Android 7.0;) AppleWebKit/537.36 (KHTML, like Gecko) Mobile Safari/537.36 (compatible; PetalBot;+https://webmaster.petalsearch.com/site/petalbot)" "www.cwlangley.com"
49.7.21.104 - - [23/Feb/2023:05:35:25 -0800] "GET / HTTP/1.1" 200 1732 "-" "Sogou web spider/4.0(+http://www.sogou.com/docs/help/webmasters.htm#07)" "www.cwlangley.com"
140.205.11.21 - - [23/Feb/2023:05:51:27 -0800] "GET /sitebuilder/images/mycake-143x300.jpg HTTP/1.1" 200 10984 "-" "Mozilla/5.0 (X11; Ubuntu; Linux x86_64; rv:72.0) Gecko/20100101 Firefox/72.0" "cwlangley.com"
167.235.148.170 - - [23/Feb/2023:06:09:12 -0800] "GET / HTTP/1.1" 200 1732 "http://cwlangley.com" "Mozilla/5.0 (Macintosh; Intel Mac OS X 10_13_6) AppleWebKit/537.36 (KHTML, like Gecko) Chrome/80.0.3987.116 Safari/537.36" "cwlangley.com"
77.75.77.119 - - [23/Feb/2023:06:15:59 -0800] "GET /blog/index.php/my-review-chronicle/ HTTP/1.1" 200 25790 "-" "Mozilla/5.0 (compatible; SeznamBot/4.0-RC1; +http://napoveda.seznam.cz/seznambot-intro/)" "cwlangley.com"
10.213.116.54 - - [23/Feb/2023:06:16:02 -0800] "POST /blog/wp-cron.php?doing_wp_cron=1677161761.4629340171813964843750 HTTP/1.1" 200 - "https://cwlangley.com/blog/wp-cron.php?doing_wp_cron=1677161761.4629340171813964843750" "WordPress/4.7.25; https://cwlangley.com/blog" "cwlangley.com"
10.213.116.54 - - [23/Feb/2023:06:20:06 -0800] "POST /blog/wp-cron.php?doing_wp_cron=1677162006.1292951107025146484375 HTTP/1.1" 200 - "https://cwlangley.com/blog/wp-cron.php?doing_wp_cron=1677162006.1292951107025146484375" "WordPress/4.7.25; http://cwlangley.com/blog" "cwlangley.com"
185.119.81.104 - - [23/Feb/2023:06:20:04 -0800] "GET /blog/wp-login.php HTTP/1.1" 200 2731 "-" "Mozilla/5.0 (Windows NT 6.1; Win64; x64) AppleWebKit/537.36 (KHTML, like Gecko) Chrome/95.0.4638.69 Safari/537.36" "cwlangley.com"
185.119.81.104 - - [23/Feb/2023:06:20:08 -0800] "POST /blog/wp-login.php HTTP/1.1" 200 3698 "https://cwlangley.com/blog/wp-login.php" "Mozilla/5.0 (Windows NT 6.1; Win64; x64) AppleWebKit/537.36 (KHTML, like Gecko) Chrome/95.0.4638.69 Safari/537.36" "cwlangley.com"
10.213.116.53 - - [23/Feb/2023:06:20:10 -0800] "POST /blog/wp-cron.php?doing_wp_cron=1677162010.6667311191558837890625 HTTP/1.1" 200 - "https://cwlangley.com/blog/wp-cron.php?doing_wp_cron=1677162010.6667311191558837890625" "WordPress/4.7.25; http://cwlangley.com/blog" "cwlangley.com"
138.68.109.12 - - [23/Feb/2023:06:23:09 -0800] "GET / HTTP/1.1" 200 10776 "https://cwlangley.com/" "Mozilla/5.0 (Windows NT 6.1) AppleWebKit/537.36 (KHTML, like Gecko) Chrome/90.0.4430.85 Safari/537.36" "cwlangley.com"
80.66.79.22 - - [23/Feb/2023:06:33:51 -0800] "GET /wp-includes/ID3/license.txt HTTP/1.1" 404 73 "-" "Mozilla/5.0 (Windows NT 10.0; Win64; x64) AppleWebKit/537.36 (KHTML, like Gecko) Chrome/95.0.4638.69 Safari/537.36" "cwlangley.com"
80.66.79.22 - - [23/Feb/2023:06:33:52 -0800] "GET /xmlrpc.php?rsd HTTP/1.1" 404 73 "-" "Mozilla/5.0 (Windows NT 10.0; Win64; x64) AppleWebKit/537.36 (KHTML, like Gecko) Chrome/95.0.4638.69 Safari/537.36" "cwlangley.com"
80.66.79.22 - - [23/Feb/2023:06:33:52 -0800] "GET /blog/wp-includes/wlwmanifest.xml HTTP/1.1" 200 1045 "-" "Mozilla/5.0 (Windows NT 10.0; Win64; x64) AppleWebKit/537.36 (KHTML, like Gecko) Chrome/95.0.4638.69 Safari/537.36" "cwlangley.com"
10.213.116.53 - - [23/Feb/2023:06:33:55 -0800] "POST /blog/wp-cron.php?doing_wp_cron=1677162835.4794569015502929687500 HTTP/1.1" 200 - "https://cwlangley.com/blog/wp-cron.php?doing_wp_cron=1677162835.4794569015502929687500" "WordPress/4.7.25; https://cwlangley.com/blog" "cwlangley.com"
80.66.79.22 - - [23/Feb/2023:06:33:53 -0800] "GET /blog//?author=1 HTTP/1.1" 200 53752 "-" "Mozilla/5.0 (Windows NT 10.0; Win64; x64) AppleWebKit/537.36 (KHTML, like Gecko) Chrome/95.0.4638.69 Safari/537.36" "cwlangley.com"
10.213.116.55 - - [23/Feb/2023:06:34:01 -0800] "POST /blog/wp-cron.php?doing_wp_cron=1677162840.9804170131683349609375 HTTP/1.1" 200 - "https://cwlangley.com/blog/wp-cron.php?doing_wp_cron=1677162840.9804170131683349609375" "WordPress/4.7.25; https://cwlangley.com/blog" "cwlangley.com"
80.66.79.22 - - [23/Feb/2023:06:33:58 -0800] "GET /blog/index.php//wp-json/wp/v2/users/ HTTP/1.1" 200 949 "-" "Mozilla/5.0 (Windows NT 10.0; Win64; x64) AppleWebKit/537.36 (KHTML, like Gecko) Chrome/95.0.4638.69 Safari/537.36" "cwlangley.com"
10.213.116.54 - - [23/Feb/2023:06:34:03 -0800] "POST /blog/wp-cron.php?doing_wp_cron=1677162843.7732338905334472656250 HTTP/1.1" 200 - "https://cwlangley.com/blog/wp-cron.php?doing_wp_cron=1677162843.7732338905334472656250" "WordPress/4.7.25; https://cwlangley.com/blog" "cwlangley.com"
80.66.79.22 - - [23/Feb/2023:06:34:02 -0800] "POST /blog/index.php//xmlrpc.php HTTP/1.1" 404 9058 "-" "Mozilla/5.0 (Windows NT 10.0; Win64; x64) AppleWebKit/537.36 (KHTML, like Gecko) Chrome/95.0.4638.69 Safari/537.36" "cwlangley.com"
