114.119.129.206 - - [13/Oct/2022:17:20:57 -0700] "GET /robots.txt HTTP/1.1" 200 56 "-" "Mozilla/5.0 (compatible;PetalBot;+https://webmaster.petalsearch.com/site/petalbot)" "cwlangley.com"
10.213.116.55 - - [13/Oct/2022:17:31:55 -0700] "POST /blog/wp-cron.php?doing_wp_cron=1665707515.9150619506835937500000 HTTP/1.1" 200 - "https://cwlangley.com/blog/wp-cron.php?doing_wp_cron=1665707515.9150619506835937500000" "WordPress/4.7.24; http://cwlangley.com/blog" "cwlangley.com"
185.119.81.96 - - [13/Oct/2022:17:31:53 -0700] "GET /blog/wp-login.php HTTP/1.1" 200 2731 "-" "Mozilla/5.0 (Windows NT 6.3; Win64; x64) AppleWebKit/537.36 (KHTML, like Gecko) Chrome/94.0.4606.81 Safari/537.36" "cwlangley.com"
10.213.116.54 - - [13/Oct/2022:17:31:59 -0700] "POST /blog/wp-cron.php?doing_wp_cron=1665707519.4397740364074707031250 HTTP/1.1" 200 - "https://cwlangley.com/blog/wp-cron.php?doing_wp_cron=1665707519.4397740364074707031250" "WordPress/4.7.24; http://cwlangley.com/blog" "cwlangley.com"
185.119.81.96 - - [13/Oct/2022:17:31:57 -0700] "POST /blog/wp-login.php HTTP/1.1" 200 3698 "https://cwlangley.com/blog/wp-login.php" "Mozilla/5.0 (Windows NT 6.3; Win64; x64) AppleWebKit/537.36 (KHTML, like Gecko) Chrome/94.0.4606.81 Safari/537.36" "cwlangley.com"
10.213.116.54 - - [13/Oct/2022:17:35:07 -0700] "POST /blog/wp-cron.php?doing_wp_cron=1665707707.4918320178985595703125 HTTP/1.1" 200 - "https://cwlangley.com/blog/wp-cron.php?doing_wp_cron=1665707707.4918320178985595703125" "WordPress/4.7.24; https://cwlangley.com/blog" "cwlangley.com"
114.119.150.22 - - [13/Oct/2022:17:35:05 -0700] "GET /blog/index.php/author/administrator/page/3 HTTP/1.1" 200 49720 "https://cwlangley.com/blog/author/administrator/page/4" "Mozilla/5.0 (Linux; Android 7.0;) AppleWebKit/537.36 (KHTML, like Gecko) Mobile Safari/537.36 (compatible; PetalBot;+https://webmaster.petalsearch.com/site/petalbot)" "cwlangley.com"
114.119.150.208 - - [13/Oct/2022:17:36:43 -0700] "GET /blog/index.php/spring-breakers-my-review HTTP/1.1" 200 28311 "https://cwlangley.com/blog/oblivion-with-tom-cruise-my-review/" "Mozilla/5.0 (Linux; Android 7.0;) AppleWebKit/537.36 (KHTML, like Gecko) Mobile Safari/537.36 (compatible; PetalBot;+https://webmaster.petalsearch.com/site/petalbot)" "cwlangley.com"
10.213.116.54 - - [13/Oct/2022:17:36:44 -0700] "POST /blog/wp-cron.php?doing_wp_cron=1665707804.4615480899810791015625 HTTP/1.1" 200 - "https://cwlangley.com/blog/wp-cron.php?doing_wp_cron=1665707804.4615480899810791015625" "WordPress/4.7.24; https://cwlangley.com/blog" "cwlangley.com"
10.213.116.55 - - [13/Oct/2022:17:38:18 -0700] "POST /blog/wp-cron.php?doing_wp_cron=1665707898.1779739856719970703125 HTTP/1.1" 200 - "https://cwlangley.com/blog/wp-cron.php?doing_wp_cron=1665707898.1779739856719970703125" "WordPress/4.7.24; https://cwlangley.com/blog" "cwlangley.com"
114.119.150.209 - - [13/Oct/2022:17:38:16 -0700] "GET /blog/index.php/my-review-jack-reacher HTTP/1.1" 200 28106 "https://cwlangley.com/blog/category/movie-review/page/2" "Mozilla/5.0 (Linux; Android 7.0;) AppleWebKit/537.36 (KHTML, like Gecko) Mobile Safari/537.36 (compatible; PetalBot;+https://webmaster.petalsearch.com/site/petalbot)" "cwlangley.com"
10.213.116.55 - - [13/Oct/2022:17:39:50 -0700] "POST /blog/wp-cron.php?doing_wp_cron=1665707990.1495048999786376953125 HTTP/1.1" 200 - "https://cwlangley.com/blog/wp-cron.php?doing_wp_cron=1665707990.1495048999786376953125" "WordPress/4.7.24; https://cwlangley.com/blog" "cwlangley.com"
114.119.150.209 - - [13/Oct/2022:17:39:49 -0700] "GET /blog/index.php/movies-im-looking-forward-to-in-2013 HTTP/1.1" 200 31586 "https://cwlangley.com/blog/my-review-the-hobbit-an-unexpected-journey/" "Mozilla/5.0 (Linux; Android 7.0;) AppleWebKit/537.36 (KHTML, like Gecko) Mobile Safari/537.36 (compatible; PetalBot;+https://webmaster.petalsearch.com/site/petalbot)" "cwlangley.com"
42.236.10.112 - - [13/Oct/2022:18:22:21 -0700] "GET / HTTP/1.1" 200 1732 "https://www.cwlangley.com/" "Mozilla/5.0 (Windows NT 6.1; WOW64) AppleWebKit/537.36 (KHTML, like Gecko) Chrome/50.0.2661.102 Safari/537.36; 360Spider" "www.cwlangley.com"
42.236.10.76 - - [13/Oct/2022:18:23:52 -0700] "GET / HTTP/1.1" 200 1732 "https://www.cwlangley.com/" "Mozilla/5.0 (Windows NT 6.1; WOW64) AppleWebKit/537.36 (KHTML, like Gecko) Chrome/50.0.2661.102 Safari/537.36; 360Spider" "www.cwlangley.com"
42.236.10.122 - - [13/Oct/2022:18:24:25 -0700] "GET / HTTP/1.1" 200 1732 "https://cwlangley.com/" "Mozilla/5.0 (Windows NT 6.1; WOW64) AppleWebKit/537.36 (KHTML, like Gecko) Chrome/50.0.2661.102 Safari/537.36; 360Spider" "cwlangley.com"
195.80.150.184 - - [13/Oct/2022:18:24:44 -0700] "GET / HTTP/1.1" 200 10776 "https://cwlangley.com/" "Mozilla/5.0 (Windows NT 6.3; Win64; x64) AppleWebKit/537.36 (KHTML, like Gecko) Chrome/90.0.4430.85 Safari/537.36" "cwlangley.com"
195.80.150.184 - - [13/Oct/2022:18:24:48 -0700] "GET /blog/ HTTP/1.1" 200 52597 "https://cwlangley.com/blog/" "Mozilla/5.0 (Windows NT 6.3; Win64; x64) AppleWebKit/537.36 (KHTML, like Gecko) Chrome/90.0.4430.85 Safari/537.36" "cwlangley.com"
195.80.150.184 - - [13/Oct/2022:18:25:00 -0700] "GET /blog/index.php/been-a-busy-winter/ HTTP/1.1" 200 27020 "https://cwlangley.com/blog/been-a-busy-winter/" "Mozilla/5.0 (Windows NT 6.3; Win64; x64) AppleWebKit/537.36 (KHTML, like Gecko) Chrome/90.0.4430.85 Safari/537.36" "cwlangley.com"
180.163.220.42 - - [13/Oct/2022:18:25:02 -0700] "GET / HTTP/1.1" 200 1732 "https://cwlangley.com/" "Mozilla/5.0 (Windows NT 6.1; WOW64) AppleWebKit/537.36 (KHTML, like Gecko) Chrome/50.0.2661.102 Safari/537.36; 360Spider" "cwlangley.com"
10.213.116.54 - - [13/Oct/2022:18:25:04 -0700] "POST /blog/wp-cron.php?doing_wp_cron=1665710704.0441050529479980468750 HTTP/1.1" 200 - "https://cwlangley.com/blog/wp-cron.php?doing_wp_cron=1665710704.0441050529479980468750" "WordPress/4.7.24; https://cwlangley.com/blog" "cwlangley.com"
195.80.150.184 - - [13/Oct/2022:18:25:02 -0700] "POST /blog/wp-comments-post.php HTTP/1.1" 500 - "https://cwlangley.com/blog/been-a-busy-winter/" "Mozilla/5.0 (Windows NT 6.3; Win64; x64) AppleWebKit/537.36 (KHTML, like Gecko) Chrome/90.0.4430.85 Safari/537.36" "cwlangley.com"
173.231.60.194 - - [13/Oct/2022:18:36:00 -0700] "GET /robots.txt HTTP/1.1" 200 56 "-" "Mozilla/5.0 (compatible; Adsbot/3.1; +https://seostar.co/robot/)" "cwlangley.com"
173.231.60.194 - - [13/Oct/2022:18:36:10 -0700] "GET /blog/index.php/my-review-seven-psychopaths/ HTTP/1.1" 200 26672 "https://cwlangley.com/" "Mozilla/5.0 (compatible; Adsbot/3.1; +https://seostar.co/robot/)" "cwlangley.com"
10.213.116.53 - - [13/Oct/2022:18:36:12 -0700] "POST /blog/wp-cron.php?doing_wp_cron=1665711372.9014320373535156250000 HTTP/1.1" 200 - "https://cwlangley.com/blog/wp-cron.php?doing_wp_cron=1665711372.9014320373535156250000" "WordPress/4.7.24; https://cwlangley.com/blog" "cwlangley.com"
173.231.60.194 - - [13/Oct/2022:18:36:47 -0700] "GET /blog/index.php/my-review-here-comes-the-boom/ HTTP/1.1" 200 27983 "https://cwlangley.com/" "Mozilla/5.0 (compatible; Adsbot/3.1; +https://seostar.co/robot/)" "cwlangley.com"
10.213.116.53 - - [13/Oct/2022:18:36:48 -0700] "POST /blog/wp-cron.php?doing_wp_cron=1665711408.7317430973052978515625 HTTP/1.1" 200 - "https://cwlangley.com/blog/wp-cron.php?doing_wp_cron=1665711408.7317430973052978515625" "WordPress/4.7.24; https://cwlangley.com/blog" "cwlangley.com"
10.213.116.55 - - [13/Oct/2022:18:37:21 -0700] "POST /blog/wp-cron.php?doing_wp_cron=1665711441.0844089984893798828125 HTTP/1.1" 200 - "https://cwlangley.com/blog/wp-cron.php?doing_wp_cron=1665711441.0844089984893798828125" "WordPress/4.7.24; https://cwlangley.com/blog" "cwlangley.com"
173.231.60.194 - - [13/Oct/2022:18:37:20 -0700] "GET /blog/index.php/my-review-rise-of-the-guardians/ HTTP/1.1" 200 32366 "https://cwlangley.com/" "Mozilla/5.0 (compatible; Adsbot/3.1; +https://seostar.co/robot/)" "cwlangley.com"
10.213.116.53 - - [13/Oct/2022:18:37:48 -0700] "POST /blog/wp-cron.php?doing_wp_cron=1665711468.4022030830383300781250 HTTP/1.1" 200 - "https://cwlangley.com/blog/wp-cron.php?doing_wp_cron=1665711468.4022030830383300781250" "WordPress/4.7.24; https://cwlangley.com/blog" "cwlangley.com"
173.231.60.194 - - [13/Oct/2022:18:37:47 -0700] "GET /blog/index.php/my-review-les-miserables-the-movie/ HTTP/1.1" 200 30070 "https://cwlangley.com/" "Mozilla/5.0 (compatible; Adsbot/3.1; +https://seostar.co/robot/)" "cwlangley.com"
10.213.116.55 - - [13/Oct/2022:18:38:16 -0700] "POST /blog/wp-cron.php?doing_wp_cron=1665711496.9249320030212402343750 HTTP/1.1" 200 - "https://cwlangley.com/blog/wp-cron.php?doing_wp_cron=1665711496.9249320030212402343750" "WordPress/4.7.24; https://cwlangley.com/blog" "cwlangley.com"
173.231.60.194 - - [13/Oct/2022:18:38:15 -0700] "GET /blog/index.php/type/gallery/page/2/ HTTP/1.1" 200 49040 "https://cwlangley.com/" "Mozilla/5.0 (compatible; Adsbot/3.1; +https://seostar.co/robot/)" "cwlangley.com"
10.213.116.53 - - [13/Oct/2022:18:38:46 -0700] "POST /blog/wp-cron.php?doing_wp_cron=1665711526.3520450592041015625000 HTTP/1.1" 200 - "https://cwlangley.com/blog/wp-cron.php?doing_wp_cron=1665711526.3520450592041015625000" "WordPress/4.7.24; https://cwlangley.com/blog" "cwlangley.com"
173.231.60.194 - - [13/Oct/2022:18:38:45 -0700] "GET /blog/index.php/author/administrator/page/2/ HTTP/1.1" 200 50045 "https://cwlangley.com/" "Mozilla/5.0 (compatible; Adsbot/3.1; +https://seostar.co/robot/)" "cwlangley.com"
10.213.116.55 - - [13/Oct/2022:18:39:15 -0700] "POST /blog/wp-cron.php?doing_wp_cron=1665711555.6735079288482666015625 HTTP/1.1" 200 - "https://cwlangley.com/blog/wp-cron.php?doing_wp_cron=1665711555.6735079288482666015625" "WordPress/4.7.24; https://cwlangley.com/blog" "cwlangley.com"
173.231.60.194 - - [13/Oct/2022:18:39:14 -0700] "GET /blog/index.php/category/movie-review/page/2/ HTTP/1.1" 200 49129 "https://cwlangley.com/" "Mozilla/5.0 (compatible; Adsbot/3.1; +https://seostar.co/robot/)" "cwlangley.com"
173.231.60.194 - - [13/Oct/2022:18:39:34 -0700] "GET /blog/index.php/page/4/ HTTP/1.1" 200 49461 "https://cwlangley.com/" "Mozilla/5.0 (compatible; Adsbot/3.1; +https://seostar.co/robot/)" "cwlangley.com"
10.213.116.53 - - [13/Oct/2022:18:40:33 -0700] "POST /blog/wp-cron.php?doing_wp_cron=1665711633.3039460182189941406250 HTTP/1.1" 200 - "https://cwlangley.com/blog/wp-cron.php?doing_wp_cron=1665711633.3039460182189941406250" "WordPress/4.7.24; https://cwlangley.com/blog" "cwlangley.com"
173.231.60.194 - - [13/Oct/2022:18:40:32 -0700] "GET /blog/index.php/page/5/ HTTP/1.1" 200 24725 "https://cwlangley.com/" "Mozilla/5.0 (compatible; Adsbot/3.1; +https://seostar.co/robot/)" "cwlangley.com"
173.231.60.194 - - [13/Oct/2022:18:41:13 -0700] "GET /blog/index.php/type/gallery/page/3/ HTTP/1.1" 200 48753 "https://cwlangley.com/" "Mozilla/5.0 (compatible; Adsbot/3.1; +https://seostar.co/robot/)" "cwlangley.com"
185.119.81.96 - - [13/Oct/2022:18:45:00 -0700] "GET /blog/wp-login.php HTTP/1.1" 200 2731 "-" "Mozilla/5.0 (Windows NT 10.0; Win64; x64) AppleWebKit/537.36 (KHTML, like Gecko) Chrome/91.0.4472.106 Safari/537.36" "cwlangley.com"
10.213.116.54 - - [13/Oct/2022:18:45:01 -0700] "POST /blog/wp-cron.php?doing_wp_cron=1665711901.6884660720825195312500 HTTP/1.1" 200 - "https://cwlangley.com/blog/wp-cron.php?doing_wp_cron=1665711901.6884660720825195312500" "WordPress/4.7.24; http://cwlangley.com/blog" "cwlangley.com"
185.119.81.96 - - [13/Oct/2022:18:45:03 -0700] "POST /blog/wp-login.php HTTP/1.1" 200 3698 "https://cwlangley.com/blog/wp-login.php" "Mozilla/5.0 (Windows NT 10.0; Win64; x64) AppleWebKit/537.36 (KHTML, like Gecko) Chrome/91.0.4472.106 Safari/537.36" "cwlangley.com"
10.213.116.53 - - [13/Oct/2022:18:45:04 -0700] "POST /blog/wp-cron.php?doing_wp_cron=1665711904.4077239036560058593750 HTTP/1.1" 200 - "https://cwlangley.com/blog/wp-cron.php?doing_wp_cron=1665711904.4077239036560058593750" "WordPress/4.7.24; http://cwlangley.com/blog" "cwlangley.com"
185.119.81.96 - - [13/Oct/2022:18:48:31 -0700] "GET /blog/wp-login.php HTTP/1.1" 200 2731 "-" "Mozilla/5.0 (Windows NT 6.0) AppleWebKit/537.36 (KHTML, like Gecko) Chrome/47.0.2526.106 Safari/537.36" "cwlangley.com"
10.213.116.53 - - [13/Oct/2022:18:48:34 -0700] "POST /blog/wp-cron.php?doing_wp_cron=1665712114.4303879737854003906250 HTTP/1.1" 200 - "https://cwlangley.com/blog/wp-cron.php?doing_wp_cron=1665712114.4303879737854003906250" "WordPress/4.7.24; http://cwlangley.com/blog" "cwlangley.com"
10.213.116.53 - - [13/Oct/2022:18:48:37 -0700] "POST /blog/wp-cron.php?doing_wp_cron=1665712117.4100620746612548828125 HTTP/1.1" 200 - "https://cwlangley.com/blog/wp-cron.php?doing_wp_cron=1665712117.4100620746612548828125" "WordPress/4.7.24; http://cwlangley.com/blog" "cwlangley.com"
185.119.81.96 - - [13/Oct/2022:18:48:36 -0700] "POST /blog/wp-login.php HTTP/1.1" 200 3698 "https://cwlangley.com/blog/wp-login.php" "Mozilla/5.0 (Windows NT 6.0) AppleWebKit/537.36 (KHTML, like Gecko) Chrome/47.0.2526.106 Safari/537.36" "cwlangley.com"
185.119.81.100 - - [13/Oct/2022:19:08:13 -0700] "GET /blog/wp-login.php HTTP/1.1" 200 2731 "-" "Mozilla/5.0 (Windows NT 6.1; WOW64) AppleWebKit/537.36 (KHTML, like Gecko) Chrome/44.0.2403.157 Safari/537.36" "cwlangley.com"
10.213.116.55 - - [13/Oct/2022:19:08:15 -0700] "POST /blog/wp-cron.php?doing_wp_cron=1665713295.7151598930358886718750 HTTP/1.1" 200 - "https://cwlangley.com/blog/wp-cron.php?doing_wp_cron=1665713295.7151598930358886718750" "WordPress/4.7.24; http://cwlangley.com/blog" "cwlangley.com"
10.213.116.53 - - [13/Oct/2022:19:08:18 -0700] "POST /blog/wp-cron.php?doing_wp_cron=1665713298.6188979148864746093750 HTTP/1.1" 200 - "https://cwlangley.com/blog/wp-cron.php?doing_wp_cron=1665713298.6188979148864746093750" "WordPress/4.7.24; http://cwlangley.com/blog" "cwlangley.com"
185.119.81.100 - - [13/Oct/2022:19:08:17 -0700] "POST /blog/wp-login.php HTTP/1.1" 200 3698 "https://cwlangley.com/blog/wp-login.php" "Mozilla/5.0 (Windows NT 6.1; WOW64) AppleWebKit/537.36 (KHTML, like Gecko) Chrome/44.0.2403.157 Safari/537.36" "cwlangley.com"
132.148.155.205 - - [13/Oct/2022:19:14:13 -0700] "GET /blog/index.php/been-a-busy-winter/ HTTP/1.1" 200 27020 "https://cwlangley.com/blog/been-a-busy-winter/" "Mozilla/5.0 (Windows NT 10.0) AppleWebKit/537.36 (KHTML, like Gecko) Chrome/90.0.4430.72 Safari/537.36" "cwlangley.com"
185.119.81.109 - - [13/Oct/2022:19:21:37 -0700] "GET /blog/wp-login.php HTTP/1.1" 200 2731 "-" "Mozilla/5.0 (Windows NT 6.1) AppleWebKit/537.36 (KHTML, like Gecko) Chrome/79.0.3945.88 Safari/537.36" "cwlangley.com"
10.213.116.53 - - [13/Oct/2022:19:21:39 -0700] "POST /blog/wp-cron.php?doing_wp_cron=1665714099.8885788917541503906250 HTTP/1.1" 200 - "https://cwlangley.com/blog/wp-cron.php?doing_wp_cron=1665714099.8885788917541503906250" "WordPress/4.7.24; http://cwlangley.com/blog" "cwlangley.com"
10.213.116.53 - - [13/Oct/2022:19:21:42 -0700] "POST /blog/wp-cron.php?doing_wp_cron=1665714102.8278920650482177734375 HTTP/1.1" 200 - "https://cwlangley.com/blog/wp-cron.php?doing_wp_cron=1665714102.8278920650482177734375" "WordPress/4.7.24; http://cwlangley.com/blog" "cwlangley.com"
185.119.81.109 - - [13/Oct/2022:19:21:41 -0700] "POST /blog/wp-login.php HTTP/1.1" 200 3698 "https://cwlangley.com/blog/wp-login.php" "Mozilla/5.0 (Windows NT 6.1) AppleWebKit/537.36 (KHTML, like Gecko) Chrome/79.0.3945.88 Safari/537.36" "cwlangley.com"
185.191.171.26 - - [13/Oct/2022:19:28:21 -0700] "GET /robots.txt HTTP/1.1" 200 56 "-" "Mozilla/5.0 (compatible; SemrushBot/7~bl; +http://www.semrush.com/bot.html)" "cwlangley.com"
185.191.171.14 - - [13/Oct/2022:19:28:21 -0700] "GET /kissinbugspassion/index.php/new-lelo-tor-2-a-must-have/ HTTP/1.1" 200 16260 "-" "Mozilla/5.0 (compatible; SemrushBot/7~bl; +http://www.semrush.com/bot.html)" "cwlangley.com"
10.213.116.55 - - [13/Oct/2022:19:28:23 -0700] "POST /kissinbugspassion/wp-cron.php?doing_wp_cron=1665714503.3123099803924560546875 HTTP/1.1" 200 - "-" "WordPress/3.4.2; https://cwlangley.com/kissinbugspassion" "cwlangley.com"
77.75.79.31 - - [13/Oct/2022:19:29:34 -0700] "GET /blog/index.php/the-call-with-halle-berry-my-review/ HTTP/1.1" 200 29882 "-" "Mozilla/5.0 (compatible; SeznamBot/4.0-RC1; +http://napoveda.seznam.cz/seznambot-intro/)" "cwlangley.com"
207.244.241.132 - - [13/Oct/2022:19:51:04 -0700] "GET / HTTP/1.1" 200 10776 "-" "Mozilla/5.0 (Windows NT 10.0; Win64; x64) AppleWebKit/537.36 (KHTML, like Gecko) Chrome/91.0.4472.124 Safari/537.36" "www.cwlangley.com"
181.214.89.66 - - [13/Oct/2022:20:08:25 -0700] "GET /blog/index.php/my-review-chasing-mavericks/ HTTP/1.1" 200 30440 "https://cwlangley.com/" "Mozilla/5.0 (Windows NT 10.0; Win64; x64) AppleWebKit/537.36 (KHTML, like Gecko) Chrome/103.0.0.0 Safari/537.36" "cwlangley.com"
181.214.89.66 - - [13/Oct/2022:20:08:28 -0700] "GET /blog/wp-login.php?action=register HTTP/1.1" 200 2741 "https://cwlangley.com/" "Mozilla/5.0 (Windows NT 6.3; Win64; x64) AppleWebKit/537.36 (KHTML, like Gecko) Chrome/103.0.0.0 Safari/537.36" "cwlangley.com"
10.213.116.53 - - [13/Oct/2022:20:08:30 -0700] "POST /blog/wp-cron.php?doing_wp_cron=1665716909.9413280487060546875000 HTTP/1.1" 200 - "https://cwlangley.com/blog/wp-cron.php?doing_wp_cron=1665716909.9413280487060546875000" "WordPress/4.7.24; http://cwlangley.com/blog" "cwlangley.com"
10.213.116.54 - - [13/Oct/2022:20:08:34 -0700] "POST /blog/wp-cron.php?doing_wp_cron=1665716913.9532620906829833984375 HTTP/1.1" 200 - "https://cwlangley.com/blog/wp-cron.php?doing_wp_cron=1665716913.9532620906829833984375" "WordPress/4.7.24; http://cwlangley.com/blog" "cwlangley.com"
181.214.89.66 - - [13/Oct/2022:20:08:32 -0700] "GET /blog/wp-login.php?action=register HTTP/1.1" 200 2741 "https://cwlangley.com/blog/wp-login.php?action=register" "Mozilla/5.0 (Windows NT 6.3; Win64; x64) AppleWebKit/537.36 (KHTML, like Gecko) Chrome/103.0.0.0 Safari/537.36" "cwlangley.com"
10.213.116.55 - - [13/Oct/2022:20:08:46 -0700] "POST /blog/wp-cron.php?doing_wp_cron=1665716926.3647799491882324218750 HTTP/1.1" 200 - "https://cwlangley.com/blog/wp-cron.php?doing_wp_cron=1665716926.3647799491882324218750" "WordPress/4.7.24; http://cwlangley.com/blog" "cwlangley.com"
181.214.89.66 - - [13/Oct/2022:20:08:45 -0700] "POST /blog/wp-login.php?action=register HTTP/1.1" 302 - "https://cwlangley.com/blog/wp-login.php?action=register" "Mozilla/5.0 (Windows NT 6.3; Win64; x64) AppleWebKit/537.36 (KHTML, like Gecko) Chrome/103.0.0.0 Safari/537.36" "cwlangley.com"
10.213.116.53 - - [13/Oct/2022:20:08:50 -0700] "POST /blog/wp-cron.php?doing_wp_cron=1665716929.9803769588470458984375 HTTP/1.1" 200 - "https://cwlangley.com/blog/wp-cron.php?doing_wp_cron=1665716929.9803769588470458984375" "WordPress/4.7.24; http://cwlangley.com/blog" "cwlangley.com"
181.214.89.66 - - [13/Oct/2022:20:08:49 -0700] "GET /blog/wp-login.php?checkemail=registered HTTP/1.1" 200 2872 "https://cwlangley.com/blog/wp-login.php?action=register" "Mozilla/5.0 (Windows NT 6.3; Win64; x64) AppleWebKit/537.36 (KHTML, like Gecko) Chrome/103.0.0.0 Safari/537.36" "cwlangley.com"
10.213.116.53 - - [13/Oct/2022:20:10:34 -0700] "POST /blog/wp-cron.php?doing_wp_cron=1665717033.9974989891052246093750 HTTP/1.1" 200 - "https://cwlangley.com/blog/wp-cron.php?doing_wp_cron=1665717033.9974989891052246093750" "WordPress/4.7.24; http://cwlangley.com/blog" "cwlangley.com"
181.214.89.66 - - [13/Oct/2022:20:10:32 -0700] "GET /blog/wp-login.php?checkemail=registered HTTP/1.1" 200 2872 "https://cwlangley.com/" "Mozilla/5.0 (Windows NT 10.0; Win64; x64) AppleWebKit/537.36 (KHTML, like Gecko) Chrome/103.0.0.0 Safari/537.36" "cwlangley.com"
10.213.116.54 - - [13/Oct/2022:20:10:37 -0700] "POST /blog/wp-cron.php?doing_wp_cron=1665717037.3070340156555175781250 HTTP/1.1" 200 - "https://cwlangley.com/blog/wp-cron.php?doing_wp_cron=1665717037.3070340156555175781250" "WordPress/4.7.24; http://cwlangley.com/blog" "cwlangley.com"
181.214.89.66 - - [13/Oct/2022:20:10:36 -0700] "GET /blog/wp-login.php HTTP/1.1" 200 2731 "https://cwlangley.com/" "Mozilla/5.0 (Windows NT 6.3; Win64; x64) AppleWebKit/537.36 (KHTML, like Gecko) Chrome/103.0.0.0 Safari/537.36" "cwlangley.com"
10.213.116.54 - - [13/Oct/2022:20:10:40 -0700] "POST /blog/wp-cron.php?doing_wp_cron=1665717040.5063469409942626953125 HTTP/1.1" 200 - "https://cwlangley.com/blog/wp-cron.php?doing_wp_cron=1665717040.5063469409942626953125" "WordPress/4.7.24; http://cwlangley.com/blog" "cwlangley.com"
181.214.89.66 - - [13/Oct/2022:20:10:39 -0700] "POST /blog/wp-login.php HTTP/1.1" 200 3763 "https://cwlangley.com/blog/wp-login.php" "Mozilla/5.0 (Windows NT 6.3; Win64; x64) AppleWebKit/537.36 (KHTML, like Gecko) Chrome/103.0.0.0 Safari/537.36" "cwlangley.com"
40.77.167.48 - - [13/Oct/2022:20:39:35 -0700] "GET /blog/wp-content/uploads/2012/05/Battleship_film_SS_17-1024x427.jpg HTTP/1.1" 200 69658 "-" "Mozilla/5.0 (compatible; bingbot/2.0; +http://www.bing.com/bingbot.htm)" "cwlangley.com"
61.135.159.209 - - [13/Oct/2022:20:57:23 -0700] "GET / HTTP/1.1" 200 1732 "-" "Sogou web spider/4.0(+http://www.sogou.com/docs/help/webmasters.htm#07)" "www.cwlangley.com"
181.214.89.66 - - [13/Oct/2022:21:24:24 -0700] "GET /blog/wp-login.php?checkemail=registered HTTP/1.1" 200 2872 "https://cwlangley.com/" "Mozilla/5.0 (Windows NT 10.0; Win64; x64) AppleWebKit/537.36 (KHTML, like Gecko) Chrome/103.0.0.0 Safari/537.36" "cwlangley.com"
10.213.116.54 - - [13/Oct/2022:21:24:26 -0700] "POST /blog/wp-cron.php?doing_wp_cron=1665721466.1875500679016113281250 HTTP/1.1" 200 - "https://cwlangley.com/blog/wp-cron.php?doing_wp_cron=1665721466.1875500679016113281250" "WordPress/4.7.24; http://cwlangley.com/blog" "cwlangley.com"
10.213.116.54 - - [13/Oct/2022:21:24:29 -0700] "POST /blog/wp-cron.php?doing_wp_cron=1665721469.4100379943847656250000 HTTP/1.1" 200 - "https://cwlangley.com/blog/wp-cron.php?doing_wp_cron=1665721469.4100379943847656250000" "WordPress/4.7.24; http://cwlangley.com/blog" "cwlangley.com"
181.214.89.66 - - [13/Oct/2022:21:24:28 -0700] "GET /blog/wp-login.php HTTP/1.1" 200 2731 "https://cwlangley.com/" "Mozilla/5.0 (Windows NT 6.3; Win64; x64) AppleWebKit/537.36 (KHTML, like Gecko) Chrome/103.0.0.0 Safari/537.36" "cwlangley.com"
10.213.116.53 - - [13/Oct/2022:21:24:32 -0700] "POST /blog/wp-cron.php?doing_wp_cron=1665721472.8440968990325927734375 HTTP/1.1" 200 - "https://cwlangley.com/blog/wp-cron.php?doing_wp_cron=1665721472.8440968990325927734375" "WordPress/4.7.24; http://cwlangley.com/blog" "cwlangley.com"
181.214.89.66 - - [13/Oct/2022:21:24:31 -0700] "POST /blog/wp-login.php HTTP/1.1" 200 3763 "https://cwlangley.com/blog/wp-login.php" "Mozilla/5.0 (Windows NT 6.3; Win64; x64) AppleWebKit/537.36 (KHTML, like Gecko) Chrome/103.0.0.0 Safari/537.36" "cwlangley.com"
185.81.1.101 - - [13/Oct/2022:21:31:51 -0700] "GET /wp-content/plugins/wp-automatic/php_cron.php HTTP/1.1" 404 73 "http://cwlangley.com/wp-content/plugins/wp-automatic/php_cron.php" "Mozilla/5.0 (Windows; U; Windows NT 5.1; en-US) AppleWebKit/533.4 (KHTML, like Gecko) Chrome/5.0.375.99 Safari/533.4" "cwlangley.com"
185.119.81.109 - - [13/Oct/2022:21:48:44 -0700] "GET /blog/wp-login.php HTTP/1.1" 200 2731 "-" "Mozilla/5.0 (Windows NT 6.1; Win64; x64) AppleWebKit/537.36 (KHTML, like Gecko) Chrome/97.0.4692.71 Safari/537.36" "cwlangley.com"
10.213.116.55 - - [13/Oct/2022:21:48:47 -0700] "POST /blog/wp-cron.php?doing_wp_cron=1665722927.6601810455322265625000 HTTP/1.1" 200 - "https://cwlangley.com/blog/wp-cron.php?doing_wp_cron=1665722927.6601810455322265625000" "WordPress/4.7.24; http://cwlangley.com/blog" "cwlangley.com"
185.119.81.109 - - [13/Oct/2022:21:48:49 -0700] "POST /blog/wp-login.php HTTP/1.1" 200 3698 "https://cwlangley.com/blog/wp-login.php" "Mozilla/5.0 (Windows NT 6.1; Win64; x64) AppleWebKit/537.36 (KHTML, like Gecko) Chrome/97.0.4692.71 Safari/537.36" "cwlangley.com"
10.213.116.54 - - [13/Oct/2022:21:48:52 -0700] "POST /blog/wp-cron.php?doing_wp_cron=1665722932.0303590297698974609375 HTTP/1.1" 200 - "https://cwlangley.com/blog/wp-cron.php?doing_wp_cron=1665722932.0303590297698974609375" "WordPress/4.7.24; http://cwlangley.com/blog" "cwlangley.com"
37.139.53.81 - - [13/Oct/2022:21:54:35 -0700] "GET /blog/index.php/been-a-busy-winter/ HTTP/1.1" 200 27020 "https://cwlangley.com/blog/been-a-busy-winter/" "Mozilla/5.0 (Windows NT 6.3; Win64; x64) AppleWebKit/537.36 (KHTML, like Gecko) Chrome/83.0.4103.61 Safari/537.36" "cwlangley.com"
10.213.116.54 - - [13/Oct/2022:21:54:39 -0700] "POST /blog/wp-cron.php?doing_wp_cron=1665723279.5878450870513916015625 HTTP/1.1" 200 - "https://cwlangley.com/blog/wp-cron.php?doing_wp_cron=1665723279.5878450870513916015625" "WordPress/4.7.24; https://cwlangley.com/blog" "cwlangley.com"
37.139.53.81 - - [13/Oct/2022:21:54:37 -0700] "POST /blog/wp-comments-post.php HTTP/1.1" 500 - "https://cwlangley.com/blog/been-a-busy-winter/" "Mozilla/5.0 (Windows NT 6.3; Win64; x64) AppleWebKit/537.36 (KHTML, like Gecko) Chrome/83.0.4103.61 Safari/537.36" "cwlangley.com"
193.202.110.29 - - [13/Oct/2022:22:39:56 -0700] "GET /wp-includes/blocks/comment-content/wp-conflg.php HTTP/1.1" 404 73 "http://cwlangley.com/wp-includes/blocks/comment-content/wp-conflg.php" "Mozilla/5.0 (Windows; U; Windows NT 5.1; en-US) AppleWebKit/533.4 (KHTML, like Gecko) Chrome/5.0.375.99 Safari/533.4" "cwlangley.com"
123.56.21.243 - - [13/Oct/2022:22:59:04 -0700] "GET /wp-blog-content.php HTTP/1.1" 404 73 "http://cwlangley.com/wp-blog-content.php" "Mozilla/5.0 (Windows; U; Windows NT 5.1; en-US) AppleWebKit/533.4 (KHTML, like Gecko) Chrome/5.0.375.99 Safari/533.4" "cwlangley.com"
123.56.21.243 - - [13/Oct/2022:22:59:09 -0700] "GET /wp-blog-content.php HTTP/1.1" 404 73 "http://cwlangley.com/wp-blog-content.php" "Mozilla/5.0 (Windows; U; Windows NT 5.1; en-US) AppleWebKit/533.4 (KHTML, like Gecko) Chrome/5.0.375.99 Safari/533.4" "cwlangley.com"
185.119.81.103 - - [13/Oct/2022:23:05:47 -0700] "GET /blog/wp-login.php HTTP/1.1" 200 2731 "-" "Mozilla/5.0 (Windows NT 6.1; WOW64) AppleWebKit/537.36 (KHTML, like Gecko) Chrome/69.0.3497.100 Safari/537.36" "cwlangley.com"
185.119.81.103 - - [13/Oct/2022:23:05:51 -0700] "POST /blog/wp-login.php HTTP/1.1" 200 3698 "https://cwlangley.com/blog/wp-login.php" "Mozilla/5.0 (Windows NT 6.1; WOW64) AppleWebKit/537.36 (KHTML, like Gecko) Chrome/69.0.3497.100 Safari/537.36" "cwlangley.com"
10.213.116.53 - - [13/Oct/2022:23:05:49 -0700] "POST /blog/wp-cron.php?doing_wp_cron=1665727549.6116230487823486328125 HTTP/1.1" 200 - "https://cwlangley.com/blog/wp-cron.php?doing_wp_cron=1665727549.6116230487823486328125" "WordPress/4.7.24; http://cwlangley.com/blog" "cwlangley.com"
10.213.116.53 - - [13/Oct/2022:23:07:22 -0700] "POST /blog/wp-cron.php?doing_wp_cron=1665727642.1424040794372558593750 HTTP/1.1" 200 - "https://cwlangley.com/blog/wp-cron.php?doing_wp_cron=1665727642.1424040794372558593750" "WordPress/4.7.24; https://cwlangley.com/blog" "cwlangley.com"
44.228.64.221 - - [13/Oct/2022:23:07:21 -0700] "GET /blog/index.php/into-the-woods-my-review/ HTTP/1.1" 200 28037 "-" "Python/3.8 aiohttp/3.8.3" "cwlangley.com"
119.96.231.166 - - [13/Oct/2022:23:13:09 -0700] "GET / HTTP/1.1" 200 10776 "https://cwlangley.com/" "Mozilla/5.0 (Windows NT 10.0; Win64; x64) AppleWebKit/537.36 (KHTML, like Gecko) Chrome/90.0.4430.72 Safari/537.36" "cwlangley.com"
119.96.231.166 - - [13/Oct/2022:23:13:17 -0700] "GET /blog/ HTTP/1.1" 200 52597 "https://cwlangley.com/blog/" "Mozilla/5.0 (Windows NT 10.0; Win64; x64) AppleWebKit/537.36 (KHTML, like Gecko) Chrome/90.0.4430.72 Safari/537.36" "cwlangley.com"
119.96.231.166 - - [13/Oct/2022:23:13:20 -0700] "GET /blog/index.php/been-a-busy-winter/ HTTP/1.1" 200 27020 "https://cwlangley.com/blog/been-a-busy-winter/" "Mozilla/5.0 (Windows NT 10.0; Win64; x64) AppleWebKit/537.36 (KHTML, like Gecko) Chrome/90.0.4430.72 Safari/537.36" "cwlangley.com"
10.213.116.55 - - [13/Oct/2022:23:13:26 -0700] "POST /blog/wp-cron.php?doing_wp_cron=1665728006.6661601066589355468750 HTTP/1.1" 200 - "https://cwlangley.com/blog/wp-cron.php?doing_wp_cron=1665728006.6661601066589355468750" "WordPress/4.7.24; https://cwlangley.com/blog" "cwlangley.com"
119.96.231.166 - - [13/Oct/2022:23:13:24 -0700] "GET /blog/index.php/the-intern-with-robert-deniro-my-review/ HTTP/1.1" 200 28413 "https://cwlangley.com/blog/the-intern-with-robert-deniro-my-review/" "Mozilla/5.0 (Windows NT 10.0; Win64; x64) AppleWebKit/537.36 (KHTML, like Gecko) Chrome/90.0.4430.72 Safari/537.36" "cwlangley.com"
10.213.116.54 - - [13/Oct/2022:23:13:35 -0700] "POST /blog/wp-cron.php?doing_wp_cron=1665728015.0116350650787353515625 HTTP/1.1" 200 - "https://cwlangley.com/blog/wp-cron.php?doing_wp_cron=1665728015.0116350650787353515625" "WordPress/4.7.24; https://cwlangley.com/blog" "cwlangley.com"
119.96.231.166 - - [13/Oct/2022:23:13:33 -0700] "GET /blog/index.php/the-fantastic-four-my-review/ HTTP/1.1" 200 26350 "https://cwlangley.com/blog/the-fantastic-four-my-review/" "Mozilla/5.0 (Windows NT 10.0; Win64; x64) AppleWebKit/537.36 (KHTML, like Gecko) Chrome/90.0.4430.72 Safari/537.36" "cwlangley.com"
10.213.116.55 - - [13/Oct/2022:23:13:41 -0700] "POST /blog/wp-cron.php?doing_wp_cron=1665728021.0942630767822265625000 HTTP/1.1" 200 - "https://cwlangley.com/blog/wp-cron.php?doing_wp_cron=1665728021.0942630767822265625000" "WordPress/4.7.24; https://cwlangley.com/blog" "cwlangley.com"
119.96.231.166 - - [13/Oct/2022:23:13:40 -0700] "GET /blog/index.php/magic-mike-xxl-my-review/ HTTP/1.1" 200 28435 "https://cwlangley.com/blog/magic-mike-xxl-my-review/" "Mozilla/5.0 (Windows NT 10.0; Win64; x64) AppleWebKit/537.36 (KHTML, like Gecko) Chrome/90.0.4430.72 Safari/537.36" "cwlangley.com"
10.213.116.54 - - [13/Oct/2022:23:13:50 -0700] "POST /blog/wp-cron.php?doing_wp_cron=1665728030.2138409614562988281250 HTTP/1.1" 200 - "https://cwlangley.com/blog/wp-cron.php?doing_wp_cron=1665728030.2138409614562988281250" "WordPress/4.7.24; https://cwlangley.com/blog" "cwlangley.com"
119.96.231.166 - - [13/Oct/2022:23:13:46 -0700] "GET /blog/index.php/samba-my-review/ HTTP/1.1" 200 27738 "https://cwlangley.com/blog/samba-my-review/" "Mozilla/5.0 (Windows NT 10.0; Win64; x64) AppleWebKit/537.36 (KHTML, like Gecko) Chrome/90.0.4430.72 Safari/537.36" "cwlangley.com"
10.213.116.53 - - [13/Oct/2022:23:13:58 -0700] "POST /blog/wp-cron.php?doing_wp_cron=1665728038.7788031101226806640625 HTTP/1.1" 200 - "https://cwlangley.com/blog/wp-cron.php?doing_wp_cron=1665728038.7788031101226806640625" "WordPress/4.7.24; https://cwlangley.com/blog" "cwlangley.com"
119.96.231.166 - - [13/Oct/2022:23:13:57 -0700] "GET /blog/index.php/chappie-my-review/ HTTP/1.1" 200 32056 "https://cwlangley.com/blog/chappie-my-review/" "Mozilla/5.0 (Windows NT 10.0; Win64; x64) AppleWebKit/537.36 (KHTML, like Gecko) Chrome/90.0.4430.72 Safari/537.36" "cwlangley.com"
119.96.231.166 - - [13/Oct/2022:23:14:03 -0700] "GET /blog/index.php/into-the-woods-my-review/ HTTP/1.1" 200 28077 "https://cwlangley.com/blog/into-the-woods-my-review/" "Mozilla/5.0 (Windows NT 10.0; Win64; x64) AppleWebKit/537.36 (KHTML, like Gecko) Chrome/90.0.4430.72 Safari/537.36" "cwlangley.com"
10.213.116.53 - - [13/Oct/2022:23:14:07 -0700] "POST /blog/wp-cron.php?doing_wp_cron=1665728047.1600840091705322265625 HTTP/1.1" 200 - "https://cwlangley.com/blog/wp-cron.php?doing_wp_cron=1665728047.1600840091705322265625" "WordPress/4.7.24; https://cwlangley.com/blog" "cwlangley.com"
119.96.231.166 - - [13/Oct/2022:23:14:06 -0700] "GET /blog/index.php/trying-to-get-to-my-daughters-wedding/ HTTP/1.1" 200 28989 "https://cwlangley.com/blog/trying-to-get-to-my-daughters-wedding/" "Mozilla/5.0 (Windows NT 10.0; Win64; x64) AppleWebKit/537.36 (KHTML, like Gecko) Chrome/90.0.4430.72 Safari/537.36" "cwlangley.com"
10.213.116.53 - - [13/Oct/2022:23:14:12 -0700] "POST /blog/wp-cron.php?doing_wp_cron=1665728052.2449679374694824218750 HTTP/1.1" 200 - "https://cwlangley.com/blog/wp-cron.php?doing_wp_cron=1665728052.2449679374694824218750" "WordPress/4.7.24; https://cwlangley.com/blog" "cwlangley.com"
119.96.231.166 - - [13/Oct/2022:23:14:11 -0700] "GET /blog/index.php/the-best-of-me-my-review/ HTTP/1.1" 200 29206 "https://cwlangley.com/blog/the-best-of-me-my-review/" "Mozilla/5.0 (Windows NT 10.0; Win64; x64) AppleWebKit/537.36 (KHTML, like Gecko) Chrome/90.0.4430.72 Safari/537.36" "cwlangley.com"
10.213.116.53 - - [13/Oct/2022:23:14:18 -0700] "POST /blog/wp-cron.php?doing_wp_cron=1665728058.1384100914001464843750 HTTP/1.1" 200 - "https://cwlangley.com/blog/wp-cron.php?doing_wp_cron=1665728058.1384100914001464843750" "WordPress/4.7.24; https://cwlangley.com/blog" "cwlangley.com"
119.96.231.166 - - [13/Oct/2022:23:14:17 -0700] "GET /blog/index.php/pride-my-review/ HTTP/1.1" 200 29281 "https://cwlangley.com/blog/pride-my-review/" "Mozilla/5.0 (Windows NT 10.0; Win64; x64) AppleWebKit/537.36 (KHTML, like Gecko) Chrome/90.0.4430.72 Safari/537.36" "cwlangley.com"
10.213.116.54 - - [13/Oct/2022:23:14:23 -0700] "POST /blog/wp-cron.php?doing_wp_cron=1665728063.8869919776916503906250 HTTP/1.1" 200 - "https://cwlangley.com/blog/wp-cron.php?doing_wp_cron=1665728063.8869919776916503906250" "WordPress/4.7.24; https://cwlangley.com/blog" "cwlangley.com"
119.96.231.166 - - [13/Oct/2022:23:14:22 -0700] "GET /blog/index.php/hector-and-the-search-for-happiness-my-review/ HTTP/1.1" 200 30072 "https://cwlangley.com/blog/hector-and-the-search-for-happiness-my-review/" "Mozilla/5.0 (Windows NT 10.0; Win64; x64) AppleWebKit/537.36 (KHTML, like Gecko) Chrome/90.0.4430.72 Safari/537.36" "cwlangley.com"
118.184.177.31 - - [13/Oct/2022:23:17:00 -0700] "GET / HTTP/1.1" 200 1732 "-" "Sogou web spider/4.0(+http://www.sogou.com/docs/help/webmasters.htm#07)" "www.cwlangley.com"
65.207.32.196 - - [13/Oct/2022:23:42:18 -0700] "GET /blog/index.php/been-a-busy-winter/ HTTP/1.1" 200 27020 "https://cwlangley.com/blog/been-a-busy-winter/" "Mozilla/5.0 (Windows NT 6.3; Win64; x64) AppleWebKit/537.36 (KHTML, like Gecko) Chrome/90.0.4430.93 Safari/537.36" "cwlangley.com"
10.213.116.54 - - [13/Oct/2022:23:42:23 -0700] "POST /blog/wp-cron.php?doing_wp_cron=1665729743.4837100505828857421875 HTTP/1.1" 200 - "https://cwlangley.com/blog/wp-cron.php?doing_wp_cron=1665729743.4837100505828857421875" "WordPress/4.7.24; https://cwlangley.com/blog" "cwlangley.com"
65.207.32.196 - - [13/Oct/2022:23:42:21 -0700] "POST /blog/wp-comments-post.php HTTP/1.1" 500 - "https://cwlangley.com/blog/been-a-busy-winter/" "Mozilla/5.0 (Windows NT 6.3; Win64; x64) AppleWebKit/537.36 (KHTML, like Gecko) Chrome/90.0.4430.93 Safari/537.36" "cwlangley.com"
10.213.116.55 - - [13/Oct/2022:23:42:27 -0700] "POST /blog/wp-cron.php?doing_wp_cron=1665729747.2042639255523681640625 HTTP/1.1" 200 - "https://cwlangley.com/blog/wp-cron.php?doing_wp_cron=1665729747.2042639255523681640625" "WordPress/4.7.24; http://cwlangley.com/blog" "cwlangley.com"
185.119.81.103 - - [13/Oct/2022:23:42:26 -0700] "GET /blog/wp-login.php HTTP/1.1" 200 2731 "-" "Mozilla/5.0 (Windows NT 10.0; Win64; x64) AppleWebKit/537.36 (KHTML, like Gecko) Chrome/68.0.3440.75 Safari/537.36" "cwlangley.com"
10.213.116.55 - - [13/Oct/2022:23:42:29 -0700] "POST /blog/wp-cron.php?doing_wp_cron=1665729749.8250679969787597656250 HTTP/1.1" 200 - "https://cwlangley.com/blog/wp-cron.php?doing_wp_cron=1665729749.8250679969787597656250" "WordPress/4.7.24; http://cwlangley.com/blog" "cwlangley.com"
185.119.81.103 - - [13/Oct/2022:23:42:29 -0700] "POST /blog/wp-login.php HTTP/1.1" 200 3698 "https://cwlangley.com/blog/wp-login.php" "Mozilla/5.0 (Windows NT 10.0; Win64; x64) AppleWebKit/537.36 (KHTML, like Gecko) Chrome/68.0.3440.75 Safari/537.36" "cwlangley.com"
185.191.171.15 - - [13/Oct/2022:23:42:43 -0700] "GET /robots.txt HTTP/1.1" 200 56 "-" "Mozilla/5.0 (compatible; SemrushBot/7~bl; +http://www.semrush.com/bot.html)" "cwlangley.com"
10.213.116.54 - - [13/Oct/2022:23:42:45 -0700] "POST /blog/wp-cron.php?doing_wp_cron=1665729765.1075809001922607421875 HTTP/1.1" 200 - "https://cwlangley.com/blog/wp-cron.php?doing_wp_cron=1665729765.1075809001922607421875" "WordPress/4.7.24; https://cwlangley.com/blog" "cwlangley.com"
185.191.171.34 - - [13/Oct/2022:23:42:44 -0700] "GET /blog/index.php/my-review-ted/ HTTP/1.1" 200 28380 "-" "Mozilla/5.0 (compatible; SemrushBot/7~bl; +http://www.semrush.com/bot.html)" "cwlangley.com"
185.191.171.1 - - [14/Oct/2022:00:03:23 -0700] "GET /blog/index.php/my-review-ted/ HTTP/1.1" 200 28420 "-" "Mozilla/5.0 (compatible; SemrushBot/7~bl; +http://www.semrush.com/bot.html)" "cwlangley.com"
10.213.116.53 - - [14/Oct/2022:00:06:05 -0700] "POST /blog/wp-cron.php?doing_wp_cron=1665731165.6624000072479248046875 HTTP/1.1" 200 - "https://cwlangley.com/blog/wp-cron.php?doing_wp_cron=1665731165.6624000072479248046875" "WordPress/4.7.24; https://cwlangley.com/blog" "cwlangley.com"
185.191.171.14 - - [14/Oct/2022:00:06:03 -0700] "GET /blog/index.php/author/administrator/ HTTP/1.1" 200 53779 "-" "Mozilla/5.0 (compatible; SemrushBot/7~bl; +http://www.semrush.com/bot.html)" "cwlangley.com"
37.214.241.120 - - [14/Oct/2022:00:21:03 -0700] "GET /blog/index.php/been-a-busy-winter/ HTTP/1.1" 200 27020 "https://cwlangley.com/blog/been-a-busy-winter/" "Mozilla/5.0 (Windows NT 6.2; Win64; x64) AppleWebKit/537.36 (KHTML, like Gecko) Chrome/90.0.4430.93 Safari/537.36" "cwlangley.com"
37.214.241.120 - - [14/Oct/2022:00:21:08 -0700] "GET /blog/index.php/been-a-busy-winter/ HTTP/1.1" 200 27020 "https://cwlangley.com/blog/been-a-busy-winter/" "Mozilla/5.0 (Windows NT 6.2; Win64; x64) AppleWebKit/537.36 (KHTML, like Gecko) Chrome/90.0.4430.93 Safari/537.36" "cwlangley.com"
37.214.241.120 - - [14/Oct/2022:00:21:06 -0700] "POST /blog/wp-comments-post.php HTTP/1.1" 500 - "https://cwlangley.com/blog/been-a-busy-winter/" "Mozilla/5.0 (Windows NT 6.2; Win64; x64) AppleWebKit/537.36 (KHTML, like Gecko) Chrome/90.0.4430.93 Safari/537.36" "cwlangley.com"
10.213.116.53 - - [14/Oct/2022:00:21:08 -0700] "POST /blog/wp-cron.php?doing_wp_cron=1665732068.8022611141204833984375 HTTP/1.1" 200 - "https://cwlangley.com/blog/wp-cron.php?doing_wp_cron=1665732068.8022611141204833984375" "WordPress/4.7.24; https://cwlangley.com/blog" "cwlangley.com"
216.131.114.96 - - [14/Oct/2022:00:23:55 -0700] "GET / HTTP/1.1" 200 10776 "https://cwlangley.com/" "Mozilla/5.0 (Windows NT 6.3; Win64; x64) AppleWebKit/537.36 (KHTML, like Gecko) Chrome/90.0.4430.85 Safari/537.36 Edg/90.0.818.46" "cwlangley.com"
216.131.114.96 - - [14/Oct/2022:00:23:56 -0700] "GET /blog/ HTTP/1.1" 200 52597 "https://cwlangley.com/blog/" "Mozilla/5.0 (Windows NT 6.3; Win64; x64) AppleWebKit/537.36 (KHTML, like Gecko) Chrome/90.0.4430.85 Safari/537.36 Edg/90.0.818.46" "cwlangley.com"
216.131.114.96 - - [14/Oct/2022:00:24:20 -0700] "GET /blog/index.php/the-intern-with-robert-deniro-my-review/ HTTP/1.1" 200 28453 "https://cwlangley.com/blog/the-intern-with-robert-deniro-my-review/" "Mozilla/5.0 (Windows NT 6.3; Win64; x64) AppleWebKit/537.36 (KHTML, like Gecko) Chrome/90.0.4430.85 Safari/537.36 Edg/90.0.818.46" "cwlangley.com"
216.131.114.96 - - [14/Oct/2022:00:23:59 -0700] "GET /blog/index.php/been-a-busy-winter/ HTTP/1.1" 200 18384 "https://cwlangley.com/blog/been-a-busy-winter/" "Mozilla/5.0 (Windows NT 6.3; Win64; x64) AppleWebKit/537.36 (KHTML, like Gecko) Chrome/90.0.4430.85 Safari/537.36 Edg/90.0.818.46" "cwlangley.com"
10.213.116.55 - - [14/Oct/2022:00:24:26 -0700] "POST /blog/wp-cron.php?doing_wp_cron=1665732266.5900449752807617187500 HTTP/1.1" 200 - "https://cwlangley.com/blog/wp-cron.php?doing_wp_cron=1665732266.5900449752807617187500" "WordPress/4.7.24; https://cwlangley.com/blog" "cwlangley.com"
216.131.114.96 - - [14/Oct/2022:00:24:22 -0700] "POST /blog/wp-comments-post.php HTTP/1.1" 500 - "https://cwlangley.com/blog/the-intern-with-robert-deniro-my-review/" "Mozilla/5.0 (Windows NT 6.3; Win64; x64) AppleWebKit/537.36 (KHTML, like Gecko) Chrome/90.0.4430.85 Safari/537.36 Edg/90.0.818.46" "cwlangley.com"
15.235.138.120 - - [14/Oct/2022:00:30:49 -0700] "GET /wp-login.php HTTP/1.1" 404 88 "http://cwlangley.com/wp-login.php" "Mozilla/5.0 (Windows NT 10.0; Win64; x64; rv:96.0) Gecko/20100101 Firefox/96" "cwlangley.com"
104.208.83.236 - - [14/Oct/2022:00:30:56 -0700] "GET /blog/index.php/been-a-busy-winter/ HTTP/1.1" 200 27020 "https://cwlangley.com/blog/been-a-busy-winter/" "Mozilla/5.0 (Windows NT 10.0) AppleWebKit/537.36 (KHTML, like Gecko) Chrome/90.0.4430.93 Safari/537.36" "cwlangley.com"
10.213.116.53 - - [14/Oct/2022:00:31:04 -0700] "POST /blog/wp-cron.php?doing_wp_cron=1665732664.0872700214385986328125 HTTP/1.1" 200 - "https://cwlangley.com/blog/wp-cron.php?doing_wp_cron=1665732664.0872700214385986328125" "WordPress/4.7.24; https://cwlangley.com/blog" "cwlangley.com"
104.208.83.236 - - [14/Oct/2022:00:31:01 -0700] "POST /blog/wp-comments-post.php HTTP/1.1" 500 - "https://cwlangley.com/blog/been-a-busy-winter/" "Mozilla/5.0 (Windows NT 10.0) AppleWebKit/537.36 (KHTML, like Gecko) Chrome/90.0.4430.93 Safari/537.36" "cwlangley.com"
10.213.116.55 - - [14/Oct/2022:00:36:08 -0700] "POST /blog/wp-cron.php?doing_wp_cron=1665732968.1229639053344726562500 HTTP/1.1" 200 - "https://cwlangley.com/blog/wp-cron.php?doing_wp_cron=1665732968.1229639053344726562500" "WordPress/4.7.24; https://cwlangley.com/blog" "cwlangley.com"
185.191.171.38 - - [14/Oct/2022:00:36:06 -0700] "GET /blog/index.php/2014/09/ HTTP/1.1" 200 19485 "-" "Mozilla/5.0 (compatible; SemrushBot/7~bl; +http://www.semrush.com/bot.html)" "cwlangley.com"
44.228.64.221 - - [14/Oct/2022:00:39:25 -0700] "GET /blog/index.php/tammy-with-melissa-mccarthy-my-review/ HTTP/1.1" 200 28233 "-" "Python/3.8 aiohttp/3.8.3" "cwlangley.com"
10.213.116.53 - - [14/Oct/2022:00:39:27 -0700] "POST /blog/wp-cron.php?doing_wp_cron=1665733167.2458500862121582031250 HTTP/1.1" 200 - "https://cwlangley.com/blog/wp-cron.php?doing_wp_cron=1665733167.2458500862121582031250" "WordPress/4.7.24; https://cwlangley.com/blog" "cwlangley.com"
77.75.79.31 - - [14/Oct/2022:01:09:43 -0700] "GET /blog/wp-login.php HTTP/1.1" 200 2731 "-" "Mozilla/5.0 (compatible; SeznamBot/4.0-RC1; +http://napoveda.seznam.cz/seznambot-intro/)" "cwlangley.com"
10.213.116.53 - - [14/Oct/2022:01:09:45 -0700] "POST /blog/wp-cron.php?doing_wp_cron=1665734985.0143740177154541015625 HTTP/1.1" 200 - "https://cwlangley.com/blog/wp-cron.php?doing_wp_cron=1665734985.0143740177154541015625" "WordPress/4.7.24; http://cwlangley.com/blog" "cwlangley.com"
51.254.211.171 - - [14/Oct/2022:01:14:17 -0700] "GET /blog/index.php/been-a-busy-winter/ HTTP/1.1" 200 27020 "https://cwlangley.com/blog/been-a-busy-winter/" "Mozilla/5.0 (Windows NT 10.0; Win64; x64) AppleWebKit/537.36 (KHTML, like Gecko) Chrome/90.0.4430.85 Safari/537.36 Edg/90.0.818.49" "cwlangley.com"
51.254.211.171 - - [14/Oct/2022:01:14:23 -0700] "POST /blog/wp-comments-post.php HTTP/1.1" 500 - "https://cwlangley.com/blog/been-a-busy-winter/" "Mozilla/5.0 (Windows NT 10.0; Win64; x64) AppleWebKit/537.36 (KHTML, like Gecko) Chrome/90.0.4430.85 Safari/537.36 Edg/90.0.818.49" "cwlangley.com"
10.213.116.55 - - [14/Oct/2022:01:14:25 -0700] "POST /blog/wp-cron.php?doing_wp_cron=1665735265.3855729103088378906250 HTTP/1.1" 200 - "https://cwlangley.com/blog/wp-cron.php?doing_wp_cron=1665735265.3855729103088378906250" "WordPress/4.7.24; https://cwlangley.com/blog" "cwlangley.com"
216.131.114.96 - - [14/Oct/2022:01:22:11 -0700] "GET / HTTP/1.1" 200 10776 "https://cwlangley.com/" "Mozilla/5.0 (Windows NT 10.0) AppleWebKit/537.36 (KHTML, like Gecko) Chrome/90.0.4430.85 Safari/537.36 Edg/90.0.818.46" "cwlangley.com"
216.131.114.96 - - [14/Oct/2022:01:22:13 -0700] "GET /blog/ HTTP/1.1" 200 52597 "https://cwlangley.com/blog/" "Mozilla/5.0 (Windows NT 10.0) AppleWebKit/537.36 (KHTML, like Gecko) Chrome/90.0.4430.85 Safari/537.36 Edg/90.0.818.46" "cwlangley.com"
216.131.114.96 - - [14/Oct/2022:01:22:15 -0700] "GET /blog/index.php/been-a-busy-winter/ HTTP/1.1" 200 27020 "https://cwlangley.com/blog/been-a-busy-winter/" "Mozilla/5.0 (Windows NT 10.0) AppleWebKit/537.36 (KHTML, like Gecko) Chrome/90.0.4430.85 Safari/537.36 Edg/90.0.818.46" "cwlangley.com"
216.131.114.96 - - [14/Oct/2022:01:22:16 -0700] "POST /blog/wp-comments-post.php HTTP/1.1" 500 - "https://cwlangley.com/blog/been-a-busy-winter/" "Mozilla/5.0 (Windows NT 10.0) AppleWebKit/537.36 (KHTML, like Gecko) Chrome/90.0.4430.85 Safari/537.36 Edg/90.0.818.46" "cwlangley.com"
10.213.116.54 - - [14/Oct/2022:01:22:19 -0700] "POST /blog/wp-cron.php?doing_wp_cron=1665735739.1549899578094482421875 HTTP/1.1" 200 - "https://cwlangley.com/blog/wp-cron.php?doing_wp_cron=1665735739.1549899578094482421875" "WordPress/4.7.24; https://cwlangley.com/blog" "cwlangley.com"
49.7.20.96 - - [14/Oct/2022:01:31:46 -0700] "GET / HTTP/1.1" 200 1734 "-" "Sogou web spider/4.0(+http://www.sogou.com/docs/help/webmasters.htm#07)" "www.cwlangley.com"
10.213.116.53 - - [14/Oct/2022:01:36:56 -0700] "POST /blog/wp-cron.php?doing_wp_cron=1665736616.2240209579467773437500 HTTP/1.1" 200 - "https://cwlangley.com/blog/wp-cron.php?doing_wp_cron=1665736616.2240209579467773437500" "WordPress/4.7.24; http://cwlangley.com/blog" "cwlangley.com"
185.119.81.109 - - [14/Oct/2022:01:36:54 -0700] "GET /blog/wp-login.php HTTP/1.1" 200 2731 "-" "Mozilla/5.0 (Windows NT 6.1; Win64; x64) AppleWebKit/537.36 (KHTML, like Gecko) Chrome/85.0.4183.102 Safari/537.36" "cwlangley.com"
10.213.116.55 - - [14/Oct/2022:01:36:59 -0700] "POST /blog/wp-cron.php?doing_wp_cron=1665736619.5490419864654541015625 HTTP/1.1" 200 - "https://cwlangley.com/blog/wp-cron.php?doing_wp_cron=1665736619.5490419864654541015625" "WordPress/4.7.24; http://cwlangley.com/blog" "cwlangley.com"
185.119.81.109 - - [14/Oct/2022:01:36:58 -0700] "POST /blog/wp-login.php HTTP/1.1" 200 3698 "https://cwlangley.com/blog/wp-login.php" "Mozilla/5.0 (Windows NT 6.1; Win64; x64) AppleWebKit/537.36 (KHTML, like Gecko) Chrome/85.0.4183.102 Safari/537.36" "cwlangley.com"
44.228.64.221 - - [14/Oct/2022:01:42:38 -0700] "GET /blog/index.php/cuban-fury-my-review/ HTTP/1.1" 200 28877 "-" "Python/3.8 aiohttp/3.8.3" "cwlangley.com"
103.251.167.21 - - [14/Oct/2022:01:45:22 -0700] "GET / HTTP/1.1" 200 10776 "https://cwlangley.com/" "Mozilla/5.0 (Windows NT 6.2; Win64; x64) AppleWebKit/537.36 (KHTML, like Gecko) Chrome/90.0.4430.93 Safari/537.36" "cwlangley.com"
103.251.167.21 - - [14/Oct/2022:01:45:24 -0700] "GET /blog/ HTTP/1.1" 200 52597 "https://cwlangley.com/blog/" "Mozilla/5.0 (Windows NT 6.2; Win64; x64) AppleWebKit/537.36 (KHTML, like Gecko) Chrome/90.0.4430.93 Safari/537.36" "cwlangley.com"
176.10.107.180 - - [14/Oct/2022:01:45:26 -0700] "GET /blog/index.php/been-a-busy-winter/ HTTP/1.1" 200 27020 "https://cwlangley.com/blog/been-a-busy-winter/" "Mozilla/5.0 (Windows NT 6.2; Win64; x64) AppleWebKit/537.36 (KHTML, like Gecko) Chrome/90.0.4430.93 Safari/537.36" "cwlangley.com"
10.213.116.53 - - [14/Oct/2022:01:45:30 -0700] "POST /blog/wp-cron.php?doing_wp_cron=1665737130.1065099239349365234375 HTTP/1.1" 200 - "https://cwlangley.com/blog/wp-cron.php?doing_wp_cron=1665737130.1065099239349365234375" "WordPress/4.7.24; https://cwlangley.com/blog" "cwlangley.com"
176.10.107.180 - - [14/Oct/2022:01:45:27 -0700] "POST /blog/wp-comments-post.php HTTP/1.1" 500 - "https://cwlangley.com/blog/been-a-busy-winter/" "Mozilla/5.0 (Windows NT 6.2; Win64; x64) AppleWebKit/537.36 (KHTML, like Gecko) Chrome/90.0.4430.93 Safari/537.36" "cwlangley.com"
185.220.101.22 - - [14/Oct/2022:01:45:36 -0700] "GET /blog/index.php/been-a-busy-winter/ HTTP/1.1" 200 27020 "https://cwlangley.com/blog/been-a-busy-winter/" "Mozilla/5.0 (Windows NT 6.2; Win64; x64) AppleWebKit/537.36 (KHTML, like Gecko) Chrome/90.0.4430.93 Safari/537.36" "cwlangley.com"
185.220.101.22 - - [14/Oct/2022:01:45:38 -0700] "GET /blog/index.php/the-intern-with-robert-deniro-my-review/ HTTP/1.1" 200 28453 "https://cwlangley.com/blog/the-intern-with-robert-deniro-my-review/" "Mozilla/5.0 (Windows NT 6.2; Win64; x64) AppleWebKit/537.36 (KHTML, like Gecko) Chrome/90.0.4430.93 Safari/537.36" "cwlangley.com"
185.220.101.22 - - [14/Oct/2022:01:45:42 -0700] "GET /blog/index.php/author/administrator/ HTTP/1.1" 200 53819 "https://cwlangley.com/blog/author/administrator/" "Mozilla/5.0 (Windows NT 6.2; Win64; x64) AppleWebKit/537.36 (KHTML, like Gecko) Chrome/90.0.4430.93 Safari/537.36" "cwlangley.com"
207.46.13.85 - - [14/Oct/2022:01:57:13 -0700] "GET /image002.jpg HTTP/1.1" 200 1438 "-" "Mozilla/5.0 (compatible; bingbot/2.0; +http://www.bing.com/bingbot.htm)" "cwlangley.com"
185.119.81.109 - - [14/Oct/2022:02:02:25 -0700] "GET /blog/wp-login.php HTTP/1.1" 200 2731 "-" "Mozilla/5.0 (Windows NT 10.0; Win64; x64) AppleWebKit/537.36 (KHTML, like Gecko) Chrome/88.0.4324.96 Safari/537.36" "cwlangley.com"
10.213.116.54 - - [14/Oct/2022:02:02:27 -0700] "POST /blog/wp-cron.php?doing_wp_cron=1665738147.6730709075927734375000 HTTP/1.1" 200 - "https://cwlangley.com/blog/wp-cron.php?doing_wp_cron=1665738147.6730709075927734375000" "WordPress/4.7.24; http://cwlangley.com/blog" "cwlangley.com"
185.119.81.109 - - [14/Oct/2022:02:02:29 -0700] "POST /blog/wp-login.php HTTP/1.1" 200 3698 "https://cwlangley.com/blog/wp-login.php" "Mozilla/5.0 (Windows NT 10.0; Win64; x64) AppleWebKit/537.36 (KHTML, like Gecko) Chrome/88.0.4324.96 Safari/537.36" "cwlangley.com"
10.213.116.55 - - [14/Oct/2022:02:02:31 -0700] "POST /blog/wp-cron.php?doing_wp_cron=1665738151.3078179359436035156250 HTTP/1.1" 200 - "https://cwlangley.com/blog/wp-cron.php?doing_wp_cron=1665738151.3078179359436035156250" "WordPress/4.7.24; http://cwlangley.com/blog" "cwlangley.com"
114.119.143.213 - - [14/Oct/2022:02:17:16 -0700] "GET /robots.txt HTTP/1.1" 200 56 "-" "Mozilla/5.0 (compatible;PetalBot;+https://webmaster.petalsearch.com/site/petalbot)" "www.cwlangley.com"
185.191.171.7 - - [14/Oct/2022:02:27:26 -0700] "GET /robots.txt HTTP/1.1" 200 56 "-" "Mozilla/5.0 (compatible; SemrushBot/7~bl; +http://www.semrush.com/bot.html)" "cwlangley.com"
185.191.171.26 - - [14/Oct/2022:02:27:26 -0700] "GET /blog/index.php/the-intern-with-robert-deniro-my-review/ HTTP/1.1" 200 28453 "-" "Mozilla/5.0 (compatible; SemrushBot/7~bl; +http://www.semrush.com/bot.html)" "cwlangley.com"
