149.154.69.203 - - [11/Sep/2022:17:14:10 -0700] "GET /blog/index.php/been-a-busy-winter/ HTTP/1.1" 200 27024 "https://cwlangley.com/blog/been-a-busy-winter/" "Mozilla/5.0 (Windows NT 10.0; Win64; x64) AppleWebKit/537.36 (KHTML, like Gecko) Chrome/90.0.4430.93 Safari/537.36" "cwlangley.com"
10.213.116.53 - - [11/Sep/2022:17:14:16 -0700] "POST /blog/wp-cron.php?doing_wp_cron=1662941656.4119470119476318359375 HTTP/1.1" 200 - "https://cwlangley.com/blog/wp-cron.php?doing_wp_cron=1662941656.4119470119476318359375" "WordPress/4.7.24; https://cwlangley.com/blog" "cwlangley.com"
149.154.69.203 - - [11/Sep/2022:17:14:14 -0700] "POST /blog/wp-comments-post.php HTTP/1.1" 500 - "https://cwlangley.com/blog/been-a-busy-winter/" "Mozilla/5.0 (Windows NT 10.0; Win64; x64) AppleWebKit/537.36 (KHTML, like Gecko) Chrome/90.0.4430.93 Safari/537.36" "cwlangley.com"
220.246.124.235 - - [11/Sep/2022:17:14:28 -0700] "GET /blog/index.php/been-a-busy-winter/ HTTP/1.1" 200 27024 "https://cwlangley.com/blog/been-a-busy-winter/" "Mozilla/5.0 (Windows NT 10.0; Win64; x64) AppleWebKit/537.36 (KHTML, like Gecko) Chrome/90.0.4430.86 Safari/537.36" "cwlangley.com"
220.246.124.235 - - [11/Sep/2022:17:14:30 -0700] "POST /blog/wp-comments-post.php HTTP/1.1" 500 - "https://cwlangley.com/blog/been-a-busy-winter/" "Mozilla/5.0 (Windows NT 10.0; Win64; x64) AppleWebKit/537.36 (KHTML, like Gecko) Chrome/90.0.4430.86 Safari/537.36" "cwlangley.com"
10.213.116.53 - - [11/Sep/2022:17:14:32 -0700] "POST /blog/wp-cron.php?doing_wp_cron=1662941672.1067690849304199218750 HTTP/1.1" 200 - "https://cwlangley.com/blog/wp-cron.php?doing_wp_cron=1662941672.1067690849304199218750" "WordPress/4.7.24; https://cwlangley.com/blog" "cwlangley.com"
45.182.140.38 - - [11/Sep/2022:17:28:21 -0700] "GET /blog/wp-login.php HTTP/1.1" 200 2731 "-" "Mozilla/5.0 (Windows; U; Windows NT 6.1; en-US) AppleWebKit/534.10 (KHTML, like Gecko) Chrome/8.0.552.224 Safari/534.10" "cwlangley.com"
10.213.116.54 - - [11/Sep/2022:17:28:23 -0700] "POST /blog/wp-cron.php?doing_wp_cron=1662942503.5432889461517333984375 HTTP/1.1" 200 - "https://cwlangley.com/blog/wp-cron.php?doing_wp_cron=1662942503.5432889461517333984375" "WordPress/4.7.24; http://cwlangley.com/blog" "cwlangley.com"
10.213.116.53 - - [11/Sep/2022:17:28:27 -0700] "POST /blog/wp-cron.php?doing_wp_cron=1662942507.5187149047851562500000 HTTP/1.1" 200 - "https://cwlangley.com/blog/wp-cron.php?doing_wp_cron=1662942507.5187149047851562500000" "WordPress/4.7.24; http://cwlangley.com/blog" "cwlangley.com"
45.182.140.38 - - [11/Sep/2022:17:28:25 -0700] "POST /blog/wp-login.php HTTP/1.1" 200 3651 "https://cwlangley.com/blog/wp-login.php" "Mozilla/5.0 (Windows; U; Windows NT 6.1; en-US) AppleWebKit/534.10 (KHTML, like Gecko) Chrome/8.0.552.224 Safari/534.10" "cwlangley.com"
10.213.116.53 - - [11/Sep/2022:17:28:31 -0700] "POST /blog/wp-cron.php?doing_wp_cron=1662942511.1789150238037109375000 HTTP/1.1" 200 - "https://cwlangley.com/blog/wp-cron.php?doing_wp_cron=1662942511.1789150238037109375000" "WordPress/4.7.24; http://cwlangley.com/blog" "cwlangley.com"
45.182.140.38 - - [11/Sep/2022:17:28:30 -0700] "GET /blog/wp-login.php HTTP/1.1" 200 2731 "-" "Mozilla/5.0 (Windows; U; Windows NT 6.1; en-US) AppleWebKit/534.10 (KHTML, like Gecko) Chrome/8.0.552.224 Safari/534.10" "cwlangley.com"
10.213.116.55 - - [11/Sep/2022:17:28:34 -0700] "POST /blog/wp-cron.php?doing_wp_cron=1662942514.1209859848022460937500 HTTP/1.1" 200 - "https://cwlangley.com/blog/wp-cron.php?doing_wp_cron=1662942514.1209859848022460937500" "WordPress/4.7.24; http://cwlangley.com/blog" "cwlangley.com"
45.182.140.38 - - [11/Sep/2022:17:28:33 -0700] "POST /blog/wp-login.php HTTP/1.1" 200 3680 "https://cwlangley.com/blog/wp-login.php" "Mozilla/5.0 (Windows; U; Windows NT 6.1; en-US) AppleWebKit/534.10 (KHTML, like Gecko) Chrome/8.0.552.224 Safari/534.10" "cwlangley.com"
45.182.140.38 - - [11/Sep/2022:17:28:39 -0700] "GET /blog/wp-login.php HTTP/1.1" 200 2731 "-" "Mozilla/5.0 (Windows; U; Windows NT 6.1; en-US) AppleWebKit/534.10 (KHTML, like Gecko) Chrome/8.0.552.224 Safari/534.10" "cwlangley.com"
10.213.116.55 - - [11/Sep/2022:17:28:41 -0700] "POST /blog/wp-cron.php?doing_wp_cron=1662942521.3265390396118164062500 HTTP/1.1" 200 - "https://cwlangley.com/blog/wp-cron.php?doing_wp_cron=1662942521.3265390396118164062500" "WordPress/4.7.24; http://cwlangley.com/blog" "cwlangley.com"
45.182.140.38 - - [11/Sep/2022:17:28:43 -0700] "POST /blog/wp-login.php HTTP/1.1" 200 3680 "https://cwlangley.com/blog/wp-login.php" "Mozilla/5.0 (Windows; U; Windows NT 6.1; en-US) AppleWebKit/534.10 (KHTML, like Gecko) Chrome/8.0.552.224 Safari/534.10" "cwlangley.com"
10.213.116.54 - - [11/Sep/2022:17:28:45 -0700] "POST /blog/wp-cron.php?doing_wp_cron=1662942525.4867839813232421875000 HTTP/1.1" 200 - "https://cwlangley.com/blog/wp-cron.php?doing_wp_cron=1662942525.4867839813232421875000" "WordPress/4.7.24; http://cwlangley.com/blog" "cwlangley.com"
49.51.93.208 - - [11/Sep/2022:17:33:05 -0700] "GET /blog/index.php/been-a-busy-winter/ HTTP/1.1" 200 27024 "https://cwlangley.com/blog/been-a-busy-winter/" "Mozilla/5.0 (Windows NT 10.0; Win64; x64) AppleWebKit/537.36 (KHTML, like Gecko) Chrome/90.0.4430.72 Safari/537.36" "cwlangley.com"
49.51.93.208 - - [11/Sep/2022:17:33:10 -0700] "POST /blog/wp-comments-post.php HTTP/1.1" 500 - "https://cwlangley.com/blog/been-a-busy-winter/" "Mozilla/5.0 (Windows NT 10.0; Win64; x64) AppleWebKit/537.36 (KHTML, like Gecko) Chrome/90.0.4430.72 Safari/537.36" "cwlangley.com"
10.213.116.55 - - [11/Sep/2022:17:33:12 -0700] "POST /blog/wp-cron.php?doing_wp_cron=1662942792.2911829948425292968750 HTTP/1.1" 200 - "https://cwlangley.com/blog/wp-cron.php?doing_wp_cron=1662942792.2911829948425292968750" "WordPress/4.7.24; https://cwlangley.com/blog" "cwlangley.com"
185.191.171.16 - - [11/Sep/2022:17:39:00 -0700] "GET /robots.txt HTTP/1.1" 200 56 "-" "Mozilla/5.0 (compatible; SemrushBot/7~bl; +http://www.semrush.com/bot.html)" "cwlangley.com"
185.191.171.45 - - [11/Sep/2022:17:39:00 -0700] "GET /blog/index.php/category/movie-review/page/2/ HTTP/1.1" 200 49129 "-" "Mozilla/5.0 (compatible; SemrushBot/7~bl; +http://www.semrush.com/bot.html)" "cwlangley.com"
10.213.116.55 - - [11/Sep/2022:17:39:02 -0700] "POST /blog/wp-cron.php?doing_wp_cron=1662943142.3948180675506591796875 HTTP/1.1" 200 - "https://cwlangley.com/blog/wp-cron.php?doing_wp_cron=1662943142.3948180675506591796875" "WordPress/4.7.24; https://cwlangley.com/blog" "cwlangley.com"
138.197.138.160 - - [11/Sep/2022:17:41:45 -0700] "GET /blog/index.php/been-a-busy-winter/ HTTP/1.1" 200 27024 "https://cwlangley.com/blog/been-a-busy-winter/" "Mozilla/5.0 (Windows NT 6.1) AppleWebKit/537.36 (KHTML, like Gecko) Chrome/90.0.4430.72 Safari/537.36" "cwlangley.com"
10.213.116.54 - - [11/Sep/2022:17:41:49 -0700] "POST /blog/wp-cron.php?doing_wp_cron=1662943309.4328880310058593750000 HTTP/1.1" 200 - "https://cwlangley.com/blog/wp-cron.php?doing_wp_cron=1662943309.4328880310058593750000" "WordPress/4.7.24; https://cwlangley.com/blog" "cwlangley.com"
138.197.138.160 - - [11/Sep/2022:17:41:46 -0700] "POST /blog/wp-comments-post.php HTTP/1.1" 500 - "https://cwlangley.com/blog/been-a-busy-winter/" "Mozilla/5.0 (Windows NT 6.1) AppleWebKit/537.36 (KHTML, like Gecko) Chrome/90.0.4430.72 Safari/537.36" "cwlangley.com"
185.191.171.13 - - [11/Sep/2022:17:47:13 -0700] "GET /robots.txt HTTP/1.1" 200 56 "-" "Mozilla/5.0 (compatible; SemrushBot/7~bl; +http://www.semrush.com/bot.html)" "www.cwlangley.com"
185.191.171.26 - - [11/Sep/2022:17:47:13 -0700] "GET /beadman/index.html HTTP/1.1" 200 4047 "-" "Mozilla/5.0 (compatible; SemrushBot/7~bl; +http://www.semrush.com/bot.html)" "www.cwlangley.com"
66.249.68.35 - - [11/Sep/2022:17:58:47 -0700] "GET /ads.txt HTTP/1.1" 404 88 "-" "Mozilla/5.0 (compatible; Googlebot/2.1; +http://www.google.com/bot.html)" "cwlangley.com"
103.20.222.38 - - [11/Sep/2022:18:10:31 -0700] "GET /blog/index.php/been-a-busy-winter/ HTTP/1.1" 200 27024 "https://cwlangley.com/blog/been-a-busy-winter/" "Mozilla/5.0 (Windows NT 6.2; Win64; x64) AppleWebKit/537.36 (KHTML, like Gecko) Chrome/90.0.4430.93 Safari/537.36" "cwlangley.com"
103.20.222.38 - - [11/Sep/2022:18:10:35 -0700] "POST /blog/wp-comments-post.php HTTP/1.1" 500 - "https://cwlangley.com/blog/been-a-busy-winter/" "Mozilla/5.0 (Windows NT 6.2; Win64; x64) AppleWebKit/537.36 (KHTML, like Gecko) Chrome/90.0.4430.93 Safari/537.36" "cwlangley.com"
10.213.116.53 - - [11/Sep/2022:18:10:37 -0700] "POST /blog/wp-cron.php?doing_wp_cron=1662945036.9647939205169677734375 HTTP/1.1" 200 - "https://cwlangley.com/blog/wp-cron.php?doing_wp_cron=1662945036.9647939205169677734375" "WordPress/4.7.24; https://cwlangley.com/blog" "cwlangley.com"
187.210.68.101 - - [11/Sep/2022:18:12:37 -0700] "GET /blog/index.php/been-a-busy-winter/ HTTP/1.1" 200 27024 "https://cwlangley.com/blog/been-a-busy-winter/" "Mozilla/5.0 (Windows NT 10.0; Win64; x64) AppleWebKit/537.36 (KHTML, like Gecko) Chrome/90.0.4430.72 Safari/537.36 Edg/90.0.818.39" "cwlangley.com"
10.213.116.53 - - [11/Sep/2022:18:12:44 -0700] "POST /blog/wp-cron.php?doing_wp_cron=1662945164.7849979400634765625000 HTTP/1.1" 200 - "https://cwlangley.com/blog/wp-cron.php?doing_wp_cron=1662945164.7849979400634765625000" "WordPress/4.7.24; https://cwlangley.com/blog" "cwlangley.com"
187.210.68.101 - - [11/Sep/2022:18:12:43 -0700] "POST /blog/wp-comments-post.php HTTP/1.1" 500 - "https://cwlangley.com/blog/been-a-busy-winter/" "Mozilla/5.0 (Windows NT 10.0; Win64; x64) AppleWebKit/537.36 (KHTML, like Gecko) Chrome/90.0.4430.72 Safari/537.36 Edg/90.0.818.39" "cwlangley.com"
52.170.2.106 - - [11/Sep/2022:18:15:04 -0700] "GET /blog/index.php/been-a-busy-winter/ HTTP/1.1" 200 27024 "https://cwlangley.com/blog/been-a-busy-winter/" "Mozilla/5.0 (Windows NT 6.1) AppleWebKit/537.36 (KHTML, like Gecko) Chrome/90.0.4430.93 Safari/537.36" "cwlangley.com"
52.170.2.106 - - [11/Sep/2022:18:15:05 -0700] "POST /blog/wp-comments-post.php HTTP/1.1" 500 - "https://cwlangley.com/blog/been-a-busy-winter/" "Mozilla/5.0 (Windows NT 6.1) AppleWebKit/537.36 (KHTML, like Gecko) Chrome/90.0.4430.93 Safari/537.36" "cwlangley.com"
10.213.116.54 - - [11/Sep/2022:18:15:07 -0700] "POST /blog/wp-cron.php?doing_wp_cron=1662945307.6642138957977294921875 HTTP/1.1" 200 - "https://cwlangley.com/blog/wp-cron.php?doing_wp_cron=1662945307.6642138957977294921875" "WordPress/4.7.24; https://cwlangley.com/blog" "cwlangley.com"
95.154.181.149 - - [11/Sep/2022:18:21:50 -0700] "GET /blog/wp-login.php HTTP/1.1" 200 2731 "-" "Mozilla/5.0 (Windows; U; Windows NT 6.1; en-US) AppleWebKit/534.10 (KHTML, like Gecko) Chrome/8.0.552.224 Safari/534.10" "cwlangley.com"
95.154.181.149 - - [11/Sep/2022:18:21:58 -0700] "POST /blog/wp-login.php HTTP/1.1" 200 3651 "https://cwlangley.com/blog/wp-login.php" "Mozilla/5.0 (Windows; U; Windows NT 6.1; en-US) AppleWebKit/534.10 (KHTML, like Gecko) Chrome/8.0.552.224 Safari/534.10" "cwlangley.com"
10.213.116.54 - - [11/Sep/2022:18:21:56 -0700] "POST /blog/wp-cron.php?doing_wp_cron=1662945716.1676850318908691406250 HTTP/1.1" 200 - "https://cwlangley.com/blog/wp-cron.php?doing_wp_cron=1662945716.1676850318908691406250" "WordPress/4.7.24; http://cwlangley.com/blog" "cwlangley.com"
95.154.181.149 - - [11/Sep/2022:18:22:07 -0700] "GET /blog/wp-login.php HTTP/1.1" 200 2731 "-" "Mozilla/5.0 (Windows; U; Windows NT 6.1; en-US) AppleWebKit/534.10 (KHTML, like Gecko) Chrome/8.0.552.224 Safari/534.10" "cwlangley.com"
10.213.116.53 - - [11/Sep/2022:18:22:11 -0700] "POST /blog/wp-cron.php?doing_wp_cron=1662945731.4894039630889892578125 HTTP/1.1" 200 - "https://cwlangley.com/blog/wp-cron.php?doing_wp_cron=1662945731.4894039630889892578125" "WordPress/4.7.24; http://cwlangley.com/blog" "cwlangley.com"
10.213.116.55 - - [11/Sep/2022:18:22:17 -0700] "POST /blog/wp-cron.php?doing_wp_cron=1662945737.6929259300231933593750 HTTP/1.1" 200 - "https://cwlangley.com/blog/wp-cron.php?doing_wp_cron=1662945737.6929259300231933593750" "WordPress/4.7.24; http://cwlangley.com/blog" "cwlangley.com"
95.154.181.149 - - [11/Sep/2022:18:22:15 -0700] "POST /blog/wp-login.php HTTP/1.1" 200 3680 "https://cwlangley.com/blog/wp-login.php" "Mozilla/5.0 (Windows; U; Windows NT 6.1; en-US) AppleWebKit/534.10 (KHTML, like Gecko) Chrome/8.0.552.224 Safari/534.10" "cwlangley.com"
10.213.116.54 - - [11/Sep/2022:18:22:21 -0700] "POST /blog/wp-cron.php?doing_wp_cron=1662945741.3562219142913818359375 HTTP/1.1" 200 - "https://cwlangley.com/blog/wp-cron.php?doing_wp_cron=1662945741.3562219142913818359375" "WordPress/4.7.24; http://cwlangley.com/blog" "cwlangley.com"
95.154.181.149 - - [11/Sep/2022:18:22:20 -0700] "GET /blog/wp-login.php HTTP/1.1" 200 2731 "-" "Mozilla/5.0 (Windows; U; Windows NT 6.1; en-US) AppleWebKit/534.10 (KHTML, like Gecko) Chrome/8.0.552.224 Safari/534.10" "cwlangley.com"
10.213.116.54 - - [11/Sep/2022:18:22:24 -0700] "POST /blog/wp-cron.php?doing_wp_cron=1662945743.9938039779663085937500 HTTP/1.1" 200 - "https://cwlangley.com/blog/wp-cron.php?doing_wp_cron=1662945743.9938039779663085937500" "WordPress/4.7.24; http://cwlangley.com/blog" "cwlangley.com"
95.154.181.149 - - [11/Sep/2022:18:22:22 -0700] "POST /blog/wp-login.php HTTP/1.1" 200 3680 "https://cwlangley.com/blog/wp-login.php" "Mozilla/5.0 (Windows; U; Windows NT 6.1; en-US) AppleWebKit/534.10 (KHTML, like Gecko) Chrome/8.0.552.224 Safari/534.10" "cwlangley.com"
10.213.116.53 - - [11/Sep/2022:18:23:06 -0700] "POST /blog/wp-cron.php?doing_wp_cron=1662945786.5275490283966064453125 HTTP/1.1" 200 - "https://cwlangley.com/blog/wp-cron.php?doing_wp_cron=1662945786.5275490283966064453125" "WordPress/4.7.24; http://cwlangley.com/blog" "cwlangley.com"
185.119.81.99 - - [11/Sep/2022:18:23:05 -0700] "GET /blog/wp-login.php HTTP/1.1" 200 2731 "-" "Mozilla/5.0 (Windows NT 10.0; WOW64) AppleWebKit/537.36 (KHTML, like Gecko) Chrome/90.0.4430.212 Safari/537.36" "cwlangley.com"
10.213.116.53 - - [11/Sep/2022:18:23:09 -0700] "POST /blog/wp-cron.php?doing_wp_cron=1662945789.3814840316772460937500 HTTP/1.1" 200 - "https://cwlangley.com/blog/wp-cron.php?doing_wp_cron=1662945789.3814840316772460937500" "WordPress/4.7.24; http://cwlangley.com/blog" "cwlangley.com"
185.119.81.99 - - [11/Sep/2022:18:23:08 -0700] "POST /blog/wp-login.php HTTP/1.1" 200 3698 "https://cwlangley.com/blog/wp-login.php" "Mozilla/5.0 (Windows NT 10.0; WOW64) AppleWebKit/537.36 (KHTML, like Gecko) Chrome/90.0.4430.212 Safari/537.36" "cwlangley.com"
42.236.10.72 - - [11/Sep/2022:18:33:29 -0700] "GET / HTTP/1.1" 200 1731 "https://cwlangley.com/" "Mozilla/5.0 (Windows NT 6.1; WOW64) AppleWebKit/537.36 (KHTML, like Gecko) Chrome/50.0.2661.102 Safari/537.36; 360Spider" "cwlangley.com"
42.236.10.108 - - [11/Sep/2022:18:34:05 -0700] "GET / HTTP/1.1" 200 1731 "https://cwlangley.com/" "Mozilla/5.0 (Windows NT 6.1; WOW64) AppleWebKit/537.36 (KHTML, like Gecko) Chrome/50.0.2661.102 Safari/537.36; 360Spider" "cwlangley.com"
216.244.66.236 - - [11/Sep/2022:18:43:34 -0700] "GET /robots.txt HTTP/1.1" 200 40 "-" "Mozilla/5.0 (compatible; DotBot/1.2; +https://opensiteexplorer.org/dotbot; help@moz.com)" "cwlangley.com"
37.139.53.83 - - [11/Sep/2022:18:46:49 -0700] "GET /blog/index.php/been-a-busy-winter/ HTTP/1.1" 200 27024 "https://cwlangley.com/blog/been-a-busy-winter/" "Mozilla/5.0 (Windows NT 10.0; Win64; x64) AppleWebKit/537.36 (KHTML, like Gecko) Chrome/83.0.4103.0 Safari/537.36" "cwlangley.com"
10.213.116.55 - - [11/Sep/2022:18:46:55 -0700] "POST /blog/wp-cron.php?doing_wp_cron=1662947215.7676420211791992187500 HTTP/1.1" 200 - "https://cwlangley.com/blog/wp-cron.php?doing_wp_cron=1662947215.7676420211791992187500" "WordPress/4.7.24; https://cwlangley.com/blog" "cwlangley.com"
37.139.53.83 - - [11/Sep/2022:18:46:52 -0700] "POST /blog/wp-comments-post.php HTTP/1.1" 500 - "https://cwlangley.com/blog/been-a-busy-winter/" "Mozilla/5.0 (Windows NT 10.0; Win64; x64) AppleWebKit/537.36 (KHTML, like Gecko) Chrome/83.0.4103.0 Safari/537.36" "cwlangley.com"
207.226.217.227 - - [11/Sep/2022:18:57:26 -0700] "GET /blog/index.php/been-a-busy-winter/ HTTP/1.1" 200 27024 "https://cwlangley.com/blog/been-a-busy-winter/" "Mozilla/5.0 (Windows NT 6.1; ) AppleWebKit/537.36 (KHTML, like Gecko) Chrome/90.0.4430.72 Safari/537.36" "cwlangley.com"
207.226.217.227 - - [11/Sep/2022:18:57:49 -0700] "GET / HTTP/1.1" 200 10776 "https://cwlangley.com/" "Mozilla/5.0 (Windows NT 6.1; ) AppleWebKit/537.36 (KHTML, like Gecko) Chrome/90.0.4430.72 Safari/537.36" "cwlangley.com"
207.226.217.227 - - [11/Sep/2022:18:57:56 -0700] "GET /blog/ HTTP/1.1" 200 52558 "https://cwlangley.com/blog/" "Mozilla/5.0 (Windows NT 6.1; ) AppleWebKit/537.36 (KHTML, like Gecko) Chrome/90.0.4430.72 Safari/537.36" "cwlangley.com"
10.213.116.55 - - [11/Sep/2022:18:57:59 -0700] "POST /blog/wp-cron.php?doing_wp_cron=1662947878.9381101131439208984375 HTTP/1.1" 200 - "https://cwlangley.com/blog/wp-cron.php?doing_wp_cron=1662947878.9381101131439208984375" "WordPress/4.7.24; https://cwlangley.com/blog" "cwlangley.com"
45.78.8.110 - - [11/Sep/2022:19:14:32 -0700] "GET /blog/index.php/been-a-busy-winter/ HTTP/1.1" 200 27024 "https://cwlangley.com/blog/been-a-busy-winter/" "Mozilla/5.0 (Windows NT 10.0) AppleWebKit/537.36 (KHTML, like Gecko) Chrome/90.0.4430.85 Safari/537.36" "cwlangley.com"
45.78.8.110 - - [11/Sep/2022:19:14:36 -0700] "POST /blog/wp-comments-post.php HTTP/1.1" 500 - "https://cwlangley.com/blog/been-a-busy-winter/" "Mozilla/5.0 (Windows NT 10.0) AppleWebKit/537.36 (KHTML, like Gecko) Chrome/90.0.4430.85 Safari/537.36" "cwlangley.com"
10.213.116.54 - - [11/Sep/2022:19:14:38 -0700] "POST /blog/wp-cron.php?doing_wp_cron=1662948878.3507668972015380859375 HTTP/1.1" 200 - "https://cwlangley.com/blog/wp-cron.php?doing_wp_cron=1662948878.3507668972015380859375" "WordPress/4.7.24; https://cwlangley.com/blog" "cwlangley.com"
216.244.66.236 - - [11/Sep/2022:19:34:53 -0700] "GET /robots.txt HTTP/1.1" 200 40 "-" "Mozilla/5.0 (compatible; DotBot/1.2; +https://opensiteexplorer.org/dotbot; help@moz.com)" "cwlangley.com"
182.92.9.104 - - [11/Sep/2022:19:40:02 -0700] "GET /blog/index.php/been-a-busy-winter/ HTTP/1.1" 200 27024 "https://cwlangley.com/blog/been-a-busy-winter/" "Mozilla/5.0 (Windows NT 10.0; Win64; x64) AppleWebKit/537.36 (KHTML, like Gecko) Chrome/90.0.4430.86 Safari/537.36" "cwlangley.com"
182.92.9.104 - - [11/Sep/2022:19:40:06 -0700] "POST /blog/wp-comments-post.php HTTP/1.1" 500 - "https://cwlangley.com/blog/been-a-busy-winter/" "Mozilla/5.0 (Windows NT 10.0; Win64; x64) AppleWebKit/537.36 (KHTML, like Gecko) Chrome/90.0.4430.86 Safari/537.36" "cwlangley.com"
10.213.116.54 - - [11/Sep/2022:19:40:07 -0700] "POST /blog/wp-cron.php?doing_wp_cron=1662950407.7124469280242919921875 HTTP/1.1" 200 - "https://cwlangley.com/blog/wp-cron.php?doing_wp_cron=1662950407.7124469280242919921875" "WordPress/4.7.24; https://cwlangley.com/blog" "cwlangley.com"
175.178.219.66 - - [11/Sep/2022:19:57:10 -0700] "GET /blog/index.php/been-a-busy-winter/ HTTP/1.1" 200 27024 "https://cwlangley.com/blog/been-a-busy-winter/" "Mozilla/5.0 (Windows NT 10.0; Win64; x64) AppleWebKit/537.36 (KHTML, like Gecko) Chrome/90.0.4430.72 Safari/537.36" "cwlangley.com"
61.135.159.215 - - [11/Sep/2022:20:01:30 -0700] "GET / HTTP/1.1" 200 1731 "-" "Sogou web spider/4.0(+http://www.sogou.com/docs/help/webmasters.htm#07)" "www.cwlangley.com"
20.204.118.88 - - [11/Sep/2022:20:04:12 -0700] "GET / HTTP/1.1" 200 10776 "-" "Mozilla/5.0 (Windows NT 10.0; Win64; x64) AppleWebKit/537.36 (KHTML, like Gecko) Chrome/99.0.4859.172 Safari/537.36" "cwlangley.com"
20.205.10.150 - - [11/Sep/2022:20:09:44 -0700] "GET /blog/index.php/been-a-busy-winter/ HTTP/1.1" 200 27024 "https://cwlangley.com/blog/been-a-busy-winter/" "Mozilla/5.0 (Windows NT 6.2; Win64; x64) AppleWebKit/537.36 (KHTML, like Gecko) Chrome/90.0.4430.72 Safari/537.36" "cwlangley.com"
20.205.10.150 - - [11/Sep/2022:20:09:47 -0700] "POST /blog/wp-comments-post.php HTTP/1.1" 500 - "https://cwlangley.com/blog/been-a-busy-winter/" "Mozilla/5.0 (Windows NT 6.2; Win64; x64) AppleWebKit/537.36 (KHTML, like Gecko) Chrome/90.0.4430.72 Safari/537.36" "cwlangley.com"
10.213.116.55 - - [11/Sep/2022:20:09:49 -0700] "POST /blog/wp-cron.php?doing_wp_cron=1662952189.0956590175628662109375 HTTP/1.1" 200 - "https://cwlangley.com/blog/wp-cron.php?doing_wp_cron=1662952189.0956590175628662109375" "WordPress/4.7.24; https://cwlangley.com/blog" "cwlangley.com"
43.134.188.89 - - [11/Sep/2022:20:14:51 -0700] "GET /blog/index.php/been-a-busy-winter/ HTTP/1.1" 200 27024 "https://cwlangley.com/blog/been-a-busy-winter/" "Mozilla/5.0 (Windows NT 10.0) AppleWebKit/537.36 (KHTML, like Gecko) Chrome/90.0.4430.72 Safari/537.36" "cwlangley.com"
43.134.188.89 - - [11/Sep/2022:20:14:58 -0700] "POST /blog/wp-comments-post.php HTTP/1.1" 500 - "https://cwlangley.com/blog/been-a-busy-winter/" "Mozilla/5.0 (Windows NT 10.0) AppleWebKit/537.36 (KHTML, like Gecko) Chrome/90.0.4430.72 Safari/537.36" "cwlangley.com"
10.213.116.54 - - [11/Sep/2022:20:15:01 -0700] "POST /blog/wp-cron.php?doing_wp_cron=1662952500.9680950641632080078125 HTTP/1.1" 200 - "https://cwlangley.com/blog/wp-cron.php?doing_wp_cron=1662952500.9680950641632080078125" "WordPress/4.7.24; https://cwlangley.com/blog" "cwlangley.com"
216.244.66.236 - - [11/Sep/2022:20:26:09 -0700] "GET /robots.txt HTTP/1.1" 200 40 "-" "Mozilla/5.0 (compatible; DotBot/1.2; +https://opensiteexplorer.org/dotbot; help@moz.com)" "cwlangley.com"
37.139.53.83 - - [11/Sep/2022:20:56:57 -0700] "GET /blog/index.php/been-a-busy-winter/ HTTP/1.1" 200 27024 "https://cwlangley.com/blog/been-a-busy-winter/" "Mozilla/5.0 (Windows NT 6.3; Win64; x64) AppleWebKit/537.36 (KHTML, like Gecko) Chrome/83.0.4103.61 Safari/537.36" "cwlangley.com"
10.213.116.54 - - [11/Sep/2022:20:57:01 -0700] "POST /blog/wp-cron.php?doing_wp_cron=1662955021.0912170410156250000000 HTTP/1.1" 200 - "https://cwlangley.com/blog/wp-cron.php?doing_wp_cron=1662955021.0912170410156250000000" "WordPress/4.7.24; https://cwlangley.com/blog" "cwlangley.com"
37.139.53.83 - - [11/Sep/2022:20:56:58 -0700] "POST /blog/wp-comments-post.php HTTP/1.1" 500 - "https://cwlangley.com/blog/been-a-busy-winter/" "Mozilla/5.0 (Windows NT 6.3; Win64; x64) AppleWebKit/537.36 (KHTML, like Gecko) Chrome/83.0.4103.61 Safari/537.36" "cwlangley.com"
185.119.81.102 - - [11/Sep/2022:20:57:27 -0700] "GET /blog/wp-login.php HTTP/1.1" 200 2731 "-" "Mozilla/5.0 (Windows NT 10.0; WOW64) AppleWebKit/537.36 (KHTML, like Gecko) Chrome/96.0.4664.110 Safari/537.36" "cwlangley.com"
10.213.116.55 - - [11/Sep/2022:20:57:29 -0700] "POST /blog/wp-cron.php?doing_wp_cron=1662955049.3914630413055419921875 HTTP/1.1" 200 - "https://cwlangley.com/blog/wp-cron.php?doing_wp_cron=1662955049.3914630413055419921875" "WordPress/4.7.24; http://cwlangley.com/blog" "cwlangley.com"
10.213.116.54 - - [11/Sep/2022:20:57:32 -0700] "POST /blog/wp-cron.php?doing_wp_cron=1662955052.3048429489135742187500 HTTP/1.1" 200 - "https://cwlangley.com/blog/wp-cron.php?doing_wp_cron=1662955052.3048429489135742187500" "WordPress/4.7.24; http://cwlangley.com/blog" "cwlangley.com"
185.119.81.102 - - [11/Sep/2022:20:57:31 -0700] "POST /blog/wp-login.php HTTP/1.1" 200 3698 "https://cwlangley.com/blog/wp-login.php" "Mozilla/5.0 (Windows NT 10.0; WOW64) AppleWebKit/537.36 (KHTML, like Gecko) Chrome/96.0.4664.110 Safari/537.36" "cwlangley.com"
103.119.3.179 - - [11/Sep/2022:20:59:03 -0700] "GET /blog/index.php/been-a-busy-winter/ HTTP/1.1" 200 27024 "https://cwlangley.com/blog/been-a-busy-winter/" "Mozilla/5.0 (Windows NT 10.0; WOW64) AppleWebKit/537.36 (KHTML, like Gecko) Chrome/90.0.4430.72 Safari/537.36" "cwlangley.com"
10.213.116.53 - - [11/Sep/2022:20:59:08 -0700] "POST /blog/wp-cron.php?doing_wp_cron=1662955148.5547199249267578125000 HTTP/1.1" 200 - "https://cwlangley.com/blog/wp-cron.php?doing_wp_cron=1662955148.5547199249267578125000" "WordPress/4.7.24; https://cwlangley.com/blog" "cwlangley.com"
103.119.3.179 - - [11/Sep/2022:20:59:07 -0700] "POST /blog/wp-comments-post.php HTTP/1.1" 500 - "https://cwlangley.com/blog/been-a-busy-winter/" "Mozilla/5.0 (Windows NT 10.0; WOW64) AppleWebKit/537.36 (KHTML, like Gecko) Chrome/90.0.4430.72 Safari/537.36" "cwlangley.com"
172.105.206.215 - - [11/Sep/2022:21:11:58 -0700] "GET /blog/index.php/been-a-busy-winter/ HTTP/1.1" 200 27024 "https://cwlangley.com/blog/been-a-busy-winter/" "Mozilla/5.0 (Windows NT 6.3; Win64; x64) AppleWebKit/537.36 (KHTML, like Gecko) Chrome/90.0.4430.72 Safari/537.36" "cwlangley.com"
192.3.134.142 - - [11/Sep/2022:21:12:06 -0700] "GET /blog/index.php/been-a-busy-winter/ HTTP/1.1" 200 27024 "https://cwlangley.com/blog/been-a-busy-winter/" "Mozilla/5.0 (Windows NT 6.3; Win64; x64) AppleWebKit/537.36 (KHTML, like Gecko) Chrome/90.0.4430.85 Safari/537.36 Edg/90.0.818.49" "cwlangley.com"
10.213.116.54 - - [11/Sep/2022:21:12:08 -0700] "POST /blog/wp-cron.php?doing_wp_cron=1662955927.9612460136413574218750 HTTP/1.1" 200 - "https://cwlangley.com/blog/wp-cron.php?doing_wp_cron=1662955927.9612460136413574218750" "WordPress/4.7.24; https://cwlangley.com/blog" "cwlangley.com"
172.105.206.215 - - [11/Sep/2022:21:12:05 -0700] "POST /blog/wp-comments-post.php HTTP/1.1" 500 - "https://cwlangley.com/blog/been-a-busy-winter/" "Mozilla/5.0 (Windows NT 6.3; Win64; x64) AppleWebKit/537.36 (KHTML, like Gecko) Chrome/90.0.4430.72 Safari/537.36" "cwlangley.com"
192.3.134.142 - - [11/Sep/2022:21:12:09 -0700] "POST /blog/wp-comments-post.php HTTP/1.1" 500 - "https://cwlangley.com/blog/been-a-busy-winter/" "Mozilla/5.0 (Windows NT 6.3; Win64; x64) AppleWebKit/537.36 (KHTML, like Gecko) Chrome/90.0.4430.85 Safari/537.36 Edg/90.0.818.49" "cwlangley.com"
10.213.116.53 - - [11/Sep/2022:21:12:10 -0700] "POST /blog/wp-cron.php?doing_wp_cron=1662955930.8154408931732177734375 HTTP/1.1" 200 - "https://cwlangley.com/blog/wp-cron.php?doing_wp_cron=1662955930.8154408931732177734375" "WordPress/4.7.24; https://cwlangley.com/blog" "cwlangley.com"
216.244.66.236 - - [11/Sep/2022:21:17:23 -0700] "GET /robots.txt HTTP/1.1" 200 40 "-" "Mozilla/5.0 (compatible; DotBot/1.2; +https://opensiteexplorer.org/dotbot; help@moz.com)" "cwlangley.com"
42.236.10.83 - - [11/Sep/2022:21:56:27 -0700] "GET / HTTP/1.1" 200 1731 "https://www.cwlangley.com/" "Mozilla/5.0 (Windows NT 6.1; WOW64) AppleWebKit/537.36 (KHTML, like Gecko) Chrome/50.0.2661.102 Safari/537.36; 360Spider" "www.cwlangley.com"
180.163.220.126 - - [11/Sep/2022:21:57:46 -0700] "GET / HTTP/1.1" 200 1731 "https://www.cwlangley.com/" "Mozilla/5.0 (Windows NT 6.1; WOW64) AppleWebKit/537.36 (KHTML, like Gecko) Chrome/50.0.2661.102 Safari/537.36; 360Spider" "www.cwlangley.com"
182.92.8.32 - - [11/Sep/2022:22:09:30 -0700] "GET /blog/index.php/been-a-busy-winter/ HTTP/1.1" 200 27024 "https://cwlangley.com/blog/been-a-busy-winter/" "Mozilla/5.0 (Windows NT 10.0) AppleWebKit/537.36 (KHTML, like Gecko) Chrome/90.0.4430.93 Safari/537.36" "cwlangley.com"
10.213.116.54 - - [11/Sep/2022:22:09:38 -0700] "POST /blog/wp-cron.php?doing_wp_cron=1662959378.2106699943542480468750 HTTP/1.1" 200 - "https://cwlangley.com/blog/wp-cron.php?doing_wp_cron=1662959378.2106699943542480468750" "WordPress/4.7.24; https://cwlangley.com/blog" "cwlangley.com"
182.92.8.32 - - [11/Sep/2022:22:09:35 -0700] "POST /blog/wp-comments-post.php HTTP/1.1" 500 - "https://cwlangley.com/blog/been-a-busy-winter/" "Mozilla/5.0 (Windows NT 10.0) AppleWebKit/537.36 (KHTML, like Gecko) Chrome/90.0.4430.93 Safari/537.36" "cwlangley.com"
182.92.112.225 - - [11/Sep/2022:22:12:54 -0700] "GET / HTTP/1.1" 200 10776 "https://cwlangley.com/" "Mozilla/5.0 (Windows NT 10.0; WOW64) AppleWebKit/537.36 (KHTML, like Gecko) Chrome/90.0.4400.8 Safari/537.36" "cwlangley.com"
182.92.112.225 - - [11/Sep/2022:22:12:57 -0700] "GET /blog/ HTTP/1.1" 200 52598 "https://cwlangley.com/blog/" "Mozilla/5.0 (Windows NT 10.0; WOW64) AppleWebKit/537.36 (KHTML, like Gecko) Chrome/90.0.4400.8 Safari/537.36" "cwlangley.com"
182.92.112.225 - - [11/Sep/2022:22:13:01 -0700] "GET /blog/index.php/been-a-busy-winter/ HTTP/1.1" 200 27024 "https://cwlangley.com/blog/been-a-busy-winter/" "Mozilla/5.0 (Windows NT 10.0; WOW64) AppleWebKit/537.36 (KHTML, like Gecko) Chrome/90.0.4400.8 Safari/537.36" "cwlangley.com"
10.213.116.55 - - [11/Sep/2022:22:13:05 -0700] "POST /blog/wp-cron.php?doing_wp_cron=1662959585.3814330101013183593750 HTTP/1.1" 200 - "https://cwlangley.com/blog/wp-cron.php?doing_wp_cron=1662959585.3814330101013183593750" "WordPress/4.7.24; https://cwlangley.com/blog" "cwlangley.com"
182.92.112.225 - - [11/Sep/2022:22:13:04 -0700] "POST /blog/wp-comments-post.php HTTP/1.1" 500 - "https://cwlangley.com/blog/been-a-busy-winter/" "Mozilla/5.0 (Windows NT 10.0; WOW64) AppleWebKit/537.36 (KHTML, like Gecko) Chrome/90.0.4400.8 Safari/537.36" "cwlangley.com"
157.55.39.112 - - [11/Sep/2022:22:13:39 -0700] "GET /robots.txt HTTP/1.1" 200 56 "-" "Mozilla/5.0 (compatible; bingbot/2.0; +http://www.bing.com/bingbot.htm)" "cwlangley.com"
10.213.116.55 - - [11/Sep/2022:22:13:46 -0700] "POST /blog/wp-cron.php?doing_wp_cron=1662959626.0561680793762207031250 HTTP/1.1" 200 - "https://cwlangley.com/blog/wp-cron.php?doing_wp_cron=1662959626.0561680793762207031250" "WordPress/4.7.24; https://cwlangley.com/blog" "cwlangley.com"
157.55.39.25 - - [11/Sep/2022:22:13:44 -0700] "GET /blog/index.php/the-call-with-halle-berry-my-review/ HTTP/1.1" 200 29839 "-" "Mozilla/5.0 (compatible; bingbot/2.0; +http://www.bing.com/bingbot.htm)" "cwlangley.com"
94.41.100.237 - - [11/Sep/2022:22:46:36 -0700] "GET /blog/index.php/been-a-busy-winter/ HTTP/1.1" 200 27024 "https://cwlangley.com/blog/been-a-busy-winter/" "Mozilla/5.0 (Windows NT 6.3; Win64; x64) AppleWebKit/537.36 (KHTML, like Gecko) Chrome/90.0.4430.85 Safari/537.36 Edg/90.0.818.49" "cwlangley.com"
10.213.116.54 - - [11/Sep/2022:22:46:40 -0700] "POST /blog/wp-cron.php?doing_wp_cron=1662961600.8970160484313964843750 HTTP/1.1" 200 - "https://cwlangley.com/blog/wp-cron.php?doing_wp_cron=1662961600.8970160484313964843750" "WordPress/4.7.24; https://cwlangley.com/blog" "cwlangley.com"
94.41.100.237 - - [11/Sep/2022:22:46:39 -0700] "POST /blog/wp-comments-post.php HTTP/1.1" 500 - "https://cwlangley.com/blog/been-a-busy-winter/" "Mozilla/5.0 (Windows NT 6.3; Win64; x64) AppleWebKit/537.36 (KHTML, like Gecko) Chrome/90.0.4430.85 Safari/537.36 Edg/90.0.818.49" "cwlangley.com"
216.244.66.236 - - [11/Sep/2022:23:00:01 -0700] "GET /robots.txt HTTP/1.1" 200 40 "-" "Mozilla/5.0 (compatible; DotBot/1.2; +https://opensiteexplorer.org/dotbot; help@moz.com)" "www.cwlangley.com"
216.244.66.236 - - [11/Sep/2022:23:00:01 -0700] "GET /robots.txt HTTP/1.1" 200 40 "-" "Mozilla/5.0 (compatible; DotBot/1.2; +https://opensiteexplorer.org/dotbot; help@moz.com)" "cwlangley.com"
10.213.116.55 - - [11/Sep/2022:23:04:19 -0700] "POST /blog/wp-cron.php?doing_wp_cron=1662962659.4501199722290039062500 HTTP/1.1" 200 - "https://cwlangley.com/blog/wp-cron.php?doing_wp_cron=1662962659.4501199722290039062500" "WordPress/4.7.24; http://cwlangley.com/blog" "cwlangley.com"
185.119.81.101 - - [11/Sep/2022:23:04:16 -0700] "GET /blog/wp-login.php HTTP/1.1" 200 2731 "-" "Mozilla/5.0 (Windows NT 6.3; Win64; x64) AppleWebKit/537.36 (KHTML, like Gecko) Chrome/70.0.3538.77 Safari/537.36" "cwlangley.com"
10.213.116.54 - - [11/Sep/2022:23:04:23 -0700] "POST /blog/wp-cron.php?doing_wp_cron=1662962663.4986429214477539062500 HTTP/1.1" 200 - "https://cwlangley.com/blog/wp-cron.php?doing_wp_cron=1662962663.4986429214477539062500" "WordPress/4.7.24; http://cwlangley.com/blog" "cwlangley.com"
185.119.81.101 - - [11/Sep/2022:23:04:21 -0700] "POST /blog/wp-login.php HTTP/1.1" 200 3698 "https://cwlangley.com/blog/wp-login.php" "Mozilla/5.0 (Windows NT 6.3; Win64; x64) AppleWebKit/537.36 (KHTML, like Gecko) Chrome/70.0.3538.77 Safari/537.36" "cwlangley.com"
37.139.53.83 - - [11/Sep/2022:23:09:33 -0700] "GET /blog/index.php/been-a-busy-winter/ HTTP/1.1" 200 27024 "https://cwlangley.com/blog/been-a-busy-winter/" "Mozilla/5.0 (Windows NT 6.1; ) AppleWebKit/537.36 (KHTML, like Gecko) Chrome/83.0.4103.61 Safari/537.36" "cwlangley.com"
10.213.116.53 - - [11/Sep/2022:23:09:38 -0700] "POST /blog/wp-cron.php?doing_wp_cron=1662962978.2840609550476074218750 HTTP/1.1" 200 - "https://cwlangley.com/blog/wp-cron.php?doing_wp_cron=1662962978.2840609550476074218750" "WordPress/4.7.24; https://cwlangley.com/blog" "cwlangley.com"
37.139.53.83 - - [11/Sep/2022:23:09:35 -0700] "POST /blog/wp-comments-post.php HTTP/1.1" 500 - "https://cwlangley.com/blog/been-a-busy-winter/" "Mozilla/5.0 (Windows NT 6.1; ) AppleWebKit/537.36 (KHTML, like Gecko) Chrome/83.0.4103.61 Safari/537.36" "cwlangley.com"
103.149.162.236 - - [11/Sep/2022:23:12:27 -0700] "GET /blog/index.php/been-a-busy-winter/ HTTP/1.1" 200 27024 "https://cwlangley.com/blog/been-a-busy-winter/" "Mozilla/5.0 (Windows NT 10.0) AppleWebKit/537.36 (KHTML, like Gecko) Chrome/90.0.4430.85 Safari/537.36" "cwlangley.com"
182.92.10.169 - - [11/Sep/2022:23:12:29 -0700] "GET /blog/index.php/been-a-busy-winter/ HTTP/1.1" 200 27024 "https://cwlangley.com/blog/been-a-busy-winter/" "Mozilla/5.0 (Windows NT 6.2; Win64; x64) AppleWebKit/537.36 (KHTML, like Gecko) Chrome/90.0.4430.72 Safari/537.36" "cwlangley.com"
10.213.116.53 - - [11/Sep/2022:23:12:31 -0700] "POST /blog/wp-cron.php?doing_wp_cron=1662963151.3676369190216064453125 HTTP/1.1" 200 - "https://cwlangley.com/blog/wp-cron.php?doing_wp_cron=1662963151.3676369190216064453125" "WordPress/4.7.24; https://cwlangley.com/blog" "cwlangley.com"
103.149.162.236 - - [11/Sep/2022:23:12:30 -0700] "POST /blog/wp-comments-post.php HTTP/1.1" 500 - "https://cwlangley.com/blog/been-a-busy-winter/" "Mozilla/5.0 (Windows NT 10.0) AppleWebKit/537.36 (KHTML, like Gecko) Chrome/90.0.4430.85 Safari/537.36" "cwlangley.com"
10.213.116.53 - - [11/Sep/2022:23:12:35 -0700] "POST /blog/wp-cron.php?doing_wp_cron=1662963155.7935080528259277343750 HTTP/1.1" 200 - "https://cwlangley.com/blog/wp-cron.php?doing_wp_cron=1662963155.7935080528259277343750" "WordPress/4.7.24; https://cwlangley.com/blog" "cwlangley.com"
182.92.10.169 - - [11/Sep/2022:23:12:34 -0700] "POST /blog/wp-comments-post.php HTTP/1.1" 500 - "https://cwlangley.com/blog/been-a-busy-winter/" "Mozilla/5.0 (Windows NT 6.2; Win64; x64) AppleWebKit/537.36 (KHTML, like Gecko) Chrome/90.0.4430.72 Safari/537.36" "cwlangley.com"
5.181.170.15 - - [11/Sep/2022:23:18:21 -0700] "GET /blog/index.php/enders-game-my-review/ HTTP/1.1" 200 27380 "https://cwlangley.com/blog/enders-game-my-review/" "Mozilla/5.0 (Windows NT 10.0; Win64; x64) AppleWebKit/537.36 (KHTML, like Gecko) Chrome/90.0.4430.72 Safari/537.36" "cwlangley.com"
10.213.116.55 - - [11/Sep/2022:23:18:26 -0700] "POST /blog/wp-cron.php?doing_wp_cron=1662963506.1802959442138671875000 HTTP/1.1" 200 - "https://cwlangley.com/blog/wp-cron.php?doing_wp_cron=1662963506.1802959442138671875000" "WordPress/4.7.24; https://cwlangley.com/blog" "cwlangley.com"
5.181.170.15 - - [11/Sep/2022:23:18:23 -0700] "POST /blog/wp-comments-post.php HTTP/1.1" 500 - "https://cwlangley.com/blog/enders-game-my-review/" "Mozilla/5.0 (Windows NT 10.0; Win64; x64) AppleWebKit/537.36 (KHTML, like Gecko) Chrome/90.0.4430.72 Safari/537.36" "cwlangley.com"
5.45.84.86 - - [11/Sep/2022:23:18:40 -0700] "GET /blog/index.php/enders-game-my-review/ HTTP/1.1" 200 27380 "-" "Mozilla/5.0 (Windows NT 10.0; Win64; x64) AppleWebKit/537.36 (KHTML, like Gecko) Chrome/78.0.3904.108 Safari/537.36" "cwlangley.com"
185.119.81.103 - - [11/Sep/2022:23:25:53 -0700] "GET /blog/wp-login.php HTTP/1.1" 200 2731 "-" "Mozilla/5.0 (Windows NT 10.0) AppleWebKit/537.36 (KHTML, like Gecko) Chrome/74.0.3729.169 Safari/537.36" "cwlangley.com"
10.213.116.55 - - [11/Sep/2022:23:25:54 -0700] "POST /blog/wp-cron.php?doing_wp_cron=1662963954.7784099578857421875000 HTTP/1.1" 200 - "https://cwlangley.com/blog/wp-cron.php?doing_wp_cron=1662963954.7784099578857421875000" "WordPress/4.7.24; http://cwlangley.com/blog" "cwlangley.com"
10.213.116.54 - - [11/Sep/2022:23:25:58 -0700] "POST /blog/wp-cron.php?doing_wp_cron=1662963958.3546540737152099609375 HTTP/1.1" 200 - "https://cwlangley.com/blog/wp-cron.php?doing_wp_cron=1662963958.3546540737152099609375" "WordPress/4.7.24; http://cwlangley.com/blog" "cwlangley.com"
185.119.81.103 - - [11/Sep/2022:23:25:56 -0700] "POST /blog/wp-login.php HTTP/1.1" 200 3698 "https://cwlangley.com/blog/wp-login.php" "Mozilla/5.0 (Windows NT 10.0) AppleWebKit/537.36 (KHTML, like Gecko) Chrome/74.0.3729.169 Safari/537.36" "cwlangley.com"
185.174.159.245 - - [11/Sep/2022:23:32:51 -0700] "GET / HTTP/1.1" 200 10776 "https://cwlangley.com/" "Mozilla/5.0 (Windows NT 6.3) AppleWebKit/537.36 (KHTML, like Gecko) Chrome/90.0.4430.72 Safari/537.36" "cwlangley.com"
185.174.159.245 - - [11/Sep/2022:23:32:51 -0700] "GET / HTTP/1.1" 200 10776 "https://cwlangley.com/" "Mozilla/5.0 (Windows NT 10.0; WOW64) AppleWebKit/537.36 (KHTML, like Gecko) Chrome/90.0.4400.8 Safari/537.36" "cwlangley.com"
185.174.159.245 - - [11/Sep/2022:23:32:53 -0700] "GET /blog/ HTTP/1.1" 200 52598 "https://cwlangley.com/blog/" "Mozilla/5.0 (Windows NT 6.3) AppleWebKit/537.36 (KHTML, like Gecko) Chrome/90.0.4430.72 Safari/537.36" "cwlangley.com"
185.174.159.245 - - [11/Sep/2022:23:32:53 -0700] "GET /blog/ HTTP/1.1" 200 52598 "https://cwlangley.com/blog/" "Mozilla/5.0 (Windows NT 10.0; WOW64) AppleWebKit/537.36 (KHTML, like Gecko) Chrome/90.0.4400.8 Safari/537.36" "cwlangley.com"
185.174.159.245 - - [11/Sep/2022:23:32:55 -0700] "GET /blog/index.php/been-a-busy-winter/ HTTP/1.1" 200 27024 "https://cwlangley.com/blog/been-a-busy-winter/" "Mozilla/5.0 (Windows NT 10.0; WOW64) AppleWebKit/537.36 (KHTML, like Gecko) Chrome/90.0.4400.8 Safari/537.36" "cwlangley.com"
185.174.159.245 - - [11/Sep/2022:23:32:55 -0700] "GET /blog/index.php/been-a-busy-winter/ HTTP/1.1" 200 27024 "https://cwlangley.com/blog/been-a-busy-winter/" "Mozilla/5.0 (Windows NT 6.3) AppleWebKit/537.36 (KHTML, like Gecko) Chrome/90.0.4430.72 Safari/537.36" "cwlangley.com"
185.174.159.245 - - [11/Sep/2022:23:32:57 -0700] "POST /blog/wp-comments-post.php HTTP/1.1" 500 - "https://cwlangley.com/blog/been-a-busy-winter/" "Mozilla/5.0 (Windows NT 6.3) AppleWebKit/537.36 (KHTML, like Gecko) Chrome/90.0.4430.72 Safari/537.36" "cwlangley.com"
185.174.159.245 - - [11/Sep/2022:23:32:57 -0700] "POST /blog/wp-comments-post.php HTTP/1.1" 500 - "https://cwlangley.com/blog/been-a-busy-winter/" "Mozilla/5.0 (Windows NT 10.0; WOW64) AppleWebKit/537.36 (KHTML, like Gecko) Chrome/90.0.4400.8 Safari/537.36" "cwlangley.com"
10.213.116.55 - - [11/Sep/2022:23:32:58 -0700] "POST /blog/wp-cron.php?doing_wp_cron=1662964378.3281459808349609375000 HTTP/1.1" 200 - "https://cwlangley.com/blog/wp-cron.php?doing_wp_cron=1662964378.3281459808349609375000" "WordPress/4.7.24; https://cwlangley.com/blog" "cwlangley.com"
114.119.150.208 - - [11/Sep/2022:23:34:42 -0700] "GET /blog/index.php/tammy-with-melissa-mccarthy-my-review HTTP/1.1" 200 28274 "https://cwlangley.com/blog/tammy-with-melissa-mccarthy-my-review" "Mozilla/5.0 (Linux; Android 7.0;) AppleWebKit/537.36 (KHTML, like Gecko) Mobile Safari/537.36 (compatible; PetalBot;+https://webmaster.petalsearch.com/site/petalbot)" "cwlangley.com"
185.119.81.107 - - [11/Sep/2022:23:36:06 -0700] "GET /blog/wp-login.php HTTP/1.1" 200 2731 "-" "Mozilla/5.0 (Windows NT 10.0; WOW64) AppleWebKit/537.36 (KHTML, like Gecko) Chrome/52.0.2743.116 Safari/537.36" "cwlangley.com"
10.213.116.54 - - [11/Sep/2022:23:36:07 -0700] "POST /blog/wp-cron.php?doing_wp_cron=1662964567.7897639274597167968750 HTTP/1.1" 200 - "https://cwlangley.com/blog/wp-cron.php?doing_wp_cron=1662964567.7897639274597167968750" "WordPress/4.7.24; http://cwlangley.com/blog" "cwlangley.com"
10.213.116.54 - - [11/Sep/2022:23:36:10 -0700] "POST /blog/wp-cron.php?doing_wp_cron=1662964570.7508618831634521484375 HTTP/1.1" 200 - "https://cwlangley.com/blog/wp-cron.php?doing_wp_cron=1662964570.7508618831634521484375" "WordPress/4.7.24; http://cwlangley.com/blog" "cwlangley.com"
185.119.81.107 - - [11/Sep/2022:23:36:09 -0700] "POST /blog/wp-login.php HTTP/1.1" 200 3698 "https://cwlangley.com/blog/wp-login.php" "Mozilla/5.0 (Windows NT 10.0; WOW64) AppleWebKit/537.36 (KHTML, like Gecko) Chrome/52.0.2743.116 Safari/537.36" "cwlangley.com"
135.181.131.219 - - [11/Sep/2022:23:38:48 -0700] "GET / HTTP/1.1" 200 10776 "https://cwlangley.com/" "Mozilla/5.0 (Windows NT 6.1; WOW64) AppleWebKit/537.36 (KHTML, like Gecko) Chrome/90.0.4430.85 Safari/537.36" "cwlangley.com"
135.181.131.219 - - [11/Sep/2022:23:38:50 -0700] "GET /blog/ HTTP/1.1" 200 52598 "https://cwlangley.com/blog/" "Mozilla/5.0 (Windows NT 6.1; WOW64) AppleWebKit/537.36 (KHTML, like Gecko) Chrome/90.0.4430.85 Safari/537.36" "cwlangley.com"
135.181.131.219 - - [11/Sep/2022:23:38:51 -0700] "GET /blog/index.php/been-a-busy-winter/ HTTP/1.1" 200 27024 "https://cwlangley.com/blog/been-a-busy-winter/" "Mozilla/5.0 (Windows NT 6.1; WOW64) AppleWebKit/537.36 (KHTML, like Gecko) Chrome/90.0.4430.85 Safari/537.36" "cwlangley.com"
10.213.116.53 - - [11/Sep/2022:23:38:55 -0700] "POST /blog/wp-cron.php?doing_wp_cron=1662964735.3439049720764160156250 HTTP/1.1" 200 - "https://cwlangley.com/blog/wp-cron.php?doing_wp_cron=1662964735.3439049720764160156250" "WordPress/4.7.24; https://cwlangley.com/blog" "cwlangley.com"
135.181.131.219 - - [11/Sep/2022:23:38:53 -0700] "POST /blog/wp-comments-post.php HTTP/1.1" 500 - "https://cwlangley.com/blog/been-a-busy-winter/" "Mozilla/5.0 (Windows NT 6.1; WOW64) AppleWebKit/537.36 (KHTML, like Gecko) Chrome/90.0.4430.85 Safari/537.36" "cwlangley.com"
135.181.131.219 - - [11/Sep/2022:23:38:57 -0700] "GET /blog/index.php/been-a-busy-winter/ HTTP/1.1" 200 27024 "https://cwlangley.com/blog/been-a-busy-winter/" "Mozilla/5.0 (Windows NT 6.1; WOW64) AppleWebKit/537.36 (KHTML, like Gecko) Chrome/90.0.4430.85 Safari/537.36" "cwlangley.com"
135.181.131.219 - - [11/Sep/2022:23:38:58 -0700] "GET /blog/index.php/been-a-busy-winter/ HTTP/1.1" 200 27024 "https://cwlangley.com/blog/been-a-busy-winter/" "Mozilla/5.0 (Windows NT 6.1; WOW64) AppleWebKit/537.36 (KHTML, like Gecko) Chrome/90.0.4430.85 Safari/537.36" "cwlangley.com"
10.213.116.54 - - [11/Sep/2022:23:39:00 -0700] "POST /blog/wp-cron.php?doing_wp_cron=1662964740.8665089607238769531250 HTTP/1.1" 200 - "https://cwlangley.com/blog/wp-cron.php?doing_wp_cron=1662964740.8665089607238769531250" "WordPress/4.7.24; https://cwlangley.com/blog" "cwlangley.com"
135.181.131.219 - - [11/Sep/2022:23:38:59 -0700] "GET /blog/index.php/the-intern-with-robert-deniro-my-review/ HTTP/1.1" 200 28413 "https://cwlangley.com/blog/the-intern-with-robert-deniro-my-review/" "Mozilla/5.0 (Windows NT 6.1; WOW64) AppleWebKit/537.36 (KHTML, like Gecko) Chrome/90.0.4430.85 Safari/537.36" "cwlangley.com"
10.213.116.54 - - [11/Sep/2022:23:39:04 -0700] "POST /blog/wp-cron.php?doing_wp_cron=1662964744.2636320590972900390625 HTTP/1.1" 200 - "https://cwlangley.com/blog/wp-cron.php?doing_wp_cron=1662964744.2636320590972900390625" "WordPress/4.7.24; https://cwlangley.com/blog" "cwlangley.com"
135.181.131.219 - - [11/Sep/2022:23:39:03 -0700] "GET /blog/index.php/author/administrator/ HTTP/1.1" 200 53780 "https://cwlangley.com/blog/author/administrator/" "Mozilla/5.0 (Windows NT 6.1; WOW64) AppleWebKit/537.36 (KHTML, like Gecko) Chrome/90.0.4430.85 Safari/537.36" "cwlangley.com"
185.68.246.95 - - [11/Sep/2022:23:39:32 -0700] "GET /blog/index.php/enders-game-my-review/ HTTP/1.1" 200 27380 "https://cwlangley.com/blog/enders-game-my-review/" "Mozilla/5.0 (Windows NT 6.1; Win64; x64) AppleWebKit/537.36 (KHTML, like Gecko) Chrome/90.0.4430.72 Safari/537.36" "cwlangley.com"
10.213.116.53 - - [11/Sep/2022:23:39:34 -0700] "POST /blog/wp-cron.php?doing_wp_cron=1662964774.7693080902099609375000 HTTP/1.1" 200 - "https://cwlangley.com/blog/wp-cron.php?doing_wp_cron=1662964774.7693080902099609375000" "WordPress/4.7.24; https://cwlangley.com/blog" "cwlangley.com"
185.68.246.95 - - [11/Sep/2022:23:39:33 -0700] "POST /blog/wp-comments-post.php HTTP/1.1" 500 - "https://cwlangley.com/blog/enders-game-my-review/" "Mozilla/5.0 (Windows NT 6.1; Win64; x64) AppleWebKit/537.36 (KHTML, like Gecko) Chrome/90.0.4430.72 Safari/537.36" "cwlangley.com"
5.45.84.86 - - [11/Sep/2022:23:39:54 -0700] "GET /blog/index.php/enders-game-my-review/ HTTP/1.1" 200 27380 "-" "Mozilla/5.0 (Windows NT 10.0; Win64; x64) AppleWebKit/537.36 (KHTML, like Gecko) Chrome/78.0.3904.108 Safari/537.36" "cwlangley.com"
10.213.116.54 - - [12/Sep/2022:00:05:38 -0700] "POST /blog/wp-cron.php?doing_wp_cron=1662966338.0667619705200195312500 HTTP/1.1" 200 - "https://cwlangley.com/blog/wp-cron.php?doing_wp_cron=1662966338.0667619705200195312500" "WordPress/4.7.24; https://cwlangley.com/blog" "cwlangley.com"
45.78.8.110 - - [12/Sep/2022:00:09:52 -0700] "GET /blog/index.php/been-a-busy-winter/ HTTP/1.1" 200 27024 "https://cwlangley.com/blog/been-a-busy-winter/" "Mozilla/5.0 (Windows NT 6.3; Win64; x64) AppleWebKit/537.36 (KHTML, like Gecko) Chrome/90.0.4430.72 Safari/537.36 Edg/90.0.818.42" "cwlangley.com"
10.213.116.54 - - [12/Sep/2022:00:09:58 -0700] "POST /blog/wp-cron.php?doing_wp_cron=1662966598.3995649814605712890625 HTTP/1.1" 200 - "https://cwlangley.com/blog/wp-cron.php?doing_wp_cron=1662966598.3995649814605712890625" "WordPress/4.7.24; https://cwlangley.com/blog" "cwlangley.com"
45.78.8.110 - - [12/Sep/2022:00:09:56 -0700] "POST /blog/wp-comments-post.php HTTP/1.1" 500 - "https://cwlangley.com/blog/been-a-busy-winter/" "Mozilla/5.0 (Windows NT 6.3; Win64; x64) AppleWebKit/537.36 (KHTML, like Gecko) Chrome/90.0.4430.72 Safari/537.36 Edg/90.0.818.42" "cwlangley.com"
129.227.138.10 - - [12/Sep/2022:00:15:15 -0700] "GET /blog/index.php/been-a-busy-winter/ HTTP/1.1" 200 27024 "https://cwlangley.com/blog/been-a-busy-winter/" "Mozilla/5.0 (Windows NT 6.3; Win64; x64) AppleWebKit/537.36 (KHTML, like Gecko) Chrome/90.0.4430.72 Safari/537.36" "cwlangley.com"
10.213.116.54 - - [12/Sep/2022:00:15:20 -0700] "POST /blog/wp-cron.php?doing_wp_cron=1662966920.1059010028839111328125 HTTP/1.1" 200 - "https://cwlangley.com/blog/wp-cron.php?doing_wp_cron=1662966920.1059010028839111328125" "WordPress/4.7.24; https://cwlangley.com/blog" "cwlangley.com"
129.227.138.10 - - [12/Sep/2022:00:15:18 -0700] "POST /blog/wp-comments-post.php HTTP/1.1" 500 - "https://cwlangley.com/blog/been-a-busy-winter/" "Mozilla/5.0 (Windows NT 6.3; Win64; x64) AppleWebKit/537.36 (KHTML, like Gecko) Chrome/90.0.4430.72 Safari/537.36" "cwlangley.com"
54.39.18.217 - - [12/Sep/2022:01:09:38 -0700] "GET /blog/index.php/enders-game-my-review/ HTTP/1.1" 200 27380 "https://cwlangley.com/blog/enders-game-my-review/" "Mozilla/5.0 (Windows NT 6.1) AppleWebKit/537.36 (KHTML, like Gecko) Chrome/90.0.4430.85 Safari/537.36" "cwlangley.com"
54.39.18.217 - - [12/Sep/2022:01:09:40 -0700] "POST /blog/wp-comments-post.php HTTP/1.1" 500 - "https://cwlangley.com/blog/enders-game-my-review/" "Mozilla/5.0 (Windows NT 6.1) AppleWebKit/537.36 (KHTML, like Gecko) Chrome/90.0.4430.85 Safari/537.36" "cwlangley.com"
10.213.116.55 - - [12/Sep/2022:01:09:43 -0700] "POST /blog/wp-cron.php?doing_wp_cron=1662970182.9989080429077148437500 HTTP/1.1" 200 - "https://cwlangley.com/blog/wp-cron.php?doing_wp_cron=1662970182.9989080429077148437500" "WordPress/4.7.24; https://cwlangley.com/blog" "cwlangley.com"
54.39.18.217 - - [12/Sep/2022:01:12:39 -0700] "GET /blog/index.php/enders-game-my-review/ HTTP/1.1" 200 27380 "-" "Mozilla/5.0 (Windows NT 10.0; Win64; x64) AppleWebKit/537.36 (KHTML, like Gecko) Chrome/78.0.3904.108 Safari/537.36" "cwlangley.com"
123.125.109.84 - - [12/Sep/2022:01:14:11 -0700] "GET / HTTP/1.1" 200 1737 "-" "Sogou web spider/4.0(+http://www.sogou.com/docs/help/webmasters.htm#07)" "www.cwlangley.com"
37.139.53.83 - - [12/Sep/2022:01:21:00 -0700] "GET /blog/index.php/been-a-busy-winter/ HTTP/1.1" 200 27024 "https://cwlangley.com/blog/been-a-busy-winter/" "Mozilla/5.0 (Windows NT 6.3; Win64; x64) AppleWebKit/537.36 (KHTML, like Gecko) Chrome/83.0.4103.44 Safari/537.36" "cwlangley.com"
37.139.53.83 - - [12/Sep/2022:01:21:02 -0700] "POST /blog/wp-comments-post.php HTTP/1.1" 500 - "https://cwlangley.com/blog/been-a-busy-winter/" "Mozilla/5.0 (Windows NT 6.3; Win64; x64) AppleWebKit/537.36 (KHTML, like Gecko) Chrome/83.0.4103.44 Safari/537.36" "cwlangley.com"
10.213.116.55 - - [12/Sep/2022:01:21:03 -0700] "POST /blog/wp-cron.php?doing_wp_cron=1662970863.5983800888061523437500 HTTP/1.1" 200 - "https://cwlangley.com/blog/wp-cron.php?doing_wp_cron=1662970863.5983800888061523437500" "WordPress/4.7.24; https://cwlangley.com/blog" "cwlangley.com"
185.220.101.71 - - [12/Sep/2022:01:25:10 -0700] "GET / HTTP/1.1" 200 10776 "https://cwlangley.com/" "Mozilla/5.0 (Windows NT 10.0; Win64; x64) AppleWebKit/537.36 (KHTML, like Gecko) Chrome/90.0.4430.72 Safari/537.36" "cwlangley.com"
185.129.61.8 - - [12/Sep/2022:01:25:14 -0700] "GET /blog/ HTTP/1.1" 200 52598 "https://cwlangley.com/blog/" "Mozilla/5.0 (Windows NT 10.0; Win64; x64) AppleWebKit/537.36 (KHTML, like Gecko) Chrome/90.0.4430.72 Safari/537.36" "cwlangley.com"
185.56.83.83 - - [12/Sep/2022:01:25:18 -0700] "GET /blog/index.php/been-a-busy-winter/ HTTP/1.1" 200 27024 "https://cwlangley.com/blog/been-a-busy-winter/" "Mozilla/5.0 (Windows NT 10.0; Win64; x64) AppleWebKit/537.36 (KHTML, like Gecko) Chrome/90.0.4430.72 Safari/537.36" "cwlangley.com"
10.213.116.54 - - [12/Sep/2022:01:25:23 -0700] "POST /blog/wp-cron.php?doing_wp_cron=1662971123.1071169376373291015625 HTTP/1.1" 200 - "https://cwlangley.com/blog/wp-cron.php?doing_wp_cron=1662971123.1071169376373291015625" "WordPress/4.7.24; https://cwlangley.com/blog" "cwlangley.com"
185.56.83.83 - - [12/Sep/2022:01:25:21 -0700] "POST /blog/wp-comments-post.php HTTP/1.1" 500 - "https://cwlangley.com/blog/been-a-busy-winter/" "Mozilla/5.0 (Windows NT 10.0; Win64; x64) AppleWebKit/537.36 (KHTML, like Gecko) Chrome/90.0.4430.72 Safari/537.36" "cwlangley.com"
